{"id":1006,"date":"2023-06-20T11:43:54","date_gmt":"2023-06-20T11:43:54","guid":{"rendered":"https:\/\/www.appyweb.es\/diccionario\/?page_id=1006"},"modified":"2024-03-21T12:09:47","modified_gmt":"2024-03-21T12:09:47","slug":"customer-journey","status":"publish","type":"page","link":"https:\/\/www.appyweb.es\/diccionario\/customer-journey\/","title":{"rendered":"Customer Journey"},"content":{"rendered":"<h1 class=\"entry-title main_title\"><img loading=\"lazy\" decoding=\"async\" class=\"alignnone wp-image-11992\" src=\"https:\/\/www.appyweb.es\/diccionario\/wp-content\/uploads\/2024\/03\/CustomerJourney-300x180.jpg\" alt=\"Customer Journey\" width=\"1128\" height=\"677\" srcset=\"https:\/\/www.appyweb.es\/diccionario\/wp-content\/uploads\/2024\/03\/CustomerJourney-300x180.jpg 300w, https:\/\/www.appyweb.es\/diccionario\/wp-content\/uploads\/2024\/03\/CustomerJourney-768x461.jpg 768w, https:\/\/www.appyweb.es\/diccionario\/wp-content\/uploads\/2024\/03\/CustomerJourney.jpg 1000w\" sizes=\"auto, (max-width: 1128px) 100vw, 1128px\" \/><\/h1>\n<div class=\"entry-content\">\n<p>En marketing,\u00a0<strong>el customer journey corresponde al viaje del cliente<\/strong>, son todas las etapas previas por las que atraviesa un posible consumidor para hacer una compra. Las empresas suelen dise\u00f1ar todo un esquema para hacer que esta experiencia sea m\u00e1s corta, efectiva y ajustada a los objetivos de cada campa\u00f1a.<\/p>\n<h2><span id=\"%F0%9F%93%8C_%C2%BFQue_es\" class=\"ez-toc-section\"><\/span>\u00bfQu\u00e9 es?<\/h2>\n<p>Se considera un proceso que est\u00e1 compuesto por etapas previas a la compra, \u00e9stas empiezan desde el momento en que el usuario entiende que necesita cubrir una necesidad. Este fen\u00f3meno suele ser aplicado en todo tipo de procesos de venta, pero es m\u00e1s com\u00fan planificarlo para escenarios digitales, por ejemplo, en el\u00a0<a href=\"https:\/\/www.appyweb.es\/diseno-tienda-online\/\">dise\u00f1o de una tienda online<\/a>\u00a0para mejorar la navegaci\u00f3n del cliente.<\/p>\n<p>Este proceso involucra muchas estrategias de marketing digital y forma parte de la metodolog\u00eda del inbound marketing, donde se establecen las fases de un embudo para\u00a0<strong>determinar cu\u00e1ndo los usuarios se convierten en clientes<\/strong>. Para hacer esto se establece un mapa del viaje del cliente, donde se definen las etapas espec\u00edficas para cada tipo de negocio o sitio web.<\/p>\n<h2><span id=\"%F0%9F%93%8C_%C2%BFPara_que_sirve_el_Customer_Journey\" class=\"ez-toc-section\"><\/span>\u00bfPara qu\u00e9 sirve el Customer Journey?<\/h2>\n<p>Es una excelente estrategia de marketing, ya que permite definir y trazar todo el proceso de compra de un servicio o un producto. Igualmente,\u00a0<strong>es ideal para identificar las necesidades del consumidor<\/strong>, entender cu\u00e1les son sus demandas con exactitud y qu\u00e9 informaci\u00f3n requiere para seguir avanzando.<\/p>\n<p>Asimismo, es una estrategia que centra todo el modelo de negocio alrededor del cliente, lo que tambi\u00e9n incrementa el nivel de engagement o compromiso de los consumidores. Igualmente, es un recurso perfecto para entender c\u00f3mo mejorar su\u00a0<a href=\"https:\/\/www.appyweb.es\/embudo-ventas-e-commerce\/\">experiencia en el embudo de ventas<\/a>\u00a0y obtener datos sobre nuevas tendencias de los usuarios.<\/p>\n<h2><span id=\"%F0%9F%93%8C_Importancia_del_Customer_Journey\" class=\"ez-toc-section\"><\/span>Importancia del Customer Journey<\/h2>\n<p>En primer lugar, su importancia radica en que la empresa tiene la oportunidad de\u00a0<strong>comprender cu\u00e1les son las verdaderas necesidades y expectativas de los clientes<\/strong>, por lo que se pueden idear estrategias ajustadas a ellas. Lo mejor es que se puede aprovechar esa informaci\u00f3n no solo para garantizar ventas, sino tambi\u00e9n para aumentar el nivel de fidelizaci\u00f3n, as\u00ed como para atraer m\u00e1s tr\u00e1fico.<\/p>\n<p>Igualmente,\u00a0<strong>se puede utilizar el customer journey para crear estrategias m\u00e1s efectivas<\/strong>, en su mayor\u00eda tienen que ver con el marketing de contenidos, ya que es una t\u00e9cnica de atracci\u00f3n y conversi\u00f3n poco invasiva. De esta forma, se evitar\u00e1 invertir en contenidos que sean de poco inter\u00e9s para los usuarios y m\u00e1s dirigidos a completar la compra.<\/p>\n<p>Igualmente, se establece un dise\u00f1o web m\u00e1s intuitivo e ideal para los usuarios, en esta optimizaci\u00f3n se pueden reducir la cantidad de clics del viaje, as\u00ed como varias herramientas autom\u00e1ticas para mejorar la experiencia del cliente, como los chatbots o los emails personalizados.<\/p>\n<p>&nbsp;<\/p>\n<h2><span id=\"%F0%9F%93%8C_Mas_informacion_del_Customer_Journey\" class=\"ez-toc-section\"><\/span>M\u00e1s informaci\u00f3n del Customer Journey<\/h2>\n<ul>\n<li><a href=\"https:\/\/www.appyweb.es\/crear-chatbot-whatsapp-mejorar-servicio-cliente\/\">\u00bfC\u00f3mo crear un chatbot en WhatsApp para mejorar tu servicio al cliente?<\/a><\/li>\n<li><a href=\"https:\/\/dircomfidencial.com\/diccionario\/customer-journey-map-que-es-y-como-puedo-crear-uno-20200914-1024\/\" rel=\"nofollow noopener\" target=\"_blank\">Customer Journey Map, \u00bfqu\u00e9 es y c\u00f3mo puedo crear uno?<\/a><\/li>\n<\/ul>\n<\/div>\n<p>&nbsp;<\/p>\n","protected":false},"excerpt":{"rendered":"<p>En marketing,\u00a0el customer journey corresponde al viaje del cliente, son todas las etapas previas por las que atraviesa un posible consumidor para hacer una compra. Las empresas suelen dise\u00f1ar todo un esquema para hacer que esta experiencia sea m\u00e1s corta, efectiva y ajustada a los objetivos de cada campa\u00f1a. \u00bfQu\u00e9 es? Se considera un proceso [&hellip;]<\/p>\n","protected":false},"author":1,"featured_media":11992,"parent":0,"menu_order":0,"comment_status":"closed","ping_status":"closed","template":"","meta":{"inline_featured_image":false,"footnotes":""},"class_list":["post-1006","page","type-page","status-publish","has-post-thumbnail","hentry"],"_links":{"self":[{"href":"https:\/\/www.appyweb.es\/diccionario\/wp-json\/wp\/v2\/pages\/1006","targetHints":{"allow":["GET"]}}],"collection":[{"href":"https:\/\/www.appyweb.es\/diccionario\/wp-json\/wp\/v2\/pages"}],"about":[{"href":"https:\/\/www.appyweb.es\/diccionario\/wp-json\/wp\/v2\/types\/page"}],"author":[{"embeddable":true,"href":"https:\/\/www.appyweb.es\/diccionario\/wp-json\/wp\/v2\/users\/1"}],"replies":[{"embeddable":true,"href":"https:\/\/www.appyweb.es\/diccionario\/wp-json\/wp\/v2\/comments?post=1006"}],"version-history":[{"count":5,"href":"https:\/\/www.appyweb.es\/diccionario\/wp-json\/wp\/v2\/pages\/1006\/revisions"}],"predecessor-version":[{"id":11994,"href":"https:\/\/www.appyweb.es\/diccionario\/wp-json\/wp\/v2\/pages\/1006\/revisions\/11994"}],"wp:featuredmedia":[{"embeddable":true,"href":"https:\/\/www.appyweb.es\/diccionario\/wp-json\/wp\/v2\/media\/11992"}],"wp:attachment":[{"href":"https:\/\/www.appyweb.es\/diccionario\/wp-json\/wp\/v2\/media?parent=1006"}],"curies":[{"name":"wp","href":"https:\/\/api.w.org\/{rel}","templated":true}]}}