{"id":1009,"date":"2023-06-20T11:45:59","date_gmt":"2023-06-20T11:45:59","guid":{"rendered":"https:\/\/www.appyweb.es\/diccionario\/?page_id=1009"},"modified":"2024-03-21T12:16:24","modified_gmt":"2024-03-21T12:16:24","slug":"dance-marketing","status":"publish","type":"page","link":"https:\/\/www.appyweb.es\/diccionario\/dance-marketing\/","title":{"rendered":"Dance Marketing"},"content":{"rendered":"<h1 class=\"entry-title main_title\"><img loading=\"lazy\" decoding=\"async\" class=\"alignnone wp-image-11998\" src=\"https:\/\/www.appyweb.es\/diccionario\/wp-content\/uploads\/2024\/03\/DanceMarketing-300x180.jpg\" alt=\"Dance Marketing\" width=\"1125\" height=\"675\" srcset=\"https:\/\/www.appyweb.es\/diccionario\/wp-content\/uploads\/2024\/03\/DanceMarketing-300x180.jpg 300w, https:\/\/www.appyweb.es\/diccionario\/wp-content\/uploads\/2024\/03\/DanceMarketing-768x461.jpg 768w, https:\/\/www.appyweb.es\/diccionario\/wp-content\/uploads\/2024\/03\/DanceMarketing.jpg 1000w\" sizes=\"auto, (max-width: 1125px) 100vw, 1125px\" \/><\/h1>\n<div class=\"entry-content\">\n<p>Muchas empresas han adoptado\u00a0estrategias de marketing novedosas e impactantes a lo largo de los a\u00f1os, principalmente para lograr\u00a0<strong>atraer a clientes potenciales a trav\u00e9s de elementos divertidos y entretenidos<\/strong>, como el dance marketing. Aunque es una estrategia muy casual, igualmente cuenta con muchas t\u00e9cnicas que no se pueden pasar por alto.<\/p>\n<h2><span id=\"%F0%9F%93%8C_%C2%BFQue_es\" class=\"ez-toc-section\"><\/span>\u00bfQu\u00e9 es?<\/h2>\n<p>Es una t\u00e9cnica para sorprender a un grupo de personas en un lugar amplio y p\u00fablico, con la idea de llevar a cabo un espect\u00e1culo de baile y m\u00fasica. Incita a la participaci\u00f3n de los usuarios incluy\u00e9ndolos en la sesi\u00f3n de baile,\u00a0<strong>al mismo tiempo que busca generar viralidad<\/strong>, ya que es grabado por dispositivos y enviado a las diferentes redes sociales.<\/p>\n<p>Uno de sus principales objetivos es buscar generar una reacci\u00f3n viral\u00a0<a href=\"https:\/\/www.appyweb.es\/posicionamiento-web\/\">para mejorar el posicionamiento web de una marca<\/a>\u00a0en redes sociales y en buscadores. Al mismo tiempo,\u00a0<strong>se busca implementar t\u00e9cnicas de neuromarketing<\/strong>, de forma que los consumidores asocien a la marca con una situaci\u00f3n divertida y que puedan recordar f\u00e1cilmente.<\/p>\n<h2><span id=\"%F0%9F%93%8C_%C2%BFPara_que_sirve\" class=\"ez-toc-section\"><\/span>\u00bfPara qu\u00e9 sirve?<\/h2>\n<p>En los \u00faltimos a\u00f1os, esta estrategia ha permitido a miles de empresas promocionar sus productos y servicios, gracias al potencial de\u00a0<a href=\"https:\/\/www.appyweb.es\/campanas-facebook-ads\/\">difusi\u00f3n del mensaje a trav\u00e9s de las redes sociales<\/a>\u00a0se fomenta un escenario viral, que no solo da a conocer a la marca de forma r\u00e1pida y global, sino tambi\u00e9n que permite acelerar el nivel de ventas, todo esto a partir de la m\u00fasica y el baile. Los clientes se divierten, conocen el producto o servicio y comparten su opini\u00f3n en las redes sociales.<\/p>\n<p>Es muy efectivo cuando se realiza en un espacio con gran cantidad de gente, de forma que\u00a0<strong>el mensaje publicitario pueda ser esparcido con mayor rapidez<\/strong>, en formato boca a boca o a trav\u00e9s de medios sociales. Igualmente, uno de sus objetivos es dejar una imagen agradable de la empresa en la mente del consumidor, por lo que puede llegar a generar un mayor impacto que cualquier otra campa\u00f1a publicitaria convencional.<\/p>\n<h2><span id=\"%F0%9F%93%8C_%C2%BFEn_que_consiste_el_Dance_Marketing\" class=\"ez-toc-section\"><\/span>\u00bfEn qu\u00e9 consiste el Dance Marketing?<\/h2>\n<p>Primero que nada, se debe hacer un estudio de la audiencia y del mercado, empezando por establecer los lugares donde se concentran las mejores condiciones en ambos casos. Por ejemplo, un centro comercial, un instituto universitario, una biblioteca, entre otros. Una vez establecido el lugar,\u00a0<strong>se procede con la elecci\u00f3n de la m\u00fasica y el tipo de baile<\/strong>, tambi\u00e9n deben tenerse en cuenta los datos de la audiencia y sus intereses en escenarios art\u00edsticos.<\/p>\n<p>Luego, se realizan los ensayos para la campa\u00f1a, donde participa un grupo de personas, generalmente j\u00f3venes.\u00a0<strong>Realizan una coreograf\u00eda musical animada y de corta duraci\u00f3n<\/strong>. Tambi\u00e9n se recurre al contacto con el cliente, haci\u00e9ndolo part\u00edcipe del evento para que experimente un momento agradable.<\/p>\n<p>El factor sorpresa es un elemento importante en la ejecuci\u00f3n de esta estrategia, ya que permite que incentive la aparici\u00f3n de emociones fuertes como la expectativa, la alegr\u00eda y la euforia. Esto permite que el consumidor recuerde a la marca m\u00e1s f\u00e1cilmente en el futuro.<\/p>\n<h2><span id=\"%F0%9F%93%8C_Ejemplo_de_Dance_Marketing\" class=\"ez-toc-section\"><\/span>Ejemplo de Dance Marketing<\/h2>\n<p>Este tipo de estrategia tambi\u00e9n suele compararse con el\u00a0<em>street marketing<\/em>\u00a0o publicidad de calle, ya que cuenta con una clasificaci\u00f3n que denominan como Flash Mobs publicitarios. Sin embargo, suelen tener algunas diferencias, la principal es que en los flash mobs los clientes no suelen participar de la experiencia.<\/p>\n<p>Una de las\u00a0<strong>presentaciones de dance marketing m\u00e1s viralizadas<\/strong>\u00a0es la de los empleados de del hipermercado Alcampo en Asturias, en este caso, todas las condiciones estaban presentes, los consumidores habituales de la marca y el lugar ideal dentro del mismo local. Esta estrategia dio la apertura de los descuentos de verano en el mercado, incluso se volvi\u00f3 un reto viral entre otras sucursales de la misma marca de toda la regi\u00f3n.<\/p>\n<p>&nbsp;<\/p>\n<h2><span id=\"%F0%9F%93%8C_Mas_informacion_sobre_Dance_Marketing\" class=\"ez-toc-section\"><\/span>M\u00e1s informaci\u00f3n sobre Dance Marketing<\/h2>\n<ul>\n<li><a href=\"https:\/\/www.appyweb.es\/consejos-aumentaran-ventas-tienda-online\/\">16 consejos que aumentar\u00e1n las ventas de tu tienda online<\/a>.<\/li>\n<li><a href=\"https:\/\/www.infobae.com\/2013\/08\/21\/1503354-flashmob-las-campanas-virales-mas-exitosas\/\" rel=\"nofollow noopener\" target=\"_blank\">Flashmob: las campa\u00f1as virales m\u00e1s exitosas<\/a>.<\/li>\n<\/ul>\n<\/div>\n<p>&nbsp;<\/p>\n","protected":false},"excerpt":{"rendered":"<p>Muchas empresas han adoptado\u00a0estrategias de marketing novedosas e impactantes a lo largo de los a\u00f1os, principalmente para lograr\u00a0atraer a clientes potenciales a trav\u00e9s de elementos divertidos y entretenidos, como el dance marketing. Aunque es una estrategia muy casual, igualmente cuenta con muchas t\u00e9cnicas que no se pueden pasar por alto. \u00bfQu\u00e9 es? Es una t\u00e9cnica [&hellip;]<\/p>\n","protected":false},"author":1,"featured_media":11998,"parent":0,"menu_order":0,"comment_status":"closed","ping_status":"closed","template":"","meta":{"inline_featured_image":false,"footnotes":""},"class_list":["post-1009","page","type-page","status-publish","has-post-thumbnail","hentry"],"_links":{"self":[{"href":"https:\/\/www.appyweb.es\/diccionario\/wp-json\/wp\/v2\/pages\/1009","targetHints":{"allow":["GET"]}}],"collection":[{"href":"https:\/\/www.appyweb.es\/diccionario\/wp-json\/wp\/v2\/pages"}],"about":[{"href":"https:\/\/www.appyweb.es\/diccionario\/wp-json\/wp\/v2\/types\/page"}],"author":[{"embeddable":true,"href":"https:\/\/www.appyweb.es\/diccionario\/wp-json\/wp\/v2\/users\/1"}],"replies":[{"embeddable":true,"href":"https:\/\/www.appyweb.es\/diccionario\/wp-json\/wp\/v2\/comments?post=1009"}],"version-history":[{"count":5,"href":"https:\/\/www.appyweb.es\/diccionario\/wp-json\/wp\/v2\/pages\/1009\/revisions"}],"predecessor-version":[{"id":12000,"href":"https:\/\/www.appyweb.es\/diccionario\/wp-json\/wp\/v2\/pages\/1009\/revisions\/12000"}],"wp:featuredmedia":[{"embeddable":true,"href":"https:\/\/www.appyweb.es\/diccionario\/wp-json\/wp\/v2\/media\/11998"}],"wp:attachment":[{"href":"https:\/\/www.appyweb.es\/diccionario\/wp-json\/wp\/v2\/media?parent=1009"}],"curies":[{"name":"wp","href":"https:\/\/api.w.org\/{rel}","templated":true}]}}