{"id":1093,"date":"2023-06-20T13:16:37","date_gmt":"2023-06-20T13:16:37","guid":{"rendered":"https:\/\/www.appyweb.es\/diccionario\/?page_id=1093"},"modified":"2024-03-21T15:35:16","modified_gmt":"2024-03-21T15:35:16","slug":"disavow","status":"publish","type":"page","link":"https:\/\/www.appyweb.es\/diccionario\/disavow\/","title":{"rendered":"Disavow"},"content":{"rendered":"<h1 class=\"entry-title main_title\"><img loading=\"lazy\" decoding=\"async\" class=\"alignnone  wp-image-12119\" src=\"https:\/\/www.appyweb.es\/diccionario\/wp-content\/uploads\/2024\/03\/Disavow-300x180.jpg\" alt=\"Disavow\" width=\"962\" height=\"577\" srcset=\"https:\/\/www.appyweb.es\/diccionario\/wp-content\/uploads\/2024\/03\/Disavow-300x180.jpg 300w, https:\/\/www.appyweb.es\/diccionario\/wp-content\/uploads\/2024\/03\/Disavow-768x461.jpg 768w, https:\/\/www.appyweb.es\/diccionario\/wp-content\/uploads\/2024\/03\/Disavow.jpg 1000w\" sizes=\"auto, (max-width: 962px) 100vw, 962px\" \/><\/h1>\n<div class=\"entry-content\">\n<p>La palabra significa literalmente \u201crechazar\u201d, por lo que se puede utilizar en contextos donde existe una acci\u00f3n de\u00a0<strong>eliminar o depurar los enlaces que sean perjudiciales para un sitio web<\/strong>. Por otro lado, Google Disavow es una herramienta que facilita esta tarea, funciona de la siguiente forma.<\/p>\n<h2><span id=\"%F0%9F%93%8C_%C2%BFQue_es_Disavow\" class=\"ez-toc-section\"><\/span>\u00bfQu\u00e9 es Disavow?<\/h2>\n<p>Cuando se trata de la acci\u00f3n de rechazar, la referencia es directamente a un conjunto de herramientas que permiten\u00a0<strong>detectar cuando los backlinks que enlazan a un sitio web son de baja calidad<\/strong>, muchos de ellos pueden impulsar las penalizaciones de los buscadores. Por otro lado, Google facilita una herramienta para tratar de detectar cu\u00e1les son esos elementos.<\/p>\n<p>Dentro de la herramienta Disavow, el usuario es capaz de enviar una lista de enlaces que pueden estar apuntando al sitio web propietario, de esta forma, el algoritmo los analiza y es capaz de calcular el\u00a0<a href=\"https:\/\/www.appyweb.es\/posicionamiento-web\/\">posicionamiento web que tendr\u00e1 al sitio<\/a>\u00a0en la p\u00e1gina de resultados de b\u00fasqueda. Sin embargo, esta herramienta no elimina los enlaces da\u00f1inos, sino que decide ignorarlos.<\/p>\n<h2><span id=\"%F0%9F%93%8C_%C2%BFPara_que_sirve_Disavow\" class=\"ez-toc-section\"><\/span>\u00bfPara qu\u00e9 sirve Disavow?<\/h2>\n<p>Al utilizar esta herramienta de Google la webmasters pueden indicarle al algoritmo que ignore los enlaces da\u00f1inos, de esta forma,\u00a0<strong>se puede obtener una posici\u00f3n m\u00e1s efectiva en el ranking<\/strong>. Los expertos pueden indicar estos enlaces sin importar si son externos o internos. Sin embargo, esta herramienta no elimina los enlaces, pero puede ser una pr\u00e1ctica moment\u00e1neo para garantizar un buen posicionamiento.<\/p>\n<p>De hecho, es una\u00a0<a href=\"https:\/\/www.appyweb.es\/link-building\/\">t\u00e9cnica muy utilizada durante la utilizaci\u00f3n de linkbuilding<\/a>, de esta forma, se puede garantizar que la estrategia de enlaces de calidad vaya a funcionar. Aun as\u00ed es importante utilizar otras herramientas\u00a0<strong>para proceder con eliminaci\u00f3n definitiva de esos enlaces t\u00f3xicos,<\/strong>\u00a0de no hacerlo en un corto plazo, el buscador tambi\u00e9n puede tomar los enlaces disavow como una mala se\u00f1al.<\/p>\n<h2><span id=\"%F0%9F%93%8C_%C2%BFPor_que_eliminar_los_enlaces_toxicos\" class=\"ez-toc-section\"><\/span>\u00bfPor qu\u00e9 eliminar los enlaces t\u00f3xicos?<\/h2>\n<p>En el a\u00f1o 2012, Google implement\u00f3 una actualizaci\u00f3n conocida como\u00a0<em>Google Panda<\/em>, con esta configuraci\u00f3n en el algoritmo le daba prioridad a los sitios web que\u00a0<strong>utilizaban las palabras claves y enlaces de forma natural en el texto<\/strong>. Si los links no cumpl\u00edan con las expectativas de esta actualizaci\u00f3n, eran denominados como enlaces t\u00f3xicos.<\/p>\n<p>Tener s\u00f3lo unos cuantos de estos elementos podr\u00eda causar una penalizaci\u00f3n del buscador, de esta forma, el sitio no lograr\u00eda posicionarse efectivamente en la primera p\u00e1gina de resultados. M\u00e1s adelante, en el 2013 Google sac\u00f3 a la luz una funcionalidad en las herramientas de Webmaster Tools conocida como \u201cAcciones Manuales\u201d, dentro de ella se implementaba la funci\u00f3n Disavow, de forma que los usuarios pudieran eliminar la penalizaci\u00f3n r\u00e1pidamente.<\/p>\n<h2><span id=\"%F0%9F%93%8C_%C2%BFComo_utilizar_la_herramienta_Disavow\" class=\"ez-toc-section\"><\/span>\u00bfC\u00f3mo utilizar la herramienta Disavow?<\/h2>\n<p>Tambi\u00e9n es conocida como\u00a0<a href=\"https:\/\/www.google.com\/webmasters\/tools\/disavow-links-main\" rel=\"nofollow noopener\" target=\"_blank\">herramienta de desautorizaci\u00f3n de enlaces<\/a>, se puede acceder a ella a trav\u00e9s de la herramienta de Google Search Console. La ruta para para iniciar la localizaci\u00f3n de enlaces es desde el men\u00fa de\u00a0<em>tr\u00e1fico de b\u00fasquedas<\/em>, luego se procede hacer clic en\u00a0<em>enlaces a tu sitio<\/em>.<\/p>\n<p>En el recuadro que se muestra en pantalla se\u00a0<strong>descarga el reporte de todos los enlaces que apuntan hacia el sitio web<\/strong>. Para esto tambi\u00e9n se pueden utilizar otras herramientas como Ahrefs. Para descargar el informe de todos estos enlaces se puede acceder a trav\u00e9s de la funci\u00f3n\u00a0<em>inbound links<\/em>\u00a0y haciendo clic en\u00a0<em>referrings domains<\/em>.<\/p>\n<p>Seguidamente, se selecciona el bot\u00f3n para \u201cremover los enlaces t\u00f3xicos o duplicados\u201d, y ya se habr\u00e1 aplicado la funci\u00f3n de rechazo para eliminar las penalizaciones.<\/p>\n<h2><span id=\"%F0%9F%93%8C_Mas_informacion_sobre_Disavow\" class=\"ez-toc-section\"><\/span>M\u00e1s informaci\u00f3n sobre Disavow<\/h2>\n<p>\u00bfQuieres saber m\u00e1s sobre c\u00f3mo eliminar enlaces t\u00f3xicos? Aqu\u00ed tienes m\u00e1s informaci\u00f3n para que dejes tus penalizaciones en el olvido.<\/p>\n<ul>\n<li><a href=\"https:\/\/www.appyweb.es\/guia-dejar-perder-posicionamiento-google\/\">[Gu\u00eda] Deja de perder posiciones en Google<\/a><\/li>\n<li><a href=\"https:\/\/www.trecebits.com\/2020\/03\/09\/seo-como-encontrar-y-eliminar-enlaces-artificiales\/\" rel=\"nofollow noopener\" target=\"_blank\">SEO: C\u00f3mo encontrar y eliminar enlaces artificiales<\/a><\/li>\n<\/ul>\n<\/div>\n<p>&nbsp;<\/p>\n","protected":false},"excerpt":{"rendered":"<p>La palabra significa literalmente \u201crechazar\u201d, por lo que se puede utilizar en contextos donde existe una acci\u00f3n de\u00a0eliminar o depurar los enlaces que sean perjudiciales para un sitio web. Por otro lado, Google Disavow es una herramienta que facilita esta tarea, funciona de la siguiente forma. \u00bfQu\u00e9 es Disavow? Cuando se trata de la acci\u00f3n [&hellip;]<\/p>\n","protected":false},"author":1,"featured_media":12119,"parent":0,"menu_order":0,"comment_status":"closed","ping_status":"closed","template":"","meta":{"inline_featured_image":false,"footnotes":""},"class_list":["post-1093","page","type-page","status-publish","has-post-thumbnail","hentry"],"_links":{"self":[{"href":"https:\/\/www.appyweb.es\/diccionario\/wp-json\/wp\/v2\/pages\/1093","targetHints":{"allow":["GET"]}}],"collection":[{"href":"https:\/\/www.appyweb.es\/diccionario\/wp-json\/wp\/v2\/pages"}],"about":[{"href":"https:\/\/www.appyweb.es\/diccionario\/wp-json\/wp\/v2\/types\/page"}],"author":[{"embeddable":true,"href":"https:\/\/www.appyweb.es\/diccionario\/wp-json\/wp\/v2\/users\/1"}],"replies":[{"embeddable":true,"href":"https:\/\/www.appyweb.es\/diccionario\/wp-json\/wp\/v2\/comments?post=1093"}],"version-history":[{"count":5,"href":"https:\/\/www.appyweb.es\/diccionario\/wp-json\/wp\/v2\/pages\/1093\/revisions"}],"predecessor-version":[{"id":12122,"href":"https:\/\/www.appyweb.es\/diccionario\/wp-json\/wp\/v2\/pages\/1093\/revisions\/12122"}],"wp:featuredmedia":[{"embeddable":true,"href":"https:\/\/www.appyweb.es\/diccionario\/wp-json\/wp\/v2\/media\/12119"}],"wp:attachment":[{"href":"https:\/\/www.appyweb.es\/diccionario\/wp-json\/wp\/v2\/media?parent=1093"}],"curies":[{"name":"wp","href":"https:\/\/api.w.org\/{rel}","templated":true}]}}