{"id":1104,"date":"2023-06-20T13:24:06","date_gmt":"2023-06-20T13:24:06","guid":{"rendered":"https:\/\/www.appyweb.es\/diccionario\/?page_id=1104"},"modified":"2024-03-21T15:49:11","modified_gmt":"2024-03-21T15:49:11","slug":"diseno-centrado-usuario","status":"publish","type":"page","link":"https:\/\/www.appyweb.es\/diccionario\/diseno-centrado-usuario\/","title":{"rendered":"Dise\u00f1o centrado en el usuario"},"content":{"rendered":"<p><img loading=\"lazy\" decoding=\"async\" class=\"alignnone wp-image-12131\" src=\"https:\/\/www.appyweb.es\/diccionario\/wp-content\/uploads\/2024\/03\/Diseno_centrado_en_el_usuario-300x180.jpg\" alt=\"Dise\u00f1o centrado en el usuario\" width=\"968\" height=\"581\" srcset=\"https:\/\/www.appyweb.es\/diccionario\/wp-content\/uploads\/2024\/03\/Diseno_centrado_en_el_usuario-300x180.jpg 300w, https:\/\/www.appyweb.es\/diccionario\/wp-content\/uploads\/2024\/03\/Diseno_centrado_en_el_usuario-768x461.jpg 768w, https:\/\/www.appyweb.es\/diccionario\/wp-content\/uploads\/2024\/03\/Diseno_centrado_en_el_usuario.jpg 1000w\" sizes=\"auto, (max-width: 968px) 100vw, 968px\" \/><\/p>\n<div class=\"entry-content\">\n<p>Se trata de una filosof\u00eda del dise\u00f1o donde los productos y los servicios de la empresa\u00a0<strong>se crean a partir de las necesidades de los usuarios finales<\/strong>, con el objetivo de conseguir una mejor experiencia de uso y una mayor satisfacci\u00f3n por parte del cliente. El dise\u00f1o centrado en el usuario tambi\u00e9n se utiliza para denominar todas esas pr\u00e1cticas que buscan mejorar la usabilidad de los sitios web.<\/p>\n<h2><span id=\"%F0%9F%93%8C_%C2%BFQue_es\" class=\"ez-toc-section\"><\/span>\u00bfQu\u00e9 es?<\/h2>\n<p>Se basa en principalmente, en tratar de que\u00a0<strong>la utilidad del portal digital sea 100% aprovechada por los usuarios<\/strong>\u00a0y que sea de buena calidad. Para lograr esto, los programadores, dise\u00f1adores y desarrolladores, hacen un estudio sobre las necesidades de los usuarios de dicha p\u00e1gina y as\u00ed logran entender bien\u00a0<a href=\"https:\/\/www.appyweb.es\/desarrollo-app\/\">lo que se necesita el desarrollo web final<\/a>\u00a0para cumplir con esa expectativas.<\/p>\n<p>Esta pr\u00e1ctica tambi\u00e9n es conocida como UCD por sus siglas en ingl\u00e9s, fue utilizada como t\u00e9rmino por primera vez en la Universidad de California en los a\u00f1os 80, donde el profesor Donald Norman lo utilizaba en sus clases. Seguidamente, empez\u00f3 a tener m\u00e1s popularidad despu\u00e9s de la publicaci\u00f3n de su libro \u201cSistema del dise\u00f1o centrado en el usuario: Nuevas perspectivas de la interacci\u00f3n humano-computador\u201d. Pero a partir de su publicaci\u00f3n \u201cLa psicolog\u00eda de las cosas de todos los d\u00edas\u201d se estableci\u00f3 las sugerencias b\u00e1sicas de lo que debe ser un esquema de proyecto y se centra en los siguientes.<\/p>\n<ul>\n<li>Facilitar las acciones que puede realizar el usuario en cualquier momento.<\/li>\n<li>Hacer que\u00a0<strong>los elementos del sistema sean visibles<\/strong>, as\u00ed como los resultados a acciones alternativas.<\/li>\n<li>Que el estado actual del sistema sea f\u00e1cil de evaluar.<\/li>\n<li>Lograr que la interacci\u00f3n y la acci\u00f3n requerida se han llevadas a cabo de forma natural.<\/li>\n<\/ul>\n<h2><span id=\"%F0%9F%93%8C_%C2%BFPara_que_sirve\" class=\"ez-toc-section\"><\/span>\u00bfPara qu\u00e9 sirve?<\/h2>\n<p>Uno de los usos m\u00e1s comunes de este tipo de dise\u00f1o, se basa en tener un\u00a0<strong>contenido de calidad y que cumpla con las expectativas de los internautas<\/strong>. Al mismo tiempo, tambi\u00e9n intenta\u00a0<a href=\"https:\/\/www.appyweb.es\/conversion-web\/\">elevar la conversi\u00f3n web<\/a>. Las empresas interesadas en la satisfacci\u00f3n del cliente a partir de su experiencia de navegaci\u00f3n, suelen tener mejores resultados de ventas.<\/p>\n<p>Asimismo, las modificaciones de usabilidad tambi\u00e9n son una pr\u00e1ctica de SEO que\u00a0<strong>beneficia notablemente el posicionamiento del sitio web en buscadores<\/strong>. De hecho, las pr\u00e1cticas responsivas, donde se busca adaptar el sitio web a diferentes pantallas y dispositivos, es un tipo de bosquejo centrado en el usuario que Google tiene en cuenta en sus par\u00e1metros para posicionar.<\/p>\n<h2><span id=\"%F0%9F%93%8C_Las_tres_etapas_del_diseno_centrado_en_el_usuario\" class=\"ez-toc-section\"><\/span>Las tres etapas del dise\u00f1o centrado en el usuario<\/h2>\n<p>Como era de esperarse, este tipo de proceso\u00a0<strong>utiliza una serie de t\u00e9cnicas y herramientas multidisciplinarias<\/strong>, cada decisi\u00f3n tomada durante este proceso debe estar basada en la capacidad de motivaci\u00f3n y expectativas del usuario, lo que supone tres etapas b\u00e1sicas, son las siguientes.<\/p>\n<ul>\n<li><strong>Conocer a fondo el usuario final<\/strong>: Usualmente, se utilizan herramientas de investigaci\u00f3n cuantitativa y cualitativa en este proceso, de forma que se establezca un perfil de cliente donde se puedan basar todas las estrategias.<\/li>\n<li><strong>Desarrollar una plataforma adaptada a \u00e9l<\/strong>: Debe resolver las necesidades del usuario seg\u00fan sus capacidades, motivaciones y expectativas.<\/li>\n<li><strong>Utilizar test de usuarios<\/strong>: En esta \u00faltima etapa se busca poner a prueba el dise\u00f1o final, aunque tambi\u00e9n se pueden utilizar herramientas de an\u00e1lisis web.<\/li>\n<\/ul>\n<h2><span id=\"%F0%9F%93%8C_Ejemplo_de_diseno_centrado_para_el_usuario\" class=\"ez-toc-section\"><\/span>Ejemplo de dise\u00f1o centrado para el usuario<\/h2>\n<p>El\u00a0<strong>caso de \u00e9xito del dise\u00f1o centrado para el usuario m\u00e1s importante<\/strong>\u00a0actualmente es el de Microsoft. La empresa se hab\u00eda dedicado por a\u00f1os al desarrollo de nuevos productos y Software basado en los avances tecnol\u00f3gicos. Sin embargo, recientemente la comparaci\u00f3n cambio su proceso de producci\u00f3n al desarrollo basado en el usuario.<\/p>\n<p>Involucr\u00f3 las etapas de la pr\u00e1ctica de DCU en la creaci\u00f3n de su nuevo equipo y el proceso de desarrollo creativo. La misma empresa ha mencionado que\u00a0<strong>desarroll\u00f3 con \u00e9xito los objetivos comerciales y los objetivos con la audiencia<\/strong>, trabajando en conjunto con los usuarios finales desde al principio de sus proyectos.<\/p>\n<p>&nbsp;<\/p>\n<h2><span id=\"%F0%9F%93%8C_Mas_informacion_sobre_el_diseno_centrado_en_el_usuario\" class=\"ez-toc-section\"><\/span>M\u00e1s informaci\u00f3n sobre el dise\u00f1o centrado en el usuario<\/h2>\n<p>\u00bfQuieres dar el siguiente paso para mejorar la experiencia de tu usuario? Mira m\u00e1s informaci\u00f3n al respecto en estos post.<\/p>\n<ul>\n<li><a href=\"https:\/\/www.appyweb.es\/11-estrategias-aumentar-conversion-la-fidelizacion-clientes\/\">11 Estrategias Para Aumentar la Conversi\u00f3n y Fidelizaci\u00f3n<\/a><\/li>\n<li><a href=\"https:\/\/blog.hubspot.es\/marketing\/diseno-centrado-usuario\" rel=\"nofollow noopener\" target=\"_blank\">Dise\u00f1o centrado en el usuario: aprende c\u00f3mo crear la mejor experiencia<\/a><\/li>\n<\/ul>\n<\/div>\n<p>&nbsp;<\/p>\n","protected":false},"excerpt":{"rendered":"<p>Se trata de una filosof\u00eda del dise\u00f1o donde los productos y los servicios de la empresa\u00a0se crean a partir de las necesidades de los usuarios finales, con el objetivo de conseguir una mejor experiencia de uso y una mayor satisfacci\u00f3n por parte del cliente. El dise\u00f1o centrado en el usuario tambi\u00e9n se utiliza para denominar [&hellip;]<\/p>\n","protected":false},"author":1,"featured_media":12131,"parent":0,"menu_order":0,"comment_status":"closed","ping_status":"closed","template":"","meta":{"inline_featured_image":false,"footnotes":""},"class_list":["post-1104","page","type-page","status-publish","has-post-thumbnail","hentry"],"_links":{"self":[{"href":"https:\/\/www.appyweb.es\/diccionario\/wp-json\/wp\/v2\/pages\/1104","targetHints":{"allow":["GET"]}}],"collection":[{"href":"https:\/\/www.appyweb.es\/diccionario\/wp-json\/wp\/v2\/pages"}],"about":[{"href":"https:\/\/www.appyweb.es\/diccionario\/wp-json\/wp\/v2\/types\/page"}],"author":[{"embeddable":true,"href":"https:\/\/www.appyweb.es\/diccionario\/wp-json\/wp\/v2\/users\/1"}],"replies":[{"embeddable":true,"href":"https:\/\/www.appyweb.es\/diccionario\/wp-json\/wp\/v2\/comments?post=1104"}],"version-history":[{"count":5,"href":"https:\/\/www.appyweb.es\/diccionario\/wp-json\/wp\/v2\/pages\/1104\/revisions"}],"predecessor-version":[{"id":12132,"href":"https:\/\/www.appyweb.es\/diccionario\/wp-json\/wp\/v2\/pages\/1104\/revisions\/12132"}],"wp:featuredmedia":[{"embeddable":true,"href":"https:\/\/www.appyweb.es\/diccionario\/wp-json\/wp\/v2\/media\/12131"}],"wp:attachment":[{"href":"https:\/\/www.appyweb.es\/diccionario\/wp-json\/wp\/v2\/media?parent=1104"}],"curies":[{"name":"wp","href":"https:\/\/api.w.org\/{rel}","templated":true}]}}