{"id":1147,"date":"2023-06-20T13:41:06","date_gmt":"2023-06-20T13:41:06","guid":{"rendered":"https:\/\/www.appyweb.es\/diccionario\/?page_id=1147"},"modified":"2024-03-22T09:14:28","modified_gmt":"2024-03-22T09:14:28","slug":"dominio-expirado","status":"publish","type":"page","link":"https:\/\/www.appyweb.es\/diccionario\/dominio-expirado\/","title":{"rendered":"Dominio Expirado"},"content":{"rendered":"<h1 class=\"entry-title main_title\"><img loading=\"lazy\" decoding=\"async\" class=\"alignnone  wp-image-12227\" src=\"https:\/\/www.appyweb.es\/diccionario\/wp-content\/uploads\/2024\/03\/DominioExpirado-300x180.jpg\" alt=\"Dominio Expirado\" width=\"1138\" height=\"683\" srcset=\"https:\/\/www.appyweb.es\/diccionario\/wp-content\/uploads\/2024\/03\/DominioExpirado-300x180.jpg 300w, https:\/\/www.appyweb.es\/diccionario\/wp-content\/uploads\/2024\/03\/DominioExpirado-768x461.jpg 768w, https:\/\/www.appyweb.es\/diccionario\/wp-content\/uploads\/2024\/03\/DominioExpirado.jpg 1000w\" sizes=\"auto, (max-width: 1138px) 100vw, 1138px\" \/><\/h1>\n<div class=\"entry-content\">\n<p>Un dominio expirado es un nombre o direcci\u00f3n en Internet que ha sido caducado, es decir, que ten\u00eda un propietario anteriormente, pero al no seguir pagando el contrato\u00a0<strong>pasa a estar disponible nuevamente para que otra persona o empresa lo compre<\/strong>.<\/p>\n<h2><span id=\"%F0%9F%93%8C_%C2%BFQue_es_Dominio_Expirado\" class=\"ez-toc-section\"><\/span>\u00bfQu\u00e9 es Dominio Expirado?<\/h2>\n<p>Para explicar\u00a0<strong>qu\u00e9 es un dominio expirado es necesario saber diferenciarlo con uno caducado<\/strong>. Aunque son b\u00e1sicamente lo mismo, uno caducado a\u00fan puede ser recuperado por el propietario, es decir, que su contrato ha vencido y ya no podr\u00e1 utilizarlo para anclar su sitio web. Pero, a\u00fan no est\u00e1 disponible para otros compradores, m\u00e1s bien se encuentra en un plazo de \u201cstand by\u201d para que el propietario tenga oportunidad de pagar. Este tiempo puede ser de 1 a 3 meses.<\/p>\n<p>Una vez transcurrido ese tiempo y si el propietario no ha mostrado inter\u00e9s en seguir pagando, entonces pasa a estar expirado. Normalmente, son muy codiciados por la competencia, ya que pueden\u00a0<a href=\"https:\/\/www.appyweb.es\/posicionamiento-web\/\">obtener un posicionamiento web ya establecido<\/a>. Aunque es importante auditar la direcci\u00f3n primero para descartar posibles penalizaciones por parte del buscador.<\/p>\n<h2><span id=\"%F0%9F%93%8C_%C2%BFPor_que_utilizar_dominios_expirados\" class=\"ez-toc-section\"><\/span>\u00bfPor qu\u00e9 utilizar dominios expirados?<\/h2>\n<ul>\n<li>Una de las principales razones es debido a su bajo precio, normalmente, el precio de compra suele reducirse a la mitad.<\/li>\n<li>La segunda raz\u00f3n es\u00a0<strong>para obtener el tr\u00e1fico que correspond\u00eda a la competencia<\/strong>, de forma que ahora el sitio cuente con otra apertura con mayor captaci\u00f3n de usuarios.<\/li>\n<li>Usualmente, tienen un posicionamiento relevante, de forma que no es necesario hacer muchos ajustes SEO.<\/li>\n<li>Para\u00a0<strong>establecer mejores estrategias de linkbuilding y promocionar otros sitios web<\/strong>.<\/li>\n<\/ul>\n<h2><span id=\"%F0%9F%93%8C_%C2%BFComo_saber_si_un_dominio_se_utilizo_con_anterioridad\" class=\"ez-toc-section\"><\/span>\u00bfC\u00f3mo saber si un dominio se utiliz\u00f3 con anterioridad?<\/h2>\n<p>En los servidores de direcciones para sitios web se suele indicar en subastas o ventas cuando estos han sido utilizados anteriormente. Sin embargo, nunca est\u00e1 de m\u00e1s\u00a0<strong>verificar si el nombre que se va a comprar ha sido utilizado con anterioridad<\/strong>. Como se coment\u00f3 m\u00e1s arriba, esto es importante para descartar que existan penalizaciones para el posicionamiento.<\/p>\n<p>Una de las mejores formas de saber si un dominio se utiliz\u00f3 anteriormente es\u00a0<a href=\"https:\/\/www.appyweb.es\/auditoria-seo\/\">realizando una auditor\u00eda SEO<\/a>\u00a0a trav\u00e9s de\u00a0<em>archive.org<\/em>. All\u00ed se puede explorar un historial de cu\u00e1l era el uso que se le daba a la direcci\u00f3n, as\u00ed como otros datos interesantes como cu\u00e1les son las palabras clave con las que posicionaba.<\/p>\n<p>Tambi\u00e9n se puede utilizar\u00a0<em>Open Link Profiler<\/em>\u00a0para conocer cu\u00e1les son los enlaces que apuntan hacia esa direcci\u00f3n y si resultan interesantes para una fututa estrategia de linkbuilding.<\/p>\n<h2><span id=\"%F0%9F%93%8C_%C2%BFDonde_comprar_Dominios_Expirados\" class=\"ez-toc-section\"><\/span>\u00bfD\u00f3nde comprar Dominios Expirados?<\/h2>\n<p>Existen muchas p\u00e1ginas donde se venden, compran y subastan dominios expirados, normalmente, estos suelen tener un 50% menos que su precio original, por eso son muy demandados. Pero es necesario tener en cuenta\u00a0<strong>que se deben estudiar muy bien antes de comprar<\/strong>, no solo para verificar que no existan penalizaciones del buscador, sino tambi\u00e9n para descartar sanciones legales. Algunos de los sitios para conseguirlos son los siguientes.<\/p>\n<ul>\n<li>Subastas de GoDaddy.<\/li>\n<li>Sedo.com.<\/li>\n<li>ExpiredDomains.net<\/li>\n<li>Youdot.<\/li>\n<\/ul>\n<p>&nbsp;<\/p>\n<h2><span id=\"%F0%9F%93%8C_Mas_informacion_sobre_Dominios_Expirados\" class=\"ez-toc-section\"><\/span>M\u00e1s informaci\u00f3n sobre Dominios Expirados<\/h2>\n<p>Cuando compras un dominio expirado puedes poner en pr\u00e1ctica varias estrategias, como los de tipo espejo, de forma que tu sitio web est\u00e9 disponible en diferentes direcciones. Mira c\u00f3mo hacerlo y cu\u00e1les t\u00e9cnicas emplear para tu SEO.<\/p>\n<ul>\n<li><a href=\"https:\/\/www.estrelladigital.es\/articulo\/tecnologia\/estrategia-seo-dominios-expirados\/20200515221722417027.html\" rel=\"nofollow noopener\" target=\"_blank\">\u00bfQu\u00e9 son los Dominios espejos y para qu\u00e9 sirve?<\/a><\/li>\n<li><a href=\"https:\/\/www.estrelladigital.es\/articulo\/tecnologia\/estrategia-seo-dominios-expirados\/20200515221722417027.html\" rel=\"nofollow noopener\" target=\"_blank\">Estrategia de SEO: Dominios expirados<\/a><\/li>\n<\/ul>\n<\/div>\n<p>&nbsp;<\/p>\n","protected":false},"excerpt":{"rendered":"<p>Un dominio expirado es un nombre o direcci\u00f3n en Internet que ha sido caducado, es decir, que ten\u00eda un propietario anteriormente, pero al no seguir pagando el contrato\u00a0pasa a estar disponible nuevamente para que otra persona o empresa lo compre. \u00bfQu\u00e9 es Dominio Expirado? Para explicar\u00a0qu\u00e9 es un dominio expirado es necesario saber diferenciarlo con [&hellip;]<\/p>\n","protected":false},"author":1,"featured_media":0,"parent":0,"menu_order":0,"comment_status":"closed","ping_status":"closed","template":"","meta":{"inline_featured_image":false,"footnotes":""},"class_list":["post-1147","page","type-page","status-publish","hentry"],"_links":{"self":[{"href":"https:\/\/www.appyweb.es\/diccionario\/wp-json\/wp\/v2\/pages\/1147","targetHints":{"allow":["GET"]}}],"collection":[{"href":"https:\/\/www.appyweb.es\/diccionario\/wp-json\/wp\/v2\/pages"}],"about":[{"href":"https:\/\/www.appyweb.es\/diccionario\/wp-json\/wp\/v2\/types\/page"}],"author":[{"embeddable":true,"href":"https:\/\/www.appyweb.es\/diccionario\/wp-json\/wp\/v2\/users\/1"}],"replies":[{"embeddable":true,"href":"https:\/\/www.appyweb.es\/diccionario\/wp-json\/wp\/v2\/comments?post=1147"}],"version-history":[{"count":5,"href":"https:\/\/www.appyweb.es\/diccionario\/wp-json\/wp\/v2\/pages\/1147\/revisions"}],"predecessor-version":[{"id":12229,"href":"https:\/\/www.appyweb.es\/diccionario\/wp-json\/wp\/v2\/pages\/1147\/revisions\/12229"}],"wp:attachment":[{"href":"https:\/\/www.appyweb.es\/diccionario\/wp-json\/wp\/v2\/media?parent=1147"}],"curies":[{"name":"wp","href":"https:\/\/api.w.org\/{rel}","templated":true}]}}