{"id":1162,"date":"2023-06-20T13:48:10","date_gmt":"2023-06-20T13:48:10","guid":{"rendered":"https:\/\/www.appyweb.es\/diccionario\/?page_id=1162"},"modified":"2024-03-22T09:42:49","modified_gmt":"2024-03-22T09:42:49","slug":"dosplash","status":"publish","type":"page","link":"https:\/\/www.appyweb.es\/diccionario\/dosplash\/","title":{"rendered":"Dosplash"},"content":{"rendered":"<h1 class=\"entry-title main_title\"><img loading=\"lazy\" decoding=\"async\" class=\"alignnone  wp-image-12256\" src=\"https:\/\/www.appyweb.es\/diccionario\/wp-content\/uploads\/2024\/03\/Dosplash-300x180.jpg\" alt=\"Dosplash\" width=\"1123\" height=\"674\" srcset=\"https:\/\/www.appyweb.es\/diccionario\/wp-content\/uploads\/2024\/03\/Dosplash-300x180.jpg 300w, https:\/\/www.appyweb.es\/diccionario\/wp-content\/uploads\/2024\/03\/Dosplash-768x461.jpg 768w, https:\/\/www.appyweb.es\/diccionario\/wp-content\/uploads\/2024\/03\/Dosplash.jpg 1000w\" sizes=\"auto, (max-width: 1123px) 100vw, 1123px\" \/><\/h1>\n<div class=\"entry-content\">\n<p>En Internet es muy sencillo buscar y leer cualquier tipo de contenido, pero muchas empresas\u00a0<strong>tratan de incrementar el contenido de calidad<\/strong>, en lugar de solo publicar en grandes cantidades. Igualmente, utilizan muchas herramientas para evitar publicar\u00a0 contenidos FAKE o spam, una de ellas es DoSplash.<\/p>\n<h2><span id=\"%F0%9F%93%8C_%C2%BFQue_es_Dosplash\" class=\"ez-toc-section\"><\/span>\u00bfQu\u00e9 es Dosplash?<\/h2>\n<p>Se dedica principalmente al filtrado de informaci\u00f3n en general, para que as\u00ed\u00a0<strong>todos los usuarios de Internet consigan contenido de calidad<\/strong>, para informarse o\u00a0<a href=\"https:\/\/www.appyweb.es\/link-building\/\">llevar a cabo campa\u00f1as de link building<\/a>. Gracias al esfuerzo de esta comunidad, tambi\u00e9n se pueden evaluar los contenidos para evitar el spam o p\u00e1ginas duplicadas.<\/p>\n<p>Su forma de funcionar es muy sencilla, solo hace falta un registro que se realiza de forma r\u00e1pida, entonces, el usuario podr\u00e1 empezar a crear y compartir contenido. Otra ventaja de este sitio es que\u00a0<strong>cuenta con una comunidad muy amplia y variada<\/strong>, de forma que todos pueden aportar ideas o comentarios en los proyectos de otros usuarios, as\u00ed, se perfecciona el contenido final, al mismo tiempo que se consiguen buenos trabajos colaborativos.<\/p>\n<h2><span id=\"%F0%9F%93%8C_%C2%BFPara_que_sirve_Dosplash\" class=\"ez-toc-section\"><\/span>\u00bfPara qu\u00e9 sirve Dosplash?<\/h2>\n<p>Es una comunidad muy restringida y\u00a0<strong>filtra todo aquel contenido spam o inadecuado para el p\u00fablico en general<\/strong>, entre los que se pueden nombrar: Contenido de bullying, pornograf\u00eda infantil, programas afiliados para solo generar ventas, spam, contenidos relacionados con actividades ilegales, entre otros.<\/p>\n<p>Busca \u201climpiar\u201d o perfeccionar el contenido de forma que los usuarios puedan tener acceso a posts de muy alta calidad, especialmente para generar una construcci\u00f3n de enlaces\u00a0<a href=\"https:\/\/www.appyweb.es\/posicionamiento-web\/\">que mejoren su posicionamiento web<\/a>. Al mismo tiempo, permite viralizar el contenido con otras audiencias, fuera del blog o el sitio web del escritor.<\/p>\n<h2><span id=\"%F0%9F%93%8C_%C2%BFComo_saber_el_precio_y_si_vale_la_pena_Dosplash\" class=\"ez-toc-section\"><\/span>\u00bfC\u00f3mo saber el precio y si vale la pena Dosplash?<\/h2>\n<p>Esta gran comunidad\u00a0<strong>ofrece 3 planes que son muy accesibles para todo el mundo<\/strong>, van desde el\u00a0<em>Silver<\/em>\u00a0(9 $) que ofrece 1 feed (lista de usuarios),\u00a0<em>Gold<\/em>\u00a0(20 $), ofrece 2 feed y\u00a0<em>Platinium<\/em>\u00a0(50 $) ofrece 5 feed. Por estos planes y servicios se puede decir que es una comunidad que llega al rango de una excelente relaci\u00f3n calidad-precio.<\/p>\n<p>Por otro lado, la comunidad certifica que s\u00ed vale la pena promocionarse en Dosplash, para conseguir temas de calidad, generar una buena construcci\u00f3n de enlaces, hacer trabajos colaborativos y m\u00e1s. Pero sobre todo, por su confiabilidad, incluso\u00a0<strong>antes de empezar a publicar todos los usuarios son evaluados<\/strong>\u00a0(por eso es necesario adjuntar el sitio web del propietario) para verificar que el blog o el sitio web cumpla con las normas de la comunidad.<\/p>\n<h2><span id=\"%F0%9F%93%8C_%C2%BFPor_que_elegir_Dosplash\" class=\"ez-toc-section\"><\/span>\u00bfPor qu\u00e9 elegir Dosplash?<\/h2>\n<p>Los usuarios de la herramienta indican que es un ecosistema que re\u00fane muchos nichos en general, por lo que\u00a0<strong>cualquier bloguero tiene la opci\u00f3n de empezar a publicar aqu\u00ed<\/strong>. Sin embargo, esta plataforma est\u00e1 muy dirigida al marketing digital, es por eso que existe una comunidad de expertos en SEO y curadores de contenido que generan espacios de alta calidad para este nicho.<\/p>\n<p>Se han dado a conocer proyectos de marketing, posicionamiento y construcci\u00f3n de enlaces con un gran potencial. Por eso, si cuentas con un blog o sitio web cuya tem\u00e1tica incluya marketing o posicionamiento en Internet para empresas, entonces puedes garantizar que tu actividad en la plataforma ser\u00e1 m\u00e1s que provechosa.<\/p>\n<p>&nbsp;<\/p>\n<h2><span id=\"%F0%9F%93%8C_Mas_informacion_sobre_Dosplash\" class=\"ez-toc-section\"><\/span>M\u00e1s informaci\u00f3n sobre Dosplash<\/h2>\n<p>Es interesante c\u00f3mo puedes generar estrategias para promocionar tu sitio web o blog desde plataformas como Dosplash \u00bfNo quieres m\u00e1s informaci\u00f3n al respecto? Aqu\u00ed tienes un par de links que te ayudar\u00e1n en el proceso.<\/p>\n<ul>\n<li><a href=\"https:\/\/www.appyweb.es\/empieza-a-generar-dinero-con-tu-blog\/\">Empieza a generar dinero con tu blog<\/a><\/li>\n<li><a href=\"https:\/\/www.dosplash.com\/story\/how-to-fund-blogging-business\/\" rel=\"nofollow noopener\" target=\"_blank\">\u00bfC\u00f3mo financiar un blog para negocios?<\/a><\/li>\n<\/ul>\n<\/div>\n<p>&nbsp;<\/p>\n","protected":false},"excerpt":{"rendered":"<p>En Internet es muy sencillo buscar y leer cualquier tipo de contenido, pero muchas empresas\u00a0tratan de incrementar el contenido de calidad, en lugar de solo publicar en grandes cantidades. Igualmente, utilizan muchas herramientas para evitar publicar\u00a0 contenidos FAKE o spam, una de ellas es DoSplash. \u00bfQu\u00e9 es Dosplash? Se dedica principalmente al filtrado de informaci\u00f3n [&hellip;]<\/p>\n","protected":false},"author":1,"featured_media":12256,"parent":0,"menu_order":0,"comment_status":"closed","ping_status":"closed","template":"","meta":{"inline_featured_image":false,"footnotes":""},"class_list":["post-1162","page","type-page","status-publish","has-post-thumbnail","hentry"],"_links":{"self":[{"href":"https:\/\/www.appyweb.es\/diccionario\/wp-json\/wp\/v2\/pages\/1162","targetHints":{"allow":["GET"]}}],"collection":[{"href":"https:\/\/www.appyweb.es\/diccionario\/wp-json\/wp\/v2\/pages"}],"about":[{"href":"https:\/\/www.appyweb.es\/diccionario\/wp-json\/wp\/v2\/types\/page"}],"author":[{"embeddable":true,"href":"https:\/\/www.appyweb.es\/diccionario\/wp-json\/wp\/v2\/users\/1"}],"replies":[{"embeddable":true,"href":"https:\/\/www.appyweb.es\/diccionario\/wp-json\/wp\/v2\/comments?post=1162"}],"version-history":[{"count":5,"href":"https:\/\/www.appyweb.es\/diccionario\/wp-json\/wp\/v2\/pages\/1162\/revisions"}],"predecessor-version":[{"id":12259,"href":"https:\/\/www.appyweb.es\/diccionario\/wp-json\/wp\/v2\/pages\/1162\/revisions\/12259"}],"wp:featuredmedia":[{"embeddable":true,"href":"https:\/\/www.appyweb.es\/diccionario\/wp-json\/wp\/v2\/media\/12256"}],"wp:attachment":[{"href":"https:\/\/www.appyweb.es\/diccionario\/wp-json\/wp\/v2\/media?parent=1162"}],"curies":[{"name":"wp","href":"https:\/\/api.w.org\/{rel}","templated":true}]}}