{"id":1227,"date":"2023-06-20T14:36:45","date_gmt":"2023-06-20T14:36:45","guid":{"rendered":"https:\/\/www.appyweb.es\/diccionario\/?page_id=1227"},"modified":"2024-03-27T14:40:02","modified_gmt":"2024-03-27T14:40:02","slug":"emails-rebotados","status":"publish","type":"page","link":"https:\/\/www.appyweb.es\/diccionario\/emails-rebotados\/","title":{"rendered":"Emails rebotados"},"content":{"rendered":"<h1 class=\"entry-title main_title\"><img loading=\"lazy\" decoding=\"async\" class=\"alignnone  wp-image-12511\" src=\"https:\/\/www.appyweb.es\/diccionario\/wp-content\/uploads\/2024\/03\/Emailsrebotados-300x180.jpg\" alt=\"Emails rebotados\" width=\"970\" height=\"582\" srcset=\"https:\/\/www.appyweb.es\/diccionario\/wp-content\/uploads\/2024\/03\/Emailsrebotados-300x180.jpg 300w, https:\/\/www.appyweb.es\/diccionario\/wp-content\/uploads\/2024\/03\/Emailsrebotados-768x461.jpg 768w, https:\/\/www.appyweb.es\/diccionario\/wp-content\/uploads\/2024\/03\/Emailsrebotados.jpg 1000w\" sizes=\"auto, (max-width: 970px) 100vw, 970px\" \/><\/h1>\n<p>Cuando un correo es devuelto al emisor se le llama <em>email rebotado<\/em>, lo que <strong>indica que existe un problema con el servidor al momento de enviarse<\/strong>. Supone una dificultad si se est\u00e1 promocionando una campa\u00f1a, anuncio o evento por correo.<\/p>\n<h2>\u00bfQu\u00e9 es?<\/h2>\n<p>Los emails rebotados o tambi\u00e9n conocidos como <em>bounced emails<\/em>, son correos que han sido devueltos a causa de una interferencia de tipo SMTP, que evita que llegue a su destinatario. La plataforma o servidor explica el porqu\u00e9 de esta situaci\u00f3n, puede ser por varios factores, <strong>un error en la direcci\u00f3n de correo o la inexistencia de la misma<\/strong>.<\/p>\n<p>Los correos devueltos tambi\u00e9n cuentan con su propia m\u00e9trica, es importante <a href=\"https:\/\/www.appyweb.es\/email-marketing-para-empresas\/\">analizarlos en el email marketing<\/a> por que ayudar\u00e1 a determinar cu\u00e1n efectiva fue la campa\u00f1a de env\u00edos.<\/p>\n<h2>C\u00f3mo calcular los emails rebotados<\/h2>\n<p>Para verificar cu\u00e1ntos de estos correos han sido devueltos en una campa\u00f1a masiva, solo se tendr\u00e1n que observar los porcentajes que se obtiene <strong>entre los que si fueron entregados y los que no<\/strong>. Para lograrlo hay que aplicar una funci\u00f3n aritm\u00e9tica sencilla:<\/p>\n<ul>\n<li>Se deber\u00e1 dividir el n\u00famero total de correos que no han llegado, entre el n\u00famero de enviados. Una vez que se tiene el resultado, se multiplica por cien y es as\u00ed como se obtiene el porcentaje de los correos rebotados.<\/li>\n<\/ul>\n<p>La intenci\u00f3n de aplicar esta t\u00e9cnica, es para que <strong>tener una idea de cu\u00e1l es la situaci\u00f3n real en los resultados de campa\u00f1a<\/strong>. Igualmente, es una m\u00e9trica que puede impulsar <a href=\"https:\/\/www.appyweb.es\/gestion-newsletters\/\">optimizaciones en la gesti\u00f3n de env\u00edos de newsletters<\/a>, como puede ser la generaci\u00f3n de una base de datos m\u00e1s confiable.<\/p>\n<h2>\u00bfPara qu\u00e9 sirven?<\/h2>\n<p>Estar consciente de la existencia de emails rebotados puede ser el primer paso <strong>para empezar a dise\u00f1ar estrategias m\u00e1s efectivas<\/strong>, despu\u00e9s de todo, estos pueden traer consecuencias para los objetivos de la marca, as\u00ed como para la reputaci\u00f3n de la misma frente a los servidores de correo.<\/p>\n<p>Actualmente, los algoritmos de los servidores pueden detectar cu\u00e1ndo los emisores de env\u00edos masivos tienen demasiados rebotes, por lo que determinan dos posibilidades, la primera es debida a la compra ilegal de bases de datos de correo (que incluso son falsas), la segunda es debido al env\u00edo de spam.<\/p>\n<p>La consecuencia de esto es enviar al emisor a una llamada <em>blacklist<\/em> que es una lista de correos que ser\u00e1n bloqueados y cada env\u00edo que realicen ser\u00e1n enviados a la carpeta de spam de todos los destinatarios, lo que es la muerte inminente de las estrategias de e-marketing.<\/p>\n<h2>\u00bfPor qu\u00e9 rebotan los correos en Gmail?<\/h2>\n<p>Existen muchos tipos de correos devueltos y puede que sean diferentes dependiendo del servidor, pero tanto en Gmail como en Outlook, existe una clasificaci\u00f3n que se divide de la siguiente forma.<\/p>\n<ul>\n<li><strong>Temporales de tipo 400<\/strong>: Como su nombre lo indica, muestra que el correo ha sido devuelto por un error temporal, puede ser <strong>a causa de que el destinatario tenga su buz\u00f3n lleno<\/strong>, haya mucha informaci\u00f3n o el correo es muy pesado, existe una saturaci\u00f3n en la cola de env\u00edos, entre otras.<\/li>\n<li><strong>Permanentes de tipo 500<\/strong>: Son errores que no pueden ser solucionados como los temporales, pueden darse por que la direcci\u00f3n de correo es inv\u00e1lida o inexistente, la cuenta no est\u00e1 autorizada, por spam o denegaci\u00f3n del remitente.<\/li>\n<\/ul>\n<p><script type=\"application\/ld+json\">{\"@context\":\"https:\/\/schema.org\",\"@type\":\"FAQPage\",\"mainEntity\":[ \n{\"@type\":\"Question\",\"name\":\"\ud83d\udccc \u00bfQu\u00e9 es?\",\"acceptedAnswer\":{\"@type\":\"Answer\",\"text\":\"<\/p>\n<p>Los emails rebotados o tambi\u00e9n conocidos como <em>bounced emails<\/em>, son correos que han sido devueltos a causa de una interferencia de tipo SMTP, que evita que llegue a su destinatario. La plataforma o servidor explica el porqu\u00e9 de esta situaci\u00f3n, puede ser por varios factores, <strong>un error en la direcci\u00f3n de correo o la inexistencia de la misma<\/strong>.<\/p>\n<p>Los correos devueltos tambi\u00e9n cuentan con su propia m\u00e9trica, es importante <a href='https:\/\/www.appyweb.es\/email-marketing-para-empresas\/'>analizarlos en el email marketing<\/a> por que ayudar\u00e1 a determinar cu\u00e1n efectiva fue la campa\u00f1a de env\u00edos.<\/p>\n<p>\"}},\n{\"@type\":\"Question\",\"name\":\"\ud83d\udccc C\u00f3mo calcular los emails rebotados\",\"acceptedAnswer\":{\"@type\":\"Answer\",\"text\":\"<\/p>\n<p>Para verificar cu\u00e1ntos de estos correos han sido devueltos en una campa\u00f1a masiva, solo se tendr\u00e1n que observar los porcentajes que se obtiene <strong>entre los que si fueron entregados y los que no<\/strong>. Para lograrlo hay que aplicar una funci\u00f3n aritm\u00e9tica sencilla:<\/p>\n<\/p>\n<\/p>\n<\/p>\n<\/p>\n<ul>\n<\/p>\n<\/p>\n<\/p>\n<\/p>\n<li>Se deber\u00e1 dividir el n\u00famero total de correos que no han llegado, entre el n\u00famero de enviados. Una vez que se tiene el resultado, se multiplica por cien y es as\u00ed como se obtiene el porcentaje de los correos rebotados.<\/li>\n<\/p>\n<\/p>\n<\/p>\n<\/p>\n<\/p>\n<\/p>\n<\/p>\n<\/p>\n<\/p>\n<\/p>\n<\/p>\n<\/p>\n<\/p>\n<\/p>\n<\/p>\n<\/p>\n<\/p>\n<\/p>\n<\/p>\n<\/p>\n<\/p>\n<\/p>\n<\/p>\n<\/ul>\n<\/p>\n<\/p>\n<\/p>\n<\/p>\n<\/p>\n<\/p>\n<\/p>\n<\/p>\n<\/p>\n<\/p>\n<\/p>\n<\/p>\n<\/p>\n<\/p>\n<\/p>\n<\/p>\n<\/p>\n<\/p>\n<\/p>\n<\/p>\n<\/p>\n<\/p>\n<\/p>\n<p>La intenci\u00f3n de aplicar esta t\u00e9cnica, es para que <strong>tener una idea de cu\u00e1l es la situaci\u00f3n real en los resultados de campa\u00f1a<\/strong>. Igualmente, es una m\u00e9trica que puede impulsar <a href='https:\/\/www.appyweb.es\/gestion-newsletters\/'>optimizaciones en la gesti\u00f3n de env\u00edos de newsletters<\/a>, como puede ser la generaci\u00f3n de una base de datos m\u00e1s confiable.<\/p>\n<p>\"}},\n{\"@type\":\"Question\",\"name\":\"\ud83d\udccc \u00bfPara qu\u00e9 sirven?\",\"acceptedAnswer\":{\"@type\":\"Answer\",\"text\":\"<\/p>\n<p>Estar consciente de la existencia de emails rebotados puede ser el primer paso <strong>para empezar a dise\u00f1ar estrategias m\u00e1s efectivas<\/strong>, despu\u00e9s de todo, estos pueden traer consecuencias para los objetivos de la marca, as\u00ed como para la reputaci\u00f3n de la misma frente a los servidores de correo. <\/p>\n<p>Actualmente, los algoritmos de los servidores pueden detectar cu\u00e1ndo los emisores de env\u00edos masivos tienen demasiados rebotes, por lo que determinan dos posibilidades, la primera es debida a la compra ilegal de bases de datos de correo (que incluso son falsas), la segunda es debido al env\u00edo de spam.<\/p>\n<p>La consecuencia de esto es enviar al emisor a una llamada <em>blacklist<\/em> que es una lista de correos que ser\u00e1n bloqueados y cada env\u00edo que realicen ser\u00e1n enviados a la carpeta de spam de todos los destinatarios, lo que es la muerte inminente de las estrategias de e-marketing.<\/p>\n<p>\"}},\n{\"@type\":\"Question\",\"name\":\"\ud83d\udccc \u00bfPor qu\u00e9 rebotan los correos en Gmail?\",\"acceptedAnswer\":{\"@type\":\"Answer\",\"text\":\"<\/p>\n<p>Existen muchos tipos de correos devueltos y puede que sean diferentes dependiendo del servidor, pero tanto en Gmail como en Outlook, existe una clasificaci\u00f3n que se divide de la siguiente forma.<\/p>\n<\/p>\n<\/p>\n<\/p>\n<\/p>\n<ul>\n<\/p>\n<\/p>\n<\/p>\n<\/p>\n<li><strong>Temporales de tipo 400<\/strong>: Como su nombre lo indica, muestra que el correo ha sido devuelto por un error temporal, puede ser <strong>a causa de que el destinatario tenga su buz\u00f3n lleno<\/strong>, haya mucha informaci\u00f3n o el correo es muy pesado, existe una saturaci\u00f3n en la cola de env\u00edos, entre otras.<\/li>\n<\/p>\n<\/p>\n<\/p>\n<\/p>\n<\/p>\n<\/p>\n<\/p>\n<\/p>\n<\/p>\n<\/p>\n<\/p>\n<\/p>\n<\/p>\n<\/p>\n<\/p>\n<\/p>\n<\/p>\n<\/p>\n<\/p>\n<\/p>\n<\/p>\n<\/p>\n<\/p>\n<\/p>\n<\/p>\n<\/p>\n<\/p>\n<li><strong>Permanentes de tipo 500<\/strong>: Son errores que no pueden ser solucionados como los temporales, pueden darse por que la direcci\u00f3n de correo es inv\u00e1lida o inexistente, la cuenta no est\u00e1 autorizada, por spam o denegaci\u00f3n del remitente.<\/li>\n<\/p>\n<\/p>\n<\/p>\n<\/p>\n<\/p>\n<\/p>\n<\/p>\n<\/p>\n<\/p>\n<\/p>\n<\/p>\n<\/p>\n<\/p>\n<\/p>\n<\/p>\n<\/p>\n<\/p>\n<\/p>\n<\/p>\n<\/p>\n<\/p>\n<\/p>\n<\/p>\n<\/ul>\n<\/p>\n<\/p>\n<\/p>\n<\/p>\n<\/p>\n<\/p>\n<\/p>\n<\/p>\n<\/p>\n<\/p>\n<\/p>\n<\/p>\n<\/p>\n<\/p>\n<\/p>\n<\/p>\n<\/p>\n<\/p>\n<\/p>\n<\/p>\n<\/p>\n<\/p>\n<\/p>\n<p>\"}}\n]}<\/script><\/p>\n<h2>M\u00e1s informaci\u00f3n sobre emails rebotados<\/h2>\n<p>Estos son solo uno de los errores que pueden presentarse en tus campa\u00f1as de env\u00edos \u00bfquieres saber cu\u00e1les pueden estar afect\u00e1ndolas como los bounce email? Mira estos enlaces que te permitir\u00e1n conocerlos y solucionarlos enseguida.<\/p>\n<ul>\n<li><a href=\"https:\/\/www.appyweb.es\/principales-errores-email-marketing\/\">Email marketing: los principales errores que debemos evitar<\/a><\/li>\n<li><a href=\"https:\/\/toyoutome.es\/blog\/3-razones-para-no-enviar-correos-masivos-desde-gmail\/39686\" rel=\"nofollow noopener\" target=\"_blank\"> Tres razones para no enviar correos masivos desde Gmail<\/a><\/li>\n<\/ul>\n<p>&nbsp;<\/p>\n","protected":false},"excerpt":{"rendered":"<p>Cuando un correo es devuelto al emisor se le llama email rebotado, lo que indica que existe un problema con el servidor al momento de enviarse. Supone una dificultad si se est\u00e1 promocionando una campa\u00f1a, anuncio o evento por correo. \u00bfQu\u00e9 es? Los emails rebotados o tambi\u00e9n conocidos como bounced emails, son correos que han [&hellip;]<\/p>\n","protected":false},"author":1,"featured_media":0,"parent":0,"menu_order":0,"comment_status":"closed","ping_status":"closed","template":"","meta":{"inline_featured_image":false,"footnotes":""},"class_list":["post-1227","page","type-page","status-publish","hentry"],"_links":{"self":[{"href":"https:\/\/www.appyweb.es\/diccionario\/wp-json\/wp\/v2\/pages\/1227","targetHints":{"allow":["GET"]}}],"collection":[{"href":"https:\/\/www.appyweb.es\/diccionario\/wp-json\/wp\/v2\/pages"}],"about":[{"href":"https:\/\/www.appyweb.es\/diccionario\/wp-json\/wp\/v2\/types\/page"}],"author":[{"embeddable":true,"href":"https:\/\/www.appyweb.es\/diccionario\/wp-json\/wp\/v2\/users\/1"}],"replies":[{"embeddable":true,"href":"https:\/\/www.appyweb.es\/diccionario\/wp-json\/wp\/v2\/comments?post=1227"}],"version-history":[{"count":9,"href":"https:\/\/www.appyweb.es\/diccionario\/wp-json\/wp\/v2\/pages\/1227\/revisions"}],"predecessor-version":[{"id":12512,"href":"https:\/\/www.appyweb.es\/diccionario\/wp-json\/wp\/v2\/pages\/1227\/revisions\/12512"}],"wp:attachment":[{"href":"https:\/\/www.appyweb.es\/diccionario\/wp-json\/wp\/v2\/media?parent=1227"}],"curies":[{"name":"wp","href":"https:\/\/api.w.org\/{rel}","templated":true}]}}