{"id":1292,"date":"2023-09-04T07:28:18","date_gmt":"2023-09-04T07:28:18","guid":{"rendered":"https:\/\/www.appyweb.es\/diccionario\/?page_id=1292"},"modified":"2024-04-02T07:24:38","modified_gmt":"2024-04-02T07:24:38","slug":"etiquetas-html","status":"publish","type":"page","link":"https:\/\/www.appyweb.es\/diccionario\/etiquetas-html\/","title":{"rendered":"Etiquetas HTML"},"content":{"rendered":"<p><img loading=\"lazy\" decoding=\"async\" class=\"alignnone wp-image-12824\" src=\"https:\/\/www.appyweb.es\/diccionario\/wp-content\/uploads\/2024\/04\/etiquetashtml-300x180.jpg\" alt=\"Etiquetas HTML\" width=\"983\" height=\"590\" srcset=\"https:\/\/www.appyweb.es\/diccionario\/wp-content\/uploads\/2024\/04\/etiquetashtml-300x180.jpg 300w, https:\/\/www.appyweb.es\/diccionario\/wp-content\/uploads\/2024\/04\/etiquetashtml-768x461.jpg 768w, https:\/\/www.appyweb.es\/diccionario\/wp-content\/uploads\/2024\/04\/etiquetashtml.jpg 1000w\" sizes=\"auto, (max-width: 983px) 100vw, 983px\" \/><\/p>\n<p>Las etiquetas HTML son elementos fundamentales para estructurar y dar formato al contenido en p\u00e1ginas web. Permiten definir desde encabezados y p\u00e1rrafos hasta enlaces, im\u00e1genes y formularios. Son indispensables para organizar y presentar informaci\u00f3n de manera comprensible para los navegadores y los usuarios.<\/p>\n<h2>\u00bfQu\u00e9 son las etiquetas HTML?<\/h2>\n<p>Las etiquetas HTML son elementos fundamentales en la creaci\u00f3n de p\u00e1ginas web. Estas etiquetas son c\u00f3digos que se utilizan para estructurar y dar formato al contenido en l\u00ednea. Cada etiqueta tiene una funci\u00f3n espec\u00edfica y ayuda a definir la apariencia y la funcionalidad de los elementos en una p\u00e1gina web.<\/p>\n<h2>\u00bfPara qu\u00e9 sirven las etiquetas HTML?<\/h2>\n<p>Las etiquetas HTML sirven para diferentes prop\u00f3sitos, como definir encabezados, p\u00e1rrafos, enlaces, im\u00e1genes, formularios, listas, entre otros. Permiten organizar el contenido de una p\u00e1gina web de manera l\u00f3gica y comprensible para los navegadores y los usuarios.<\/p>\n<h2>\u00bfC\u00f3mo se utilizan las etiquetas HTML?<\/h2>\n<p>Para utilizar una etiqueta HTML, se coloca el nombre de la etiqueta entre los s\u00edmbolos de menor que (&lt;) y mayor que (&gt;). Algunas etiquetas requieren atributos adicionales para especificar ciertas caracter\u00edsticas, como el atributo \u00abhref\u00bb en las etiquetas de enlace (a) o el atributo \u00absrc\u00bb en las etiquetas de imagen (img).<\/p>\n<h3>Ejemplos de etiquetas HTML<\/h3>\n<p>A continuaci\u00f3n, se presentan algunos ejemplos de etiquetas HTML com\u00fanmente utilizadas:<\/p>\n<ul>\n<li><strong>&lt;p&gt;<\/strong>: Define un p\u00e1rrafo de texto.<\/li>\n<li><strong>&lt;a href=\u00bb#\u00bb&gt;<\/strong>: Define un enlace.<\/li>\n<li><strong>&lt;img src=\u00bbimagen.jpg\u00bb alt=\u00bbDescripci\u00f3n de la imagen\u00bb&gt;<\/strong>: Inserta una imagen.<\/li>\n<li><strong>&lt;h1&gt;<\/strong>: Define un encabezado de nivel 1.<\/li>\n<li><strong>&lt;ul&gt;<\/strong>: Define una lista desordenada.<\/li>\n<li><strong>&lt;input type=\u00bbtext\u00bb name=\u00bbnombre\u00bb&gt;<\/strong>: Crea un campo de entrada de texto en un formulario.<\/li>\n<\/ul>\n","protected":false},"excerpt":{"rendered":"<p>Las etiquetas HTML son elementos fundamentales para estructurar y dar formato al contenido en p\u00e1ginas web. Permiten definir desde encabezados y p\u00e1rrafos hasta enlaces, im\u00e1genes y formularios. Son indispensables para organizar y presentar informaci\u00f3n de manera comprensible para los navegadores y los usuarios. \u00bfQu\u00e9 son las etiquetas HTML? Las etiquetas HTML son elementos fundamentales en [&hellip;]<\/p>\n","protected":false},"author":1,"featured_media":12824,"parent":0,"menu_order":0,"comment_status":"closed","ping_status":"closed","template":"","meta":{"inline_featured_image":false,"footnotes":""},"class_list":["post-1292","page","type-page","status-publish","has-post-thumbnail","hentry"],"_links":{"self":[{"href":"https:\/\/www.appyweb.es\/diccionario\/wp-json\/wp\/v2\/pages\/1292","targetHints":{"allow":["GET"]}}],"collection":[{"href":"https:\/\/www.appyweb.es\/diccionario\/wp-json\/wp\/v2\/pages"}],"about":[{"href":"https:\/\/www.appyweb.es\/diccionario\/wp-json\/wp\/v2\/types\/page"}],"author":[{"embeddable":true,"href":"https:\/\/www.appyweb.es\/diccionario\/wp-json\/wp\/v2\/users\/1"}],"replies":[{"embeddable":true,"href":"https:\/\/www.appyweb.es\/diccionario\/wp-json\/wp\/v2\/comments?post=1292"}],"version-history":[{"count":8,"href":"https:\/\/www.appyweb.es\/diccionario\/wp-json\/wp\/v2\/pages\/1292\/revisions"}],"predecessor-version":[{"id":12829,"href":"https:\/\/www.appyweb.es\/diccionario\/wp-json\/wp\/v2\/pages\/1292\/revisions\/12829"}],"wp:featuredmedia":[{"embeddable":true,"href":"https:\/\/www.appyweb.es\/diccionario\/wp-json\/wp\/v2\/media\/12824"}],"wp:attachment":[{"href":"https:\/\/www.appyweb.es\/diccionario\/wp-json\/wp\/v2\/media?parent=1292"}],"curies":[{"name":"wp","href":"https:\/\/api.w.org\/{rel}","templated":true}]}}