{"id":1574,"date":"2023-06-21T09:13:29","date_gmt":"2023-06-21T09:13:29","guid":{"rendered":"https:\/\/www.appyweb.es\/diccionario\/?page_id=1574"},"modified":"2024-04-02T10:55:46","modified_gmt":"2024-04-02T10:55:46","slug":"factor-de-damping","status":"publish","type":"page","link":"https:\/\/www.appyweb.es\/diccionario\/factor-de-damping\/","title":{"rendered":"Factor de Damping"},"content":{"rendered":"<h1><img loading=\"lazy\" decoding=\"async\" class=\"alignnone wp-image-12981\" src=\"https:\/\/www.appyweb.es\/diccionario\/wp-content\/uploads\/2024\/04\/FactorDeDamping-300x180.jpg\" alt=\"Factor de Damping\" width=\"1152\" height=\"691\" srcset=\"https:\/\/www.appyweb.es\/diccionario\/wp-content\/uploads\/2024\/04\/FactorDeDamping-300x180.jpg 300w, https:\/\/www.appyweb.es\/diccionario\/wp-content\/uploads\/2024\/04\/FactorDeDamping-768x461.jpg 768w, https:\/\/www.appyweb.es\/diccionario\/wp-content\/uploads\/2024\/04\/FactorDeDamping.jpg 1000w\" sizes=\"auto, (max-width: 1152px) 100vw, 1152px\" \/><\/h1>\n<p>Este t\u00e9rmino cuenta con una definici\u00f3n para dos escenarios, el primero se refiere a una forma de medir la calidad de sonido de un amplificador de audio. Pero, el segundo <strong>tiene que ver con la p\u00e9rdida de link juice o autoridad de un sitio web<\/strong> frente al page rank.<\/p>\n<h2>\u00bfQu\u00e9 es el factor de damping?<\/h2>\n<p>Como se mencion\u00f3 arriba, es una forma de medir la calidad de un amplificador de sonido, pero este mismo t\u00e9rmino tambi\u00e9n se ha popularizado en el mundo del SEO, especialmente <strong>hacer referencia a la p\u00e9rdida de linkjuice<\/strong> que se genera cuando existe un enlace de baja calidad.<\/p>\n<p>Es utilizado <a href=\"https:\/\/www.appyweb.es\/link-building\/\">con frecuencia en las estrategias de linkbuilding<\/a> para definir las p\u00e9rdidas de tr\u00e1fico o conversiones que se generan por la conexi\u00f3n de esos enlaces de baja calidad entre p\u00e1ginas diferentes.<\/p>\n<h2>\u00bfPara qu\u00e9 sirve?<\/h2>\n<p>Su utilidad se centra en ofrecer informaci\u00f3n cuantificada de la p\u00e9rdida de autoridad, mientras m\u00e1s bajo sea el link juice menos autoridad <a href=\"https:\/\/www.appyweb.es\/posicionamiento-web\/\">tendr\u00e1 el sitio web frente al posicionamiento web<\/a>. Tambi\u00e9n es importante mencionar que mientras m\u00e1s niveles tengan dicho enlace, m\u00e1s zumo extrae, por lo que puede afectar los esfuerzos de SEO considerablemente.<\/p>\n<p>En este sentido, al tener consciencia del Damping Factor es m\u00e1s f\u00e1cil determinar cu\u00e1les son los back links m\u00e1s convenientes para las estrategias y cu\u00e1les no. De esta forma, mientras m\u00e1s se acumulen URL\\&#8217;s de alta calidad mejor ser\u00e1 el link juice y al mismo tiempo, mejor ser\u00e1 el nivel de autoridad para lograr destacar en la p\u00e1gina de resultados de b\u00fasqueda o SERP.<\/p>\n<h2>\u00bfC\u00f3mo se calcula el Factor de Damping?<\/h2>\n<p>Primero, es necesario entender c\u00f3mo el algoritmo de Google calcula sus par\u00e1metros para ordenar las SERP\\&#8217;s. En un estudio de la universidad de Stanford se a\u00f1adieron documentos a la web con la finalidad <strong>de medir la relevancia de los links o citas incluidas<\/strong>, teniendo en cuenta la aproximaci\u00f3n o nivel del mismo para determinar su importancia o calidad.<\/p>\n<p>De esta forma, se observ\u00f3 que el PageRank (los criterios que se calculan para el posicionamiento) no cuenta las p\u00e1ginas enlazadas de la misma forma, sino que las calcula de forma diferente seg\u00fan su nivel. Igualmente, tiene en cuenta la cantidad de links que contiene dicha p\u00e1gina.<\/p>\n<p>En este sentido, el factor de damping se sit\u00faa entre 0 y 1 que usualmente es 0,85 para cada p\u00e1gina. Se mide de la siguiente forma.<\/p>\n<p><em>PR(A) = (1-d) + d (PR(T1)\/C(T1) + \u2026 + PR(Tn)\/C(Tn))<\/em><\/p>\n<ul>\n<li><em>PR(A)<\/em> es el ranking de la p\u00e1gina a evaluar.<\/li>\n<li><em>d<\/em> es el factor de damping.<\/li>\n<li><em>Tn<\/em> es la calidad del enlace citado.<\/li>\n<li><em>C<\/em> es la cantidad de enlaces en total de dicha p\u00e1gina.<\/li>\n<\/ul>\n<p>Si en dado caso, la p\u00e1gina no cuenta con ning\u00fan enlace, entonces el resultado de <em>d<\/em> es 0, su <em>PR<\/em> ser\u00e1 as\u00ed <em>d=1-0,85=0,15%.<\/em><\/p>\n<p><script type=\"application\/ld+json\">{\"@context\":\"https:\/\/schema.org\",\"@type\":\"FAQPage\",\"mainEntity\":[ \n{\"@type\":\"Question\",\"name\":\"\u00bfQu\u00e9 es el factor de damping?\",\"acceptedAnswer\":{\"@type\":\"Answer\",\"text\":\"<\/p>\n<p>Como se mencion\u00f3 arriba, es una forma de medir la calidad de un amplificador de sonido, pero este mismo t\u00e9rmino tambi\u00e9n se ha popularizado en el mundo del SEO, especialmente <strong>hacer referencia a la p\u00e9rdida de linkjuice<\/strong> que se genera cuando existe un enlace de baja calidad.<\/p>\n<p>Es utilizado <a href='https:\/\/www.appyweb.es\/link-building\/'>con frecuencia en las estrategias de linkbuilding<\/a> para definir las p\u00e9rdidas de tr\u00e1fico o conversiones que se generan por la conexi\u00f3n de esos enlaces de baja calidad entre p\u00e1ginas diferentes.<\/p>\n<p>\"}},\n{\"@type\":\"Question\",\"name\":\"\u00bfPara qu\u00e9 sirve?\",\"acceptedAnswer\":{\"@type\":\"Answer\",\"text\":\"<\/p>\n<p>Su utilidad se centra en ofrecer informaci\u00f3n cuantificada de la p\u00e9rdida de autoridad, mientras m\u00e1s bajo sea el link juice menos autoridad <a href='https:\/\/www.appyweb.es\/posicionamiento-web\/'>tendr\u00e1 el sitio web frente al posicionamiento web<\/a>. Tambi\u00e9n es importante mencionar que mientras m\u00e1s niveles tengan dicho enlace, m\u00e1s zumo extrae, por lo que puede afectar los esfuerzos de SEO considerablemente.<\/p>\n<p>En este sentido, al tener consciencia del Damping Factor es m\u00e1s f\u00e1cil determinar cu\u00e1les son los back links m\u00e1s convenientes para las estrategias y cu\u00e1les no. De esta forma, mientras m\u00e1s se acumulen URL\\'s de alta calidad mejor ser\u00e1 el link juice y al mismo tiempo, mejor ser\u00e1 el nivel de autoridad para lograr destacar en la p\u00e1gina de resultados de b\u00fasqueda o SERP.<\/p>\n<p>\"}},\n{\"@type\":\"Question\",\"name\":\"\u00bfC\u00f3mo se calcula el Factor de Damping?\",\"acceptedAnswer\":{\"@type\":\"Answer\",\"text\":\"<\/p>\n<p>Primero, es necesario entender c\u00f3mo el algoritmo de Google calcula sus par\u00e1metros para ordenar las SERP\\'s. En un estudio de la universidad de Stanford se a\u00f1adieron documentos a la web con la finalidad <strong>de medir la relevancia de los links o citas incluidas<\/strong>, teniendo en cuenta la aproximaci\u00f3n o nivel del mismo para determinar su importancia o calidad.<\/p>\n<p>De esta forma, se observ\u00f3 que el PageRank (los criterios que se calculan para el posicionamiento) no cuenta las p\u00e1ginas enlazadas de la misma forma, sino que las calcula de forma diferente seg\u00fan su nivel. Igualmente, tiene en cuenta la cantidad de links que contiene dicha p\u00e1gina.<\/p>\n<p>En este sentido, el factor de damping se sit\u00faa entre 0 y 1 que usualmente es 0,85 para cada p\u00e1gina. Se mide de la siguiente forma.<\/p>\n<p><em>PR(A) = (1-d) + d (PR(T1)\/C(T1) + \u2026 + PR(Tn)\/C(Tn))<\/em><\/p>\n<\/p>\n<\/p>\n<\/p>\n<\/p>\n<ul>\n<\/p>\n<\/p>\n<\/p>\n<\/p>\n<li><em>PR(A)<\/em> es el ranking de la p\u00e1gina a evaluar.<\/li>\n<\/p>\n<\/p>\n<\/p>\n<\/p>\n<\/p>\n<\/p>\n<\/p>\n<li><em>d<\/em> es el factor de damping.<\/li>\n<\/p>\n<\/p>\n<\/p>\n<\/p>\n<\/p>\n<\/p>\n<\/p>\n<li><em>Tn<\/em> es la calidad del enlace citado.<\/li>\n<\/p>\n<\/p>\n<\/p>\n<\/p>\n<\/p>\n<\/p>\n<\/p>\n<li><em>C<\/em> es la cantidad de enlaces en total de dicha p\u00e1gina.<\/li>\n<\/p>\n<\/p>\n<\/p>\n<\/ul>\n<\/p>\n<\/p>\n<\/p>\n<p>Si en dado caso, la p\u00e1gina no cuenta con ning\u00fan enlace, entonces el resultado de <em>d<\/em> es 0, su <em>PR<\/em> ser\u00e1 as\u00ed <em>d=1-0,85=0,15%.<\/em> <\/p>\n<p>\"}}\n]}<\/script><\/p>\n<h2>M\u00e1s informaci\u00f3n sobre el Factor de Damping<\/h2>\n<p>En SEO las m\u00e9tricas son tan importantes como las mismas estrategias, por lo que <strong>debes analizarlas para mejorar el ranking de forma exponencial<\/strong>. Aqu\u00ed tienes un par de enlaces con m\u00e1s informaci\u00f3n que te puede ayudar.<\/p>\n<ul>\n<li><a href=\"https:\/\/www.appyweb.es\/diccionario\/link-juice\/\">\u00bfQu\u00e9 es el Link Juice y para qu\u00e9 sirve?<\/a><\/li>\n<li><a href=\"https:\/\/www.ciudadano2cero.com\/que-es-el-pagerank\/\" rel=\"nofollow noopener\" target=\"_blank\">PageRank &#8211; Explicaci\u00f3n pr\u00e1ctica para mejorar tu ranking<\/a><\/li>\n<\/ul>\n<p>&nbsp;<\/p>\n","protected":false},"excerpt":{"rendered":"<p>Este t\u00e9rmino cuenta con una definici\u00f3n para dos escenarios, el primero se refiere a una forma de medir la calidad de sonido de un amplificador de audio. Pero, el segundo tiene que ver con la p\u00e9rdida de link juice o autoridad de un sitio web frente al page rank. \u00bfQu\u00e9 es el factor de damping? [&hellip;]<\/p>\n","protected":false},"author":1,"featured_media":12981,"parent":0,"menu_order":0,"comment_status":"closed","ping_status":"closed","template":"","meta":{"inline_featured_image":false,"footnotes":""},"class_list":["post-1574","page","type-page","status-publish","has-post-thumbnail","hentry"],"_links":{"self":[{"href":"https:\/\/www.appyweb.es\/diccionario\/wp-json\/wp\/v2\/pages\/1574","targetHints":{"allow":["GET"]}}],"collection":[{"href":"https:\/\/www.appyweb.es\/diccionario\/wp-json\/wp\/v2\/pages"}],"about":[{"href":"https:\/\/www.appyweb.es\/diccionario\/wp-json\/wp\/v2\/types\/page"}],"author":[{"embeddable":true,"href":"https:\/\/www.appyweb.es\/diccionario\/wp-json\/wp\/v2\/users\/1"}],"replies":[{"embeddable":true,"href":"https:\/\/www.appyweb.es\/diccionario\/wp-json\/wp\/v2\/comments?post=1574"}],"version-history":[{"count":7,"href":"https:\/\/www.appyweb.es\/diccionario\/wp-json\/wp\/v2\/pages\/1574\/revisions"}],"predecessor-version":[{"id":12984,"href":"https:\/\/www.appyweb.es\/diccionario\/wp-json\/wp\/v2\/pages\/1574\/revisions\/12984"}],"wp:featuredmedia":[{"embeddable":true,"href":"https:\/\/www.appyweb.es\/diccionario\/wp-json\/wp\/v2\/media\/12981"}],"wp:attachment":[{"href":"https:\/\/www.appyweb.es\/diccionario\/wp-json\/wp\/v2\/media?parent=1574"}],"curies":[{"name":"wp","href":"https:\/\/api.w.org\/{rel}","templated":true}]}}