{"id":1589,"date":"2023-06-21T09:19:40","date_gmt":"2023-06-21T09:19:40","guid":{"rendered":"https:\/\/www.appyweb.es\/diccionario\/?page_id=1589"},"modified":"2024-04-02T11:12:52","modified_gmt":"2024-04-02T11:12:52","slug":"fan-page","status":"publish","type":"page","link":"https:\/\/www.appyweb.es\/diccionario\/fan-page\/","title":{"rendered":"Fan Page"},"content":{"rendered":"<h1><img loading=\"lazy\" decoding=\"async\" class=\"alignnone  wp-image-12994\" src=\"https:\/\/www.appyweb.es\/diccionario\/wp-content\/uploads\/2024\/04\/FanPage-300x180.jpg\" alt=\"Fan Page\" width=\"1127\" height=\"676\" srcset=\"https:\/\/www.appyweb.es\/diccionario\/wp-content\/uploads\/2024\/04\/FanPage-300x180.jpg 300w, https:\/\/www.appyweb.es\/diccionario\/wp-content\/uploads\/2024\/04\/FanPage-768x461.jpg 768w, https:\/\/www.appyweb.es\/diccionario\/wp-content\/uploads\/2024\/04\/FanPage.jpg 1000w\" sizes=\"auto, (max-width: 1127px) 100vw, 1127px\" \/><\/h1>\n<p>Es el nombre que se le da a una p\u00e1gina de Facebook para gestionar comunidades de usuarios con algo en com\u00fan. <strong>Las fan pages son utilizadas por empresas, influencers o incluso personas comunes<\/strong> para reunir usuarios con los mismos intereses.<\/p>\n<h2>\u00bfQu\u00e9 es un fan page?<\/h2>\n<p>Es una modalidad de Facebook que permite dise\u00f1ar una p\u00e1gina, utilizada para <strong>proporcionar y compartir opiniones o informaci\u00f3n sobre un tema<\/strong>, productos, fen\u00f3menos o celebridades. Es creado normalmente por una empresa o persona, para compartir temas a fines o informaci\u00f3n, los usuarios pueden a\u00f1adirse a la p\u00e1gina con solo darle like.<\/p>\n<p>En el caso de las empresas, el encargado de gestionar esta <a href=\"https:\/\/www.appyweb.es\/social-media-manager\/\">p\u00e1gina de fans ser\u00e1 el social media manager<\/a>, a trav\u00e9s de ella aprovechar\u00e1 sus atributos para compartir contenido, atraer nuevos clientes, fortalecer la relaci\u00f3n con los seguidores, generar interacciones y m\u00e1s.<\/p>\n<h2>\u00bfPara qu\u00e9 sirve?<\/h2>\n<p>No son como los perfiles de Facebook, se encargan de reunir a los usuarios para poder intercambiar informaci\u00f3n, cada miembro puede publicar cualquier comentario o post, siguiendo las pautas establecidas por los administradores. Tambi\u00e9n tiene como funci\u00f3n, que las personas puedan conectar con otras fan pages.<\/p>\n<p>Igualmente, tambi\u00e9n es una herramienta ideal para <a href=\"https:\/\/www.appyweb.es\/marketing-de-contenidos\/\">difundir campa\u00f1as de marketing de contenidos<\/a>, sin embargo, es necesario utilizar t\u00e9cnicas naturales para evitar que las publicaciones sean vistas como spam.<\/p>\n<h2>C\u00f3mo crear una fanpage en Facebook<\/h2>\n<ol>\n<li>Cualquier usuario en la red social puede crear una p\u00e1gina de seguidores, solo es necesario ingresar a <em>com\/business<\/em> o <em>business.facebook.com<\/em>.<\/li>\n<li>Una vez all\u00ed se debe hacer clic en el bot\u00f3n <em>crear p\u00e1gina<\/em>.<\/li>\n<li>Seguidamente, la herramienta <strong>solicitar\u00e1 una categor\u00eda entre p\u00e1gina de empresa, comunidad o personaje p\u00fablico<\/strong>.<\/li>\n<li>El tercer paso es a\u00f1adir un nombre a la p\u00e1gina, una direcci\u00f3n de email y n\u00famero de tel\u00e9fono.<\/li>\n<li>Despu\u00e9s, se a\u00f1aden la foto de perfil y de portada.<\/li>\n<li>Por \u00faltimo, se ajustan los detalles, como la informaci\u00f3n o descripci\u00f3n de la p\u00e1gina.<\/li>\n<\/ol>\n<h2>Por qu\u00e9 tu negocio debe tener una fan page<\/h2>\n<ul>\n<li>Facilita la captaci\u00f3n de nuevos usuarios, ya que solo tienen que hacer like para empezar a seguirte y no enviando una solicitud de amigo primero.<\/li>\n<li>Facebook ofrece una plataforma conocida como Business Manager que te permitir\u00e1 gestionar varias cuentas al mismo tiempo.<\/li>\n<li><strong>Los contenidos que compartes all\u00ed pueden ser indexados en Google<\/strong>, es decir, apuestan al posicionamiento.<\/li>\n<li>La publicidad desde all\u00ed permite segmentar a los usuarios.<\/li>\n<li>Es posible integrarla a Instagram con facilidad.<\/li>\n<li>Puedes generar un mayor engagement con los usuarios.<\/li>\n<\/ul>\n<p><script type=\"application\/ld+json\">{\"@context\":\"https:\/\/schema.org\",\"@type\":\"FAQPage\",\"mainEntity\":[ \n{\"@type\":\"Question\",\"name\":\"\u00bfQu\u00e9 es un fan page?\",\"acceptedAnswer\":{\"@type\":\"Answer\",\"text\":\"<\/p>\n<p>Es una modalidad de Facebook que permite dise\u00f1ar una p\u00e1gina, utilizada para <strong>proporcionar y compartir opiniones o informaci\u00f3n sobre un tema<\/strong>, productos, fen\u00f3menos o celebridades. Es creado normalmente por una empresa o persona, para compartir temas a fines o informaci\u00f3n, los usuarios pueden a\u00f1adirse a la p\u00e1gina con solo darle like.<\/p>\n<p>En el caso de las empresas, el encargado de gestionar esta <a href='https:\/\/www.appyweb.es\/social-media-manager\/'>p\u00e1gina de fans ser\u00e1 el social media manager<\/a>, a trav\u00e9s de ella aprovechar\u00e1 sus atributos para compartir contenido, atraer nuevos clientes, fortalecer la relaci\u00f3n con los seguidores, generar interacciones y m\u00e1s.<\/p>\n<p>\"}},\n{\"@type\":\"Question\",\"name\":\"\u00bfPara qu\u00e9 sirve?\",\"acceptedAnswer\":{\"@type\":\"Answer\",\"text\":\"<\/p>\n<p>No son como los perfiles de Facebook, se encargan de reunir a los usuarios para poder intercambiar informaci\u00f3n, cada miembro puede publicar cualquier comentario o post, siguiendo las pautas establecidas por los administradores. Tambi\u00e9n tiene como funci\u00f3n, que las personas puedan conectar con otras fan pages.<\/p>\n<p>Igualmente, tambi\u00e9n es una herramienta ideal para <a href='https:\/\/www.appyweb.es\/marketing-de-contenidos\/'>difundir campa\u00f1as de marketing de contenidos<\/a>, sin embargo, es necesario utilizar t\u00e9cnicas naturales para evitar que las publicaciones sean vistas como spam.<\/p>\n<p>\"}},\n{\"@type\":\"Question\",\"name\":\"C\u00f3mo crear una fanpage en Facebook\",\"acceptedAnswer\":{\"@type\":\"Answer\",\"text\":\"<\/p>\n<\/p>\n<\/p>\n<ol>\n<\/p>\n<\/p>\n<li>Cualquier usuario en la red social puede crear una p\u00e1gina de seguidores, solo es necesario ingresar a <em>com\/business<\/em> o <em>business.facebook.com<\/em>.<\/li>\n<\/p>\n<\/p>\n<\/p>\n<li>Una vez all\u00ed se debe hacer clic en el bot\u00f3n <em>crear p\u00e1gina<\/em>.<\/li>\n<\/p>\n<\/p>\n<\/p>\n<li>Seguidamente, la herramienta <strong>solicitar\u00e1 una categor\u00eda entre p\u00e1gina de empresa, comunidad o personaje p\u00fablico<\/strong>.<\/li>\n<\/p>\n<\/p>\n<\/p>\n<li>El tercer paso es a\u00f1adir un nombre a la p\u00e1gina, una direcci\u00f3n de email y n\u00famero de tel\u00e9fono.<\/li>\n<\/p>\n<\/p>\n<\/p>\n<li>Despu\u00e9s, se a\u00f1aden la foto de perfil y de portada.<\/li>\n<\/p>\n<\/p>\n<\/p>\n<li>Por \u00faltimo, se ajustan los detalles, como la informaci\u00f3n o descripci\u00f3n de la p\u00e1gina.<\/li>\n<\/p>\n<\/ol>\n<\/p>\n<p>\"}},\n{\"@type\":\"Question\",\"name\":\"Por qu\u00e9 tu negocio debe tener una fan page\",\"acceptedAnswer\":{\"@type\":\"Answer\",\"text\":\"<\/p>\n<\/p>\n<\/p>\n<ul>\n<\/p>\n<\/p>\n<li>Facilita la captaci\u00f3n de nuevos usuarios, ya que solo tienen que hacer like para empezar a seguirte y no enviando una solicitud de amigo primero.<\/li>\n<\/p>\n<\/p>\n<\/p>\n<li>Facebook ofrece una plataforma conocida como Business Manager que te permitir\u00e1 gestionar varias cuentas al mismo tiempo.<\/li>\n<\/p>\n<\/p>\n<\/p>\n<li><strong>Los contenidos que compartes all\u00ed pueden ser indexados en Google<\/strong>, es decir, apuestan al posicionamiento.<\/li>\n<\/p>\n<\/p>\n<\/p>\n<li>La publicidad desde all\u00ed permite segmentar a los usuarios.<\/li>\n<\/p>\n<\/p>\n<\/p>\n<li>Es posible integrarla a Instagram con facilidad.<\/li>\n<\/p>\n<\/p>\n<\/p>\n<li>Puedes generar un mayor engagement con los usuarios.<\/li>\n<\/p>\n<\/ul>\n<\/p>\n<p>\"}}\n]}<\/script><\/p>\n<h2>M\u00e1s informaci\u00f3n sobre fan page<\/h2>\n<p>Tener uno de estos recursos en tu plantilla de marketing digital ser\u00e1 la guinda del pastel para tus estrategias sociales, para ayudarte un poco m\u00e1s con el proceso de creaci\u00f3n aqu\u00ed tienes un par de links que te ser\u00e1n de provecho.<\/p>\n<ul>\n<li><a href=\"https:\/\/www.appyweb.es\/crear-una-cuenta-facebook-una-fanpage-negocio\/\">C\u00f3mo crear una cuenta de Facebook y una Fanpage para tu negocio<\/a><\/li>\n<li><a href=\"https:\/\/www.america-retail.com\/marketing-digital\/marketing-digital-evita-estos-errores-en-tu-fanpage-de-facebook\/\" rel=\"nofollow noopener\" target=\"_blank\">Marketing Digital: Evita estos errores en tu Fanpage de Facebook<\/a><\/li>\n<\/ul>\n<p>&nbsp;<\/p>\n","protected":false},"excerpt":{"rendered":"<p>Es el nombre que se le da a una p\u00e1gina de Facebook para gestionar comunidades de usuarios con algo en com\u00fan. Las fan pages son utilizadas por empresas, influencers o incluso personas comunes para reunir usuarios con los mismos intereses. \u00bfQu\u00e9 es un fan page? Es una modalidad de Facebook que permite dise\u00f1ar una p\u00e1gina, [&hellip;]<\/p>\n","protected":false},"author":1,"featured_media":12994,"parent":0,"menu_order":0,"comment_status":"closed","ping_status":"closed","template":"","meta":{"inline_featured_image":false,"footnotes":""},"class_list":["post-1589","page","type-page","status-publish","has-post-thumbnail","hentry"],"_links":{"self":[{"href":"https:\/\/www.appyweb.es\/diccionario\/wp-json\/wp\/v2\/pages\/1589","targetHints":{"allow":["GET"]}}],"collection":[{"href":"https:\/\/www.appyweb.es\/diccionario\/wp-json\/wp\/v2\/pages"}],"about":[{"href":"https:\/\/www.appyweb.es\/diccionario\/wp-json\/wp\/v2\/types\/page"}],"author":[{"embeddable":true,"href":"https:\/\/www.appyweb.es\/diccionario\/wp-json\/wp\/v2\/users\/1"}],"replies":[{"embeddable":true,"href":"https:\/\/www.appyweb.es\/diccionario\/wp-json\/wp\/v2\/comments?post=1589"}],"version-history":[{"count":6,"href":"https:\/\/www.appyweb.es\/diccionario\/wp-json\/wp\/v2\/pages\/1589\/revisions"}],"predecessor-version":[{"id":12996,"href":"https:\/\/www.appyweb.es\/diccionario\/wp-json\/wp\/v2\/pages\/1589\/revisions\/12996"}],"wp:featuredmedia":[{"embeddable":true,"href":"https:\/\/www.appyweb.es\/diccionario\/wp-json\/wp\/v2\/media\/12994"}],"wp:attachment":[{"href":"https:\/\/www.appyweb.es\/diccionario\/wp-json\/wp\/v2\/media?parent=1589"}],"curies":[{"name":"wp","href":"https:\/\/api.w.org\/{rel}","templated":true}]}}