{"id":161,"date":"2023-06-19T13:39:31","date_gmt":"2023-06-19T13:39:31","guid":{"rendered":"https:\/\/www.appyweb.es\/diccionario\/?page_id=161"},"modified":"2024-02-19T10:39:00","modified_gmt":"2024-02-19T10:39:00","slug":"app-store","status":"publish","type":"page","link":"https:\/\/www.appyweb.es\/diccionario\/app-store\/","title":{"rendered":"App Store"},"content":{"rendered":"<p><img loading=\"lazy\" decoding=\"async\" class=\" wp-image-8318 aligncenter\" src=\"https:\/\/www.appyweb.es\/diccionario\/wp-content\/uploads\/2023\/08\/que-es-app-store-300x94.png\" alt=\"\" width=\"881\" height=\"276\" srcset=\"https:\/\/www.appyweb.es\/diccionario\/wp-content\/uploads\/2023\/08\/que-es-app-store-300x94.png 300w, https:\/\/www.appyweb.es\/diccionario\/wp-content\/uploads\/2023\/08\/que-es-app-store-768x241.png 768w, https:\/\/www.appyweb.es\/diccionario\/wp-content\/uploads\/2023\/08\/que-es-app-store.png 900w\" sizes=\"auto, (max-width: 881px) 100vw, 881px\" \/><\/p>\n<p>Las tiendas de aplicaciones han facilitado a los usuarios el acceso a programas y contenidos interactivos para sus m\u00f3viles,\u00a0<strong>una de las m\u00e1s famosas es la App Store<\/strong>, ofrece servicios disponibles para casi todos los dispositivos de Apple, \u00bfQuieres ver c\u00f3mo funciona? Sigue leyendo.<\/p>\n<h2>\u00bfQu\u00e9 es App Store?<\/h2>\n<p>Es un servicio para ser utilizado <strong>exclusivamente por iPhone, iPod Touch y iPad<\/strong> el cual permite a los usuarios buscar y descargar todas las aplicaciones que han sido creadas para el sistema operativo iOS. Las aplicaciones subidas por los <a href=\"https:\/\/www.appyweb.es\/desarrollo-app\/\">desarrolladores<\/a> se logran descargar directamente en la plataforma de los dispositivos.<\/p>\n<h2>\u00bfPara qu\u00e9 sirve la App Store?<\/h2>\n<p>Todos los usuarios que utilizan las plataformas de iPhone, iPod Touch y iPad pueden tener acceso de forma gratuita, o a trav\u00e9s de alg\u00fan importe, a todas las aplicaciones que el servicio tiene en su cat\u00e1logo.<\/p>\n<p>Aparte de todos los programas disponibles, tambi\u00e9n ofrece una gran cantidad de servicios <strong>que permitir\u00e1n al usuario mantenerse informado y actualizado sobre nuevos programas<\/strong>, ofertas o los producto descargables m\u00e1s populares. El sistema incluso puede ofrecer recomendaciones basadas en las b\u00fasquedas anteriores o hasta<a href=\"https:\/\/www.appyweb.es\/desarrollo-app\/\"> permitir a los usuarios desarrollar su propia app.<\/a><\/p>\n<h2>Servicios que ofrece la App Store<\/h2>\n<ul>\n<li>Presenta un dise\u00f1o de pesta\u00f1as que te permite descubrir los programas m\u00e1s nuevos, se actualiza a diario<\/li>\n<li>El servicio cuenta con un conjunto de editores expertos que aportan su perspectiva sobre las primicias en el entorno a los productos.<\/li>\n<li>Muestra historias nuevas cada d\u00eda. Los editores investigan el impacto de los productos en las vidas de los usuarios.<br \/>\nGarantiza acceso a numerosas recomendaciones y consejos de uso.<\/li>\n<li>Expone listas tem\u00e1ticas que han sido dise\u00f1adas por los editores donde se encuentran recetas de cocina, juegos, deporte, entre otros.<\/li>\n<li>Cada d\u00eda se muestran juegos y programas diferentes.<\/li>\n<\/ul>\n<h2>\u00bfC\u00f3mo usar App Store?<\/h2>\n<p>Para empezar a utilizarla en un dispositivo Apple, simplemente hay que abrir la secci\u00f3n de aplicaciones. Es f\u00e1cil de distinguirla por su icono color azul con una letra \u201cA\u201d en color blanco.<br \/>\nSe selecciona y ya se puede buscar f\u00e1cilmente cualquier programa en su cat\u00e1logo, tambi\u00e9n se observar\u00e1n en pantalla las recomendaciones seleccionadas por popularidad.<\/p>\n<p>En otros dispositivos es indispensable abrir sesi\u00f3n en la tienda, al igual que en iTunes.<br \/>\nPara hacer esto, se debe abrir la secci\u00f3n de configuraci\u00f3n y buscar en iTunes, en ese men\u00fa interno seleccionar Cuenta y despu\u00e9s Iniciar Sesi\u00f3n.<br \/>\n<strong>Se debe utilizar el ID de Apple que viene con la compra del dispositivo y la contrase\u00f1a<\/strong>. Y listo, ya est\u00e1 disponible para descargar cualquier producto<\/p>\n<p><script type=\"application\/ld+json\">{\"@context\":\"https:\/\/schema.org\",\"@type\":\"FAQPage\",\"mainEntity\":[ \n{\"@type\":\"Question\",\"name\":\"\u00bfQu\u00e9 es App Store?\",\"acceptedAnswer\":{\"@type\":\"Answer\",\"text\":\"Es un servicio para ser utilizado exclusivamente por iPhone, iPod Touch y iPad el cual permite a los usuarios buscar y descargar todas las aplicaciones que han sido creadas para el sistema operativo iOS. Las aplicaciones subidas por los desarrolladores se logran descargar directamente en la plataforma de los dispositivos.\"}},\n{\"@type\":\"Question\",\"name\":\"\u00bfPara qu\u00e9 sirve la App Store?\",\"acceptedAnswer\":{\"@type\":\"Answer\",\"text\":\"Todos los usuarios que utilizan las plataformas de iPhone, iPod Touch y iPad pueden tener acceso de forma gratuita, o a trav\u00e9s de alg\u00fan importe, a todas las aplicaciones que el servicio tiene en su cat\u00e1logo.<\/p>\n<p>Aparte de todos los programas disponibles, tambi\u00e9n ofrece una gran cantidad de servicios que permitir\u00e1n al usuario mantenerse informado y actualizado sobre nuevos programas, ofertas o los producto descargables m\u00e1s populares. El sistema incluso puede ofrecer recomendaciones basadas en las b\u00fasquedas anteriores o hasta permitir a los usuarios desarrollar su propia app.\"}},\n{\"@type\":\"Question\",\"name\":\"Servicios que ofrece la App Store\",\"acceptedAnswer\":{\"@type\":\"Answer\",\"text\":\"Presenta un dise\u00f1o de pesta\u00f1as que te permite descubrir los programas m\u00e1s nuevos, se actualiza a diario<\/p>\n<p>El servicio cuenta con un conjunto de editores expertos que aportan su perspectiva sobre las primicias en el entorno a los productos.<\/p>\n<p>Muestra historias nuevas cada d\u00eda. Los editores investigan el impacto de los productos en las vidas de los usuarios.\nGarantiza acceso a numerosas recomendaciones y consejos de uso.<\/p>\n<p>Expone listas tem\u00e1ticas que han sido dise\u00f1adas por los editores donde se encuentran recetas de cocina, juegos, deporte, entre otros.<\/p>\n<p>Cada d\u00eda se muestran juegos y programas diferentes.\"}},\n{\"@type\":\"Question\",\"name\":\"\u00bfC\u00f3mo usar App Store?\",\"acceptedAnswer\":{\"@type\":\"Answer\",\"text\":\"Para empezar a utilizarla en un dispositivo Apple, simplemente hay que abrir la secci\u00f3n de aplicaciones. Es f\u00e1cil de distinguirla por su icono color azul con una letra \u201cA\u201d en color blanco.\nSe selecciona y ya se puede buscar f\u00e1cilmente cualquier programa en su cat\u00e1logo, tambi\u00e9n se observar\u00e1n en pantalla las recomendaciones seleccionadas por popularidad.<\/p>\n<p>En otros dispositivos es indispensable abrir sesi\u00f3n en la tienda, al igual que en iTunes.\nPara hacer esto, se debe abrir la secci\u00f3n de configuraci\u00f3n y buscar en iTunes, en ese men\u00fa interno seleccionar Cuenta y despu\u00e9s Iniciar Sesi\u00f3n.\nSe debe utilizar el ID de Apple que viene con la compra del dispositivo y la contrase\u00f1a. Y listo, ya est\u00e1 disponible para descargar cualquier producto.\"}}\n]}<\/script><br \/>\n&nbsp;<\/p>\n<h2><span id=\"%F0%9F%93%8C_Mas_informacion_sobre_App_Store\" class=\"ez-toc-section\"><\/span>M\u00e1s informaci\u00f3n sobre App Store<\/h2>\n<ul>\n<li><a href=\"https:\/\/www.appyweb.es\/diccionario\/app\/\">\u00bfQu\u00e9 es una APP y para qu\u00e9 sirve?<\/a><\/li>\n<li><a href=\"https:\/\/es.wikipedia.org\/wiki\/App_Store_(iOS)#Clasificaci%C3%B3n_de_aplicaciones\" rel=\"nofollow noopener\" target=\"_blank\">Clasificaci\u00f3n de aplicaciones de la tienda de Apple<\/a>.<\/li>\n<\/ul>\n","protected":false},"excerpt":{"rendered":"<p>Las tiendas de aplicaciones han facilitado a los usuarios el acceso a programas y contenidos interactivos para sus m\u00f3viles,\u00a0una de las m\u00e1s famosas es la App Store, ofrece servicios disponibles para casi todos los dispositivos de Apple, \u00bfQuieres ver c\u00f3mo funciona? Sigue leyendo. \u00bfQu\u00e9 es App Store? Es un servicio para ser utilizado exclusivamente por [&hellip;]<\/p>\n","protected":false},"author":1,"featured_media":8318,"parent":0,"menu_order":0,"comment_status":"closed","ping_status":"closed","template":"","meta":{"inline_featured_image":false,"footnotes":""},"class_list":["post-161","page","type-page","status-publish","has-post-thumbnail","hentry"],"_links":{"self":[{"href":"https:\/\/www.appyweb.es\/diccionario\/wp-json\/wp\/v2\/pages\/161","targetHints":{"allow":["GET"]}}],"collection":[{"href":"https:\/\/www.appyweb.es\/diccionario\/wp-json\/wp\/v2\/pages"}],"about":[{"href":"https:\/\/www.appyweb.es\/diccionario\/wp-json\/wp\/v2\/types\/page"}],"author":[{"embeddable":true,"href":"https:\/\/www.appyweb.es\/diccionario\/wp-json\/wp\/v2\/users\/1"}],"replies":[{"embeddable":true,"href":"https:\/\/www.appyweb.es\/diccionario\/wp-json\/wp\/v2\/comments?post=161"}],"version-history":[{"count":9,"href":"https:\/\/www.appyweb.es\/diccionario\/wp-json\/wp\/v2\/pages\/161\/revisions"}],"predecessor-version":[{"id":11247,"href":"https:\/\/www.appyweb.es\/diccionario\/wp-json\/wp\/v2\/pages\/161\/revisions\/11247"}],"wp:featuredmedia":[{"embeddable":true,"href":"https:\/\/www.appyweb.es\/diccionario\/wp-json\/wp\/v2\/media\/8318"}],"wp:attachment":[{"href":"https:\/\/www.appyweb.es\/diccionario\/wp-json\/wp\/v2\/media?parent=161"}],"curies":[{"name":"wp","href":"https:\/\/api.w.org\/{rel}","templated":true}]}}