{"id":16425,"date":"2024-10-29T13:25:07","date_gmt":"2024-10-29T13:25:07","guid":{"rendered":"https:\/\/www.appyweb.es\/diccionario\/?page_id=16425"},"modified":"2024-10-29T13:25:07","modified_gmt":"2024-10-29T13:25:07","slug":"casino777","status":"publish","type":"page","link":"https:\/\/www.appyweb.es\/diccionario\/casino777\/","title":{"rendered":"Casino777"},"content":{"rendered":"<p><img loading=\"lazy\" decoding=\"async\" class=\"alignnone wp-image-16426 \" src=\"https:\/\/www.appyweb.es\/diccionario\/wp-content\/uploads\/2024\/10\/Casino777.es_general-blog-image_3-990x743-1.jpg\" alt=\"\" width=\"989\" height=\"742\" srcset=\"https:\/\/www.appyweb.es\/diccionario\/wp-content\/uploads\/2024\/10\/Casino777.es_general-blog-image_3-990x743-1.jpg 990w, https:\/\/www.appyweb.es\/diccionario\/wp-content\/uploads\/2024\/10\/Casino777.es_general-blog-image_3-990x743-1-300x225.jpg 300w, https:\/\/www.appyweb.es\/diccionario\/wp-content\/uploads\/2024\/10\/Casino777.es_general-blog-image_3-990x743-1-768x576.jpg 768w\" sizes=\"auto, (max-width: 989px) 100vw, 989px\" \/><\/p>\n<p><span style=\"font-weight: 400;\">Casino777 es una compa\u00f1\u00eda de juego en Espa\u00f1a que lleva a\u00f1os ofreciendo servicios en el pa\u00eds. De hecho, en los \u00faltimos a\u00f1os se ha convertido en uno de los <\/span><a href=\"https:\/\/www.casino777.es\/\" target=\"_blank\" rel=\"noopener\"><span style=\"font-weight: 400;\">online casino Spain<\/span><\/a><span style=\"font-weight: 400;\"> m\u00e1s grandes, mejorando su oferta en todo momento.<\/span><\/p>\n<p><span style=\"font-weight: 400;\">Su popularidad se debe al gran cuidado que tiene el producto que ofrece a los jugadores espa\u00f1oles. Los juegos de azar en l\u00ednea se han convertido en una industria enorme en los \u00faltimos dos a\u00f1os. Es m\u00e1s, la tendencia natural de la gente a jugar es lo que realmente ha empujado a esta industria a crecer y a traer cosas nuevas a la mesa de juego, y hoy en d\u00eda es una de las mayores industrias.<\/span><\/p>\n<h2><span style=\"font-weight: 400;\">\u00bfQu\u00e9 es Casino777?<\/span><\/h2>\n<p><span style=\"font-weight: 400;\">Como ya se ha avanzado anteriormente, Casino777 es un casino online que opera en varios pa\u00edses europeos, donde destaca Espa\u00f1a. Pese a la gran competitividad dentro del mercado, Casino777 ha estado creciendo a\u00f1o tras a\u00f1o para proclamarse como una de las referencias en los juegos de azar espa\u00f1oles.<\/span><\/p>\n<p><span style=\"font-weight: 400;\">Los casinos en l\u00ednea son la columna vertebral del juego en l\u00ednea ya que son plataformas donde se alojan todos los juegos. Para empezar a jugar y probar suerte, hay que crear una cuenta en Casino777 y realizar un dep\u00f3sito en su web. M\u00e1s tarde se puede echar un vistazo a los m\u00e9todos de pago que ofrece para realizar pagos.<\/span><\/p>\n<h2><span style=\"font-weight: 400;\">Tipos de juegos disponibles en Casino777<\/span><\/h2>\n<p><span style=\"font-weight: 400;\">Durante siglos, el atractivo de los juegos de casino ha sorprendido a jugadores de todo el mundo, atray\u00e9ndolos hacia la emoci\u00f3n del azar y la fortuna. El auge de los casinos online ha alcanzado cotas fenomenales, ofreciendo a los aficionados la oportunidad de disfrutar de sus pasatiempos favoritos desde la comodidad de sus hogares.<\/span><\/p>\n<p><span style=\"font-weight: 400;\">Algunos operadores incluso ofrecen bonificaciones para atraer usuarios, pero suelen tener t\u00e9rminos y condiciones exigentes. Casino777 prefiere centrarse en recompensar a los usuarios que juegan en su web cada semana.<\/span><\/p>\n<p><span style=\"font-weight: 400;\">Los casinos llevan mucho tiempo siendo un destino popular para quienes buscan entretenimiento. Desde el brillo y el glamour de los establecimientos tradicionales hasta la comodidad de las plataformas en l\u00ednea, el atractivo de los juegos de casino es innegable. En Espa\u00f1a, donde el juego tiene una rica historia, la variedad de juegos de casino disponibles es amplia y diversa.<\/span><\/p>\n<p><span style=\"font-weight: 400;\">En esta secci\u00f3n, exploraremos los diferentes tipos de juegos de casino disponibles en Casino777.<\/span><\/p>\n<h2><span style=\"font-weight: 400;\">Tragaperras<\/span><\/h2>\n<p><span style=\"font-weight: 400;\">Las m\u00e1quinas tragaperras o las m\u00e1quinas de fruta son los juegos de casino m\u00e1s omnipresentes. Son juegos sencillos pero cautivadores, con rodillos adornados con diversos s\u00edmbolos. Los jugadores apuestan y hacen girar los rodillos, con la esperanza de hacer coincidir s\u00edmbolos en las l\u00edneas de pago para ganar premios. Casino777 ofrece miles de ellas, siendo uno de los casinos online con m\u00e1s juegos de este tipo.<\/span><\/p>\n<p><span style=\"font-weight: 400;\">Las tragaperras tienen muchos temas, desde los cl\u00e1sicos s\u00edmbolos frutales hasta elaboradas animaciones de v\u00eddeo. El atractivo de las tragaperras reside en su accesibilidad y en la posibilidad de ganar enormes botes gracias a las tragaperras progresivas.<\/span><\/p>\n<h2><span style=\"font-weight: 400;\">Juegos de mesa<\/span><\/h2>\n<p><span style=\"font-weight: 400;\">Los juegos de mesa constituyen la piedra angular de cualquier casino, ya que ofrecen una experiencia de juego m\u00e1s interactiva y estrat\u00e9gica. Estos son los juegos de mesa disponibles en Casino777.<\/span><\/p>\n<p><b>Blackjack:<\/b><span style=\"font-weight: 400;\"> Tambi\u00e9n conocido como veintiuno, el blackjack es un juego de cartas en el que los jugadores aspiran a ganar a la mano del crupier sin superar el 21. Combina suerte y habilidad, ya que los jugadores deben decidir en funci\u00f3n de las cartas que se les reparten y de la carta descubierta del crupier.\u00a0<\/span><\/p>\n<p><b>Ruleta:<\/b><span style=\"font-weight: 400;\"> La ruleta es un juego de azar que se juega en una rueda giratoria con casillas numeradas. Los jugadores pueden apostar por n\u00fameros individuales, grupos de n\u00fameros o si la bola caer\u00e1 en rojo o negro. Su sencillez y emoci\u00f3n la convierten en una de las favoritas de los jugadores de Casino777.<\/span><\/p>\n<p><b>Video poker: <\/b><span style=\"font-weight: 400;\">El p\u00f3quer engloba una gran variedad de juegos de cartas, cada uno con sus propias reglas y estrategias. Desde el Texas Hold&#8217;em hasta el Omaha, el p\u00f3quer requiere habilidad, paciencia y un profundo conocimiento de las probabilidades. Casino777 ofrece el video poker para que los usuarios puedan tratar de ganar con la mejor mano.<\/span><\/p>\n<p><b>Baccarat:<\/b><span style=\"font-weight: 400;\"> Originario de Francia, el baccarat es un juego de cartas popularizado por las pel\u00edculas de<\/span><a href=\"https:\/\/www.fotogramas.es\/noticias-cine\/g493567\/james-bond-peliculas\/\" rel=\"nofollow noopener\" target=\"_blank\"> <span style=\"font-weight: 400;\">James Bond<\/span><\/a><span style=\"font-weight: 400;\">. Los jugadores apuestan sobre si la mano de la banca, la del jugador o ambas tendr\u00e1n un total cercano al nueve. A pesar de su fama de exclusivo, el bacar\u00e1 es f\u00e1cil de aprender.<\/span><\/p>\n<h2><span style=\"font-weight: 400;\">Juegos de casino en vivo<\/span><\/h2>\n<p><span style=\"font-weight: 400;\">Con el auge de los casinos en l\u00ednea, los juegos con crupier en vivo se han hecho cada vez m\u00e1s populares entre los jugadores de Espa\u00f1a. Estos juegos tienden un puente entre los casinos virtuales y los f\u00edsicos, ofreciendo una experiencia envolvente con interacci\u00f3n en tiempo real.<\/span><\/p>\n<p><span style=\"font-weight: 400;\">En Casino777 se puede disfrutar de los juegos en vivo del proveedor Evolution Gaming. Gracias a ello, los usuarios pueden interactuar con el crupier para tener una experiencia m\u00e1s real.<\/span><\/p>\n<h2><span style=\"font-weight: 400;\">Atenci\u00f3n al cliente en Casino777<\/span><\/h2>\n<p><span style=\"font-weight: 400;\">El servicio de atenci\u00f3n al cliente es el primer punto de contacto para los jugadores que tienen problemas o buscan ayuda mientras utilizan una plataforma de casino online. Ya se trate de un problema t\u00e9cnico, una pregunta sobre el juego o una solicitud de informaci\u00f3n, contar con un servicio de atenci\u00f3n al cliente disponible garantiza que los jugadores puedan obtener asistencia inmediata. Este es uno de los aspectos m\u00e1s destacados de Casino777 es su atenci\u00f3n al cliente en espa\u00f1ol a trav\u00e9s de correo electr\u00f3nico, chat en vivo e incluso<\/span><a href=\"https:\/\/www.appyweb.es\/diccionario\/whatsapp\/\"><span style=\"font-weight: 400;\">WhatsApp<\/span><\/a><span style=\"font-weight: 400;\">.<\/span><\/p>\n<p><span style=\"font-weight: 400;\">El equipo est\u00e1 disponible durante la mayor parte del d\u00eda. El servicio de atenci\u00f3n al cliente contribuye a la seguridad general. Los agentes est\u00e1n formados para verificar la identidad de los jugadores e investigar cualquier actividad sospechosa o posible fraude. Este enfoque proactivo ayuda a proteger a los jugadores y a mantener la integridad de la plataforma.<\/span><\/p>\n<p><span style=\"font-weight: 400;\">La plataforma tambi\u00e9n cuenta con un agente VIP para los jugadores m\u00e1s fieles a la plataforma, que reciben atenci\u00f3n personalizada para tener una experiencia de juego todav\u00eda mejor.<\/span><\/p>\n<p>&nbsp;<\/p>\n","protected":false},"excerpt":{"rendered":"<p>Casino777 es una compa\u00f1\u00eda de juego en Espa\u00f1a que lleva a\u00f1os ofreciendo servicios en el pa\u00eds. De hecho, en los \u00faltimos a\u00f1os se ha convertido en uno de los online casino Spain m\u00e1s grandes, mejorando su oferta en todo momento. Su popularidad se debe al gran cuidado que tiene el producto que ofrece a los [&hellip;]<\/p>\n","protected":false},"author":1,"featured_media":16426,"parent":0,"menu_order":0,"comment_status":"closed","ping_status":"closed","template":"","meta":{"inline_featured_image":false,"footnotes":""},"class_list":["post-16425","page","type-page","status-publish","has-post-thumbnail","hentry"],"_links":{"self":[{"href":"https:\/\/www.appyweb.es\/diccionario\/wp-json\/wp\/v2\/pages\/16425","targetHints":{"allow":["GET"]}}],"collection":[{"href":"https:\/\/www.appyweb.es\/diccionario\/wp-json\/wp\/v2\/pages"}],"about":[{"href":"https:\/\/www.appyweb.es\/diccionario\/wp-json\/wp\/v2\/types\/page"}],"author":[{"embeddable":true,"href":"https:\/\/www.appyweb.es\/diccionario\/wp-json\/wp\/v2\/users\/1"}],"replies":[{"embeddable":true,"href":"https:\/\/www.appyweb.es\/diccionario\/wp-json\/wp\/v2\/comments?post=16425"}],"version-history":[{"count":1,"href":"https:\/\/www.appyweb.es\/diccionario\/wp-json\/wp\/v2\/pages\/16425\/revisions"}],"predecessor-version":[{"id":16427,"href":"https:\/\/www.appyweb.es\/diccionario\/wp-json\/wp\/v2\/pages\/16425\/revisions\/16427"}],"wp:featuredmedia":[{"embeddable":true,"href":"https:\/\/www.appyweb.es\/diccionario\/wp-json\/wp\/v2\/media\/16426"}],"wp:attachment":[{"href":"https:\/\/www.appyweb.es\/diccionario\/wp-json\/wp\/v2\/media?parent=16425"}],"curies":[{"name":"wp","href":"https:\/\/api.w.org\/{rel}","templated":true}]}}