{"id":16447,"date":"2025-03-25T11:13:51","date_gmt":"2025-03-25T11:13:51","guid":{"rendered":"https:\/\/www.appyweb.es\/diccionario\/?page_id=16447"},"modified":"2025-03-25T11:13:51","modified_gmt":"2025-03-25T11:13:51","slug":"igaming","status":"publish","type":"page","link":"https:\/\/www.appyweb.es\/diccionario\/igaming\/","title":{"rendered":"iGaming"},"content":{"rendered":"<p><img loading=\"lazy\" decoding=\"async\" class=\"alignnone wp-image-16433 size-full\" src=\"https:\/\/www.appyweb.es\/diccionario\/wp-content\/uploads\/2025\/03\/igaming.png\" alt=\"iGaming: Juego online con apuestas reales\" width=\"915\" height=\"549\" srcset=\"https:\/\/www.appyweb.es\/diccionario\/wp-content\/uploads\/2025\/03\/igaming.png 915w, https:\/\/www.appyweb.es\/diccionario\/wp-content\/uploads\/2025\/03\/igaming-300x180.png 300w, https:\/\/www.appyweb.es\/diccionario\/wp-content\/uploads\/2025\/03\/igaming-768x461.png 768w\" sizes=\"auto, (max-width: 915px) 100vw, 915px\" \/><\/p>\n<p><span style=\"font-weight: 400;\">iGaming\u201d (o \u201cjuego en l\u00ednea\u201d, en espa\u00f1ol) es el t\u00e9rmino que se usa para referirse a todas las actividades de juego en l\u00ednea que involucran apuestas con dinero real; desde casinos en l\u00ednea y apuestas deportivas hasta el p\u00f3ker y las loter\u00edas digitales.\u00a0<\/span><\/p>\n<p><span style=\"font-weight: 400;\">Esta industria, que ha crecido de forma exponencial en los \u00faltimos a\u00f1os, viene impulsada por la innovaci\u00f3n tecnol\u00f3gica junto con una regulaci\u00f3n estrictamente estructurada y cuidada. Adem\u00e1s, su atractivo radica en la accesibilidad (posible gracias a las nuevas tecnolog\u00edas) la variedad de juegos y la posibilidad de <\/span><a href=\"https:\/\/igamingfuturo.com\/noticias-de-socios\/transformar-espectadores-en-participantes\/\" rel=\"nofollow noopener\" target=\"_blank\"><span style=\"font-weight: 400;\">interactuar en tiempo real<\/span><\/a><span style=\"font-weight: 400;\"> con jugadores alrededor de todo el mundo.<\/span><\/p>\n<p>&nbsp;<\/p>\n<h2><span style=\"font-weight: 400;\">Origen y evoluci\u00f3n\u00a0<\/span><\/h2>\n<h3><span style=\"font-weight: 400;\">Los inicios<\/span><\/h3>\n<p><span style=\"font-weight: 400;\">El iGaming es un t\u00e9rmino que naci\u00f3 con la llegada de internet y el desarrollo de los primeros sistemas de apuestas digitales en la d\u00e9cada de 1990. M\u00e1s tarde, en 1994, la empresa Microgaming cre\u00f3 el primer software de casino en l\u00ednea, mientras que Antigua y Barbuda (pa\u00eds del Caribe formado por dos islas con dichos nombres, conocido por ser pionero en t\u00e9rminos de enfoque regulador) fue uno de los primeros pa\u00edses en crear un marco legal con el fin de regular el juego en l\u00ednea con la Ley de Libre Comercio y Procesamiento.\u00a0<\/span><\/p>\n<p><span style=\"font-weight: 400;\">Este proceso allan\u00f3 el camino para la proliferaci\u00f3n de plataformas en l\u00ednea que, hoy, conforman ya una industria multimillonaria y con un n\u00famero de clientes que supera las expectativas iniciales. Adem\u00e1s, a medida que la tecnolog\u00eda va avanzando, lo hace con ello diferentes aspectos, como los m\u00e9todos de pago que se vieron con la necesidad de adaptarse a los cambios del mercado y de los consumidores. Actualmente el sector cuenta con unas de las formas de pago m\u00e1s seguras y fiables, pero si quieres agilizar el proceso de b\u00fasqueda consulta la <\/span><a href=\"https:\/\/time2play.com\/es\/casinos\/dinero-real\/\" target=\"_blank\" rel=\"noopener\"><span style=\"font-weight: 400;\">lista de Time2Play.com<\/span><\/a><span style=\"font-weight: 400;\">, donde encontrar\u00e1s una amplia selecci\u00f3n de las plataformas m\u00e1s bien valoradas por los usuarios.<\/span><\/p>\n<p>&nbsp;<\/p>\n<h3><span style=\"font-weight: 400;\">Expansi\u00f3n y consolidaci\u00f3n del sector<\/span><\/h3>\n<ul>\n<li style=\"font-weight: 400;\" aria-level=\"1\"><b>Los a\u00f1os 2000:<\/b><span style=\"font-weight: 400;\"> El auge del internet de alta velocidad y el gran avance en los sistemas de seguridad digital fueron los que impulsaron la expansi\u00f3n del iGaming. Las casas de apuestas deportivas se trasladaron y adaptaron al nuevo entorno digital y el p\u00f3ker, ahora en l\u00ednea, experiment\u00f3 su primer gran \u201cboom\u201d con torneos y premios que lograron captar la atenci\u00f3n global.<\/span><\/li>\n<\/ul>\n<p>&nbsp;<\/p>\n<ul>\n<li style=\"font-weight: 400;\" aria-level=\"1\"><b>La era del m\u00f3vil (del a\u00f1o 2010 en adelante):<\/b><span style=\"font-weight: 400;\"> La <\/span><a href=\"https:\/\/www.appyweb.es\/la-estrategia-marketing-perfecta-mercado-espanol-igaming\/\"><span style=\"font-weight: 400;\">llegada de los tel\u00e9fonos m\u00f3viles<\/span><\/a><span style=\"font-weight: 400;\"> fue un punto crucial y de vital importancia, marcando un momento decisivo para su gran avance. Esto hizo posible la aparici\u00f3n de las aplicaciones de entretenimiento online, anteriormente inexistentes, que abrieron la posibilidad de acceder a los juegos desde cualquier lugar.\u00a0<\/span><\/li>\n<\/ul>\n<p>&nbsp;<\/p>\n<ul>\n<li style=\"font-weight: 400;\" aria-level=\"1\"><b>Factor clave: regulaci\u00f3n y transparencia:<\/b><span style=\"font-weight: 400;\"> A medida que el sector iba creciendo, los gobiernos de distintos pa\u00edses comenzaron a notar la importancia de contar con marcos regulatorios estrictos que asegurasen la transparencia y la seguridad de los jugadores, priorizando el juego responsable y la seguridad de sus usuarios. Este factor, que ahora puede parecer algo muy obvio, marc\u00f3 un antes y un despu\u00e9s para el sector.<\/span><\/li>\n<\/ul>\n<p>&nbsp;<\/p>\n<ul>\n<li style=\"font-weight: 400;\" aria-level=\"1\"><b>La aparici\u00f3n de las innovaciones tecnol\u00f3gicas:<\/b><span style=\"font-weight: 400;\"> Actualmente, nos encontramos con un sector que sigue evolucionando. Novedades como la incorporaci\u00f3n de inteligencia artificial, las criptomonedas y las experiencias en tiempo real acercan a los jugadores a una experiencia similar a la de un establecimiento f\u00edsico.\u00a0<\/span><\/li>\n<\/ul>\n<p>&nbsp;<\/p>\n<h2><span style=\"font-weight: 400;\">Clave para una experiencia segura en iGaming<\/span><\/h2>\n<p><span style=\"font-weight: 400;\">El creciente inter\u00e9s hacia el sector de los juegos en l\u00ednea ha tra\u00eddo consigo la aparici\u00f3n de muchas plataformas, pero es importante destacar que no todas garantizan la misma seguridad ni transparencia. Para jugar con confianza y tranquilidad, es importante elegir sitios que cuenten con licencias oficiales, m\u00e9todos de pago seguros y que promuevan el juego responsable. Esto garantizar\u00e1 que tu experiencia sea no solo divertida, sino tambi\u00e9n segura.<\/span><\/p>\n<p><span style=\"font-weight: 400;\">Aunque se puedan encontrar ofertas muy interesantes y atractivas, a simple vista, en el mercado, la calidad y seguridad no son iguales en todas. Factores clave como son: la reputaci\u00f3n de la plataforma, los m\u00e9todos de pago disponibles y la atenci\u00f3n al cliente son fundamentales para lograr una experiencia de juego \u00f3ptima.\u00a0<\/span><\/p>\n<p><span style=\"font-weight: 400;\">M\u00e1s que una tendencia, el iGaming se ha consolidado como una de las formas de entretenimiento digital m\u00e1s din\u00e1micas, populares y en expansi\u00f3n a nivel global. Con avances constantes en tecnolog\u00eda y regulaci\u00f3n, este sector seguir\u00e1 ofreciendo experiencias cada vez m\u00e1s inmersivas, innovadoras, seguras y accesibles para jugadores de todo el mundo.<\/span><\/p>\n<p>&nbsp;<\/p>\n","protected":false},"excerpt":{"rendered":"<p>iGaming\u201d (o \u201cjuego en l\u00ednea\u201d, en espa\u00f1ol) es el t\u00e9rmino que se usa para referirse a todas las actividades de juego en l\u00ednea que involucran apuestas con dinero real; desde casinos en l\u00ednea y apuestas deportivas hasta el p\u00f3ker y las loter\u00edas digitales.\u00a0 Esta industria, que ha crecido de forma exponencial en los \u00faltimos a\u00f1os, [&hellip;]<\/p>\n","protected":false},"author":1,"featured_media":0,"parent":0,"menu_order":0,"comment_status":"closed","ping_status":"closed","template":"","meta":{"inline_featured_image":false,"footnotes":""},"class_list":["post-16447","page","type-page","status-publish","hentry"],"_links":{"self":[{"href":"https:\/\/www.appyweb.es\/diccionario\/wp-json\/wp\/v2\/pages\/16447","targetHints":{"allow":["GET"]}}],"collection":[{"href":"https:\/\/www.appyweb.es\/diccionario\/wp-json\/wp\/v2\/pages"}],"about":[{"href":"https:\/\/www.appyweb.es\/diccionario\/wp-json\/wp\/v2\/types\/page"}],"author":[{"embeddable":true,"href":"https:\/\/www.appyweb.es\/diccionario\/wp-json\/wp\/v2\/users\/1"}],"replies":[{"embeddable":true,"href":"https:\/\/www.appyweb.es\/diccionario\/wp-json\/wp\/v2\/comments?post=16447"}],"version-history":[{"count":1,"href":"https:\/\/www.appyweb.es\/diccionario\/wp-json\/wp\/v2\/pages\/16447\/revisions"}],"predecessor-version":[{"id":16448,"href":"https:\/\/www.appyweb.es\/diccionario\/wp-json\/wp\/v2\/pages\/16447\/revisions\/16448"}],"wp:attachment":[{"href":"https:\/\/www.appyweb.es\/diccionario\/wp-json\/wp\/v2\/media?parent=16447"}],"curies":[{"name":"wp","href":"https:\/\/api.w.org\/{rel}","templated":true}]}}