{"id":168,"date":"2023-06-19T13:42:13","date_gmt":"2023-06-19T13:42:13","guid":{"rendered":"https:\/\/www.appyweb.es\/diccionario\/?page_id=168"},"modified":"2024-02-19T23:45:04","modified_gmt":"2024-02-19T23:45:04","slug":"arana-web","status":"publish","type":"page","link":"https:\/\/www.appyweb.es\/diccionario\/arana-web\/","title":{"rendered":"Ara\u00f1a web"},"content":{"rendered":"<p><img loading=\"lazy\" decoding=\"async\" class=\"wp-image-11178 \" src=\"https:\/\/www.appyweb.es\/diccionario\/wp-content\/uploads\/2024\/02\/Rastreadores-web_11zon-300x227.png\" alt=\"&quot;Definici\u00f3n de Ara\u00f1a Web en el Diccionario Online\" width=\"874\" height=\"661\" srcset=\"https:\/\/www.appyweb.es\/diccionario\/wp-content\/uploads\/2024\/02\/Rastreadores-web_11zon-300x227.png 300w, https:\/\/www.appyweb.es\/diccionario\/wp-content\/uploads\/2024\/02\/Rastreadores-web_11zon-768x580.png 768w, https:\/\/www.appyweb.es\/diccionario\/wp-content\/uploads\/2024\/02\/Rastreadores-web_11zon.png 900w\" sizes=\"auto, (max-width: 874px) 100vw, 874px\" \/><\/p>\n<p>Al hacer una consulta en Internet, el buscador muestra los resultados que m\u00e1s similitud tienen.<br \/>\nPara hacer esto se realiza una evaluaci\u00f3n que determina las mejores p\u00e1ginas de referencia,\u00a0<strong>esta evaluaci\u00f3n es llevada a cabo por las ara\u00f1as web<\/strong>, peque\u00f1os robots capaces de leer sitios enteros en milisegundos para ofrecer al usuario los resultados m\u00e1s acordes a la consulta.<\/p>\n<h2>\u00bfQu\u00e9 es una ara\u00f1a web?<\/h2>\n<p>T\u00e9cnicamente, <strong>se trata de un programa inform\u00e1tico<\/strong>, tiene la funci\u00f3n de rastrear y analizar las p\u00e1ginas registradas en Internet, tambi\u00e9n son conocidas como rastreadores, crawlers, user-agents o bots.<br \/>\nCrean copias de cada p\u00e1gina y las procesa seg\u00fan sus visitas en los motores de b\u00fasqueda, para ofrecer resultados r\u00e1pidamente.<\/p>\n<p>Se les llama ara\u00f1as porque son capaces de \u201csaltar\u201d de una red a otra para analizarlas, son b\u00e1sicamente los \u201cjueces\u201d del <a href=\"https:\/\/www.appyweb.es\/posicionamiento-web\/\">posicionamiento web<\/a>, ya que ellas determinar\u00e1n qu\u00e9 sitio vale la pena mostrar y cu\u00e1les no.<\/p>\n<h2>\u00bfPara qu\u00e9 sirve una ara\u00f1a web?<\/h2>\n<p>Se encarga de analizar las p\u00e1ginas existentes, para ser organizadas y mostradas en los buscadores, <strong>seg\u00fan su grado de importancia y similitud a la b\u00fasqueda.<\/strong><br \/>\nPara realizar esta evaluaci\u00f3n tambi\u00e9n se basan en distintos criterios, tanto dentro como fuera del sitio.<br \/>\nPara cumplir con esos requisitos se ponen en pr\u00e1ctica estrategias como <a href=\"https:\/\/www.appyweb.es\/redaccion-textos-seo\/\">SEO On Page<\/a> y SEO Off Page.<\/p>\n<p>Tiene otras dos importantes funciones, una para verificar que la p\u00e1gina no est\u00e9 da\u00f1ada, es decir, que no cuente con errores de c\u00f3digo o programaci\u00f3n.<br \/>\nY otra para buscar (dentro de millones opciones) las mejores ofertas de alg\u00fan producto en las tiendas online.<\/p>\n<h2>\u00bfC\u00f3mo funciona una ara\u00f1a web?<\/h2>\n<p>Funciona de manera totalmente automatizada, se le considera un bot.<br \/>\nA trav\u00e9s de algoritmos, <strong>descarga la informaci\u00f3n de millones de p\u00e1ginas y las indexa seg\u00fan las m\u00e1s recurrentes por los usuarios.<\/strong><\/p>\n<p>El proceso se resume de la siguiente manera:<\/p>\n<p>* \u00a0Recolecta la informaci\u00f3n solicitada por el usuario.<br \/>\n* Inspecciona p\u00e1ginas para crear ficheros.<br \/>\n* Organiza cada una de las p\u00e1ginas, seg\u00fan sus visitas.<br \/>\n* Muestra los resultados en el buscador de manera casi inmediata.<\/p>\n<p><script type=\"application\/ld+json\">{\"@context\":\"https:\/\/schema.org\",\"@type\":\"FAQPage\",\"mainEntity\":[ \n{\"@type\":\"Question\",\"name\":\"\u00bfQu\u00e9 es una ara\u00f1a web?\",\"acceptedAnswer\":{\"@type\":\"Answer\",\"text\":\"T\u00e9cnicamente, se trata de un programa inform\u00e1tico, tiene la funci\u00f3n de rastrear y analizar las p\u00e1ginas registradas en Internet, tambi\u00e9n son conocidas como rastreadores, crawlers, user-agents o bots.\nCrean copias de cada p\u00e1gina y las procesa seg\u00fan sus visitas en los motores de b\u00fasqueda, para ofrecer resultados r\u00e1pidamente.<\/p>\n<p>Se les llama ara\u00f1as porque son capaces de \u201csaltar\u201d de una red a otra para analizarlas, son b\u00e1sicamente los \u201cjueces\u201d del posicionamiento web, ya que ellas determinar\u00e1n qu\u00e9 sitio vale la pena mostrar y cu\u00e1les no.\"}},\n{\"@type\":\"Question\",\"name\":\"\u00bfPara qu\u00e9 sirve una ara\u00f1a web?\",\"acceptedAnswer\":{\"@type\":\"Answer\",\"text\":\"Se encarga de analizar las p\u00e1ginas existentes, para ser organizadas y mostradas en los buscadores, seg\u00fan su grado de importancia y similitud a la b\u00fasqueda.\nPara realizar esta evaluaci\u00f3n tambi\u00e9n se basan en distintos criterios, tanto dentro como fuera del sitio.\nPara cumplir con esos requisitos se ponen en pr\u00e1ctica estrategias como SEO On Page y SEO Off Page.<\/p>\n<p>Tiene otras dos importantes funciones, una para verificar que la p\u00e1gina no est\u00e9 da\u00f1ada, es decir, que no cuente con errores de c\u00f3digo o programaci\u00f3n.\nY otra para buscar (dentro de millones opciones) las mejores ofertas de alg\u00fan producto en las tiendas online.\"}},\n{\"@type\":\"Question\",\"name\":\"\u00bfC\u00f3mo funciona una ara\u00f1a web?\",\"acceptedAnswer\":{\"@type\":\"Answer\",\"text\":\"Funciona de manera totalmente automatizada, se le considera un bot.\nA trav\u00e9s de algoritmos, descarga la informaci\u00f3n de millones de p\u00e1ginas y las indexa seg\u00fan las m\u00e1s recurrentes por los usuarios.<\/p>\n<p>El proceso se resume de la siguiente manera:<\/p>\n<p>Recolecta la informaci\u00f3n solicitada por el usuario.\nInspecciona p\u00e1ginas para crear ficheros.\nOrganiza cada una de las p\u00e1ginas, seg\u00fan sus visitas.\nMuestra los resultados en el buscador de manera casi inmediata.\n\"}}\n]}<\/script><\/p>\n<h2><span id=\"%F0%9F%93%8C_Mas_informacion_sobre_aranas_web\" class=\"ez-toc-section\"><\/span>M\u00e1s informaci\u00f3n sobre ara\u00f1as web<\/h2>\n<ul>\n<li><a href=\"https:\/\/www.appyweb.es\/diccionario\/algoritmo-de-google\/\">\u00bfQu\u00e9 es el Algoritmo de Google y para qu\u00e9 sirve?<\/a><\/li>\n<li><a href=\"https:\/\/www.lavanguardia.com\/vida\/junior-report\/20180928\/452053691426\/googlebot-arana-web-robots-algoritmos-seo.html\" rel=\"nofollow noopener\" target=\"_blank\">La ara\u00f1a web: \u00bfc\u00f3mo funciona Google?<\/a><\/li>\n<\/ul>\n<p>&nbsp;<\/p>\n","protected":false},"excerpt":{"rendered":"<p>Al hacer una consulta en Internet, el buscador muestra los resultados que m\u00e1s similitud tienen. Para hacer esto se realiza una evaluaci\u00f3n que determina las mejores p\u00e1ginas de referencia,\u00a0esta evaluaci\u00f3n es llevada a cabo por las ara\u00f1as web, peque\u00f1os robots capaces de leer sitios enteros en milisegundos para ofrecer al usuario los resultados m\u00e1s acordes [&hellip;]<\/p>\n","protected":false},"author":1,"featured_media":11178,"parent":0,"menu_order":0,"comment_status":"closed","ping_status":"closed","template":"","meta":{"inline_featured_image":false,"footnotes":""},"class_list":["post-168","page","type-page","status-publish","has-post-thumbnail","hentry"],"_links":{"self":[{"href":"https:\/\/www.appyweb.es\/diccionario\/wp-json\/wp\/v2\/pages\/168","targetHints":{"allow":["GET"]}}],"collection":[{"href":"https:\/\/www.appyweb.es\/diccionario\/wp-json\/wp\/v2\/pages"}],"about":[{"href":"https:\/\/www.appyweb.es\/diccionario\/wp-json\/wp\/v2\/types\/page"}],"author":[{"embeddable":true,"href":"https:\/\/www.appyweb.es\/diccionario\/wp-json\/wp\/v2\/users\/1"}],"replies":[{"embeddable":true,"href":"https:\/\/www.appyweb.es\/diccionario\/wp-json\/wp\/v2\/comments?post=168"}],"version-history":[{"count":9,"href":"https:\/\/www.appyweb.es\/diccionario\/wp-json\/wp\/v2\/pages\/168\/revisions"}],"predecessor-version":[{"id":11263,"href":"https:\/\/www.appyweb.es\/diccionario\/wp-json\/wp\/v2\/pages\/168\/revisions\/11263"}],"wp:featuredmedia":[{"embeddable":true,"href":"https:\/\/www.appyweb.es\/diccionario\/wp-json\/wp\/v2\/media\/11178"}],"wp:attachment":[{"href":"https:\/\/www.appyweb.es\/diccionario\/wp-json\/wp\/v2\/media?parent=168"}],"curies":[{"name":"wp","href":"https:\/\/api.w.org\/{rel}","templated":true}]}}