{"id":1719,"date":"2023-06-21T10:11:40","date_gmt":"2023-06-21T10:11:40","guid":{"rendered":"https:\/\/www.appyweb.es\/diccionario\/?page_id=1719"},"modified":"2024-04-03T08:34:30","modified_gmt":"2024-04-03T08:34:30","slug":"fold-en-seo","status":"publish","type":"page","link":"https:\/\/www.appyweb.es\/diccionario\/fold-en-seo\/","title":{"rendered":"Fold en SEO"},"content":{"rendered":"<h1><img loading=\"lazy\" decoding=\"async\" class=\"alignnone wp-image-13176\" src=\"https:\/\/www.appyweb.es\/diccionario\/wp-content\/uploads\/2024\/04\/FoldenSEO-300x180.jpg\" alt=\"Fold en SEO\" width=\"1145\" height=\"687\" srcset=\"https:\/\/www.appyweb.es\/diccionario\/wp-content\/uploads\/2024\/04\/FoldenSEO-300x180.jpg 300w, https:\/\/www.appyweb.es\/diccionario\/wp-content\/uploads\/2024\/04\/FoldenSEO-768x461.jpg 768w, https:\/\/www.appyweb.es\/diccionario\/wp-content\/uploads\/2024\/04\/FoldenSEO.jpg 1000w\" sizes=\"auto, (max-width: 1145px) 100vw, 1145px\" \/><\/h1>\n<p>Una p\u00e1gina comprende muchas secciones, entre ellas se encuentra el <em>fold<\/em>, es la parte principal de la p\u00e1gina, es decir, lo que el visitante ve primero al acceder. En SEO es importante utilizar esta secci\u00f3n para incentivar al visitante a seguir navegando y demostrar al buscador una buena experiencia de usuario.<\/p>\n<h2>\u00bfQu\u00e9 es fold en SEO?<\/h2>\n<p>El Fold en SEO es parte o porci\u00f3n que aparece al acceder a una plataforma digital, <strong>es el primer contacto visual que tiene el usuario hacia el sitio<\/strong>. Al momento en el que el usuario hace scroll con el rat\u00f3n estar\u00e1 visualizando lo que se conoce como bellow the fold.<\/p>\n<p>Est\u00e1 estrictamente <a href=\"https:\/\/www.appyweb.es\/diseno-web\/\">relacionado al dise\u00f1o del sitio digital<\/a>, as\u00ed como para la evaluaci\u00f3n de los algoritmos para el posicionamiento web. Ya que es uno de los principales elementos que ver\u00e1 el visitante y por lo tanto debe estar correctamente optimizado, evitando introducir informaci\u00f3n que sobrecargue la primera impresi\u00f3n.<\/p>\n<h2>\u00bfPara qu\u00e9 sirve?<\/h2>\n<p>Su contenido y la carga que tiene como elemento del dise\u00f1o digital lo hacen importante para <a href=\"https:\/\/www.appyweb.es\/posicionamiento-web\/\">obtener posicionamiento en buscadores.<\/a> Ser\u00e1 lo primero que vea el visitante sin la necesidad de hacer scroll, por lo que es indispensable para atraparlo y que siga navegando. Anteriormente, este espacio se utilizaba para introducir banners o publicidad.<\/p>\n<p>Sin embargo, actualmente tiene la funci\u00f3n de <strong>mejorar la optimizaci\u00f3n para los motores de b\u00fasqueda<\/strong>, ya que tiene un impacto decisivo para aumentar el tiempo de navegaci\u00f3n del usuario. Esto significa que una buena entrada puede dar paso a una buena experiencia de navegaci\u00f3n, siendo as\u00ed una de las mejores opciones para posicionar.<\/p>\n<h2>\u00bfC\u00f3mo utilizar el fold en SEO?<\/h2>\n<p>En este caso, es necesario mencionar que actualmente el <strong>22% de los usuarios no suelen llegar al final de la p\u00e1gina<\/strong>, por lo que es importante introducir toda la informaci\u00f3n relevante en la zona principal. Otros de los usos que se pueden aplicar son los siguientes.<\/p>\n<ul>\n<li>Mostrar la informaci\u00f3n de mayor necesidad de forma r\u00e1pida, como el men\u00fa principal<\/li>\n<li><strong>Indicar al usuario diferentes opciones para navegar en el sitio<\/strong>, con la finalidad de obtener posicionamiento.<\/li>\n<li>Introducir una barra de navegaci\u00f3n para facilitar el viaje del usuario.<\/li>\n<li>Llamar la atenci\u00f3n del usuario para que se interese en ofertas o promociones.<\/li>\n<li>Tambi\u00e9n el mejorar y ofrecer un mejor v\u00ednculo con el usuario, por ejemplo, un bot\u00f3n para atenci\u00f3n al cliente.<\/li>\n<\/ul>\n<h2>Ejemplo<\/h2>\n<p>Para visualizar el fold de cualquier sitio web solo es necesario ingresar en la p\u00e1gina principal y ver lo que contiene el primer tramo de la misma. Aparte, del men\u00fa principal es normal <strong>visualizar algunos botones para contactar<\/strong> o para a\u00f1adir productos al carrito.<\/p>\n<h2>M\u00e1s informaci\u00f3n sobre fold en SEO<\/h2>\n<p>Si aprovechas bien las bondades del fold es muy probable que no solo mejores la experiencia de tus clientes, sino que tambi\u00e9n mejores tu posicionamiento en los resultados de b\u00fasqueda aqu\u00ed tienes m\u00e1s informaci\u00f3n para saber c\u00f3mo hacerlo.<\/p>\n<ul>\n<li><a href=\"https:\/\/www.appyweb.es\/diccionario\/above-the-fold\/\">\u00bfQu\u00e9 es el Above the fold y para qu\u00e9 sirve?<\/a><\/li>\n<li><a href=\"https:\/\/www.yoseomarketing.com\/blog\/above-the-fold-optimization\/\" rel=\"nofollow noopener\" target=\"_blank\">5 Consejos para el above the fold optimization<\/a><\/li>\n<\/ul>\n<p>&nbsp;<\/p>\n","protected":false},"excerpt":{"rendered":"<p>Una p\u00e1gina comprende muchas secciones, entre ellas se encuentra el fold, es la parte principal de la p\u00e1gina, es decir, lo que el visitante ve primero al acceder. En SEO es importante utilizar esta secci\u00f3n para incentivar al visitante a seguir navegando y demostrar al buscador una buena experiencia de usuario. \u00bfQu\u00e9 es fold en [&hellip;]<\/p>\n","protected":false},"author":1,"featured_media":13176,"parent":0,"menu_order":0,"comment_status":"closed","ping_status":"closed","template":"","meta":{"inline_featured_image":false,"footnotes":""},"class_list":["post-1719","page","type-page","status-publish","has-post-thumbnail","hentry"],"_links":{"self":[{"href":"https:\/\/www.appyweb.es\/diccionario\/wp-json\/wp\/v2\/pages\/1719","targetHints":{"allow":["GET"]}}],"collection":[{"href":"https:\/\/www.appyweb.es\/diccionario\/wp-json\/wp\/v2\/pages"}],"about":[{"href":"https:\/\/www.appyweb.es\/diccionario\/wp-json\/wp\/v2\/types\/page"}],"author":[{"embeddable":true,"href":"https:\/\/www.appyweb.es\/diccionario\/wp-json\/wp\/v2\/users\/1"}],"replies":[{"embeddable":true,"href":"https:\/\/www.appyweb.es\/diccionario\/wp-json\/wp\/v2\/comments?post=1719"}],"version-history":[{"count":7,"href":"https:\/\/www.appyweb.es\/diccionario\/wp-json\/wp\/v2\/pages\/1719\/revisions"}],"predecessor-version":[{"id":13178,"href":"https:\/\/www.appyweb.es\/diccionario\/wp-json\/wp\/v2\/pages\/1719\/revisions\/13178"}],"wp:featuredmedia":[{"embeddable":true,"href":"https:\/\/www.appyweb.es\/diccionario\/wp-json\/wp\/v2\/media\/13176"}],"wp:attachment":[{"href":"https:\/\/www.appyweb.es\/diccionario\/wp-json\/wp\/v2\/media?parent=1719"}],"curies":[{"name":"wp","href":"https:\/\/api.w.org\/{rel}","templated":true}]}}