{"id":1759,"date":"2023-06-21T10:27:51","date_gmt":"2023-06-21T10:27:51","guid":{"rendered":"https:\/\/www.appyweb.es\/diccionario\/?page_id=1759"},"modified":"2024-04-03T09:17:08","modified_gmt":"2024-04-03T09:17:08","slug":"formatos-de-anuncios","status":"publish","type":"page","link":"https:\/\/www.appyweb.es\/diccionario\/formatos-de-anuncios\/","title":{"rendered":"Formatos de anuncios"},"content":{"rendered":"<h1><img loading=\"lazy\" decoding=\"async\" class=\"alignnone wp-image-13231\" src=\"https:\/\/www.appyweb.es\/diccionario\/wp-content\/uploads\/2024\/04\/Formatosdeanuncios-300x180.jpg\" alt=\"Formatos de anuncios\" width=\"1117\" height=\"670\" srcset=\"https:\/\/www.appyweb.es\/diccionario\/wp-content\/uploads\/2024\/04\/Formatosdeanuncios-300x180.jpg 300w, https:\/\/www.appyweb.es\/diccionario\/wp-content\/uploads\/2024\/04\/Formatosdeanuncios-768x461.jpg 768w, https:\/\/www.appyweb.es\/diccionario\/wp-content\/uploads\/2024\/04\/Formatosdeanuncios.jpg 1000w\" sizes=\"auto, (max-width: 1117px) 100vw, 1117px\" \/><\/h1>\n<p>Las plataformas de publicidad de pago en Internet cuentan con diferentes opciones para hacer campa\u00f1as, se les conoce como <em>formatos de anuncios<\/em>. Estos pueden ser diferentes seg\u00fan su aspecto, funci\u00f3n y beneficio. Podr\u00e1s <strong>encontrar diferentes tipos en plataformas como Google Ads, Facebook, Instagram<\/strong>, entre otros.<\/p>\n<h2>\u00bfQu\u00e9 son los formatos de anuncios?<\/h2>\n<p>Son acciones para crear diferentes tipos de anuncios digitales, aunque la misma palabra se puede utilizar para referirse a tipos de publicidad tradicional, como los banners, folletos, vallas, entre otros. Cuando <strong>se habla de los tipos de publicidad en Internet<\/strong> tambi\u00e9n se puede hacer referencia a los pop up\\&#8217;s, robap\u00e1ginas, brand day, layers, skyscrapers, entre otras.<\/p>\n<p>Pero, en este caso utilizaremos su definici\u00f3n para explicar los <strong>tipos de publicidad que ofrecen las plataformas de adwords en Internet<\/strong>, por ejemplo, <a href=\"https:\/\/www.appyweb.es\/campanas-google-adwords\/\">Google Ads cuenta con un anuncio de texto<\/a>, aunque tambi\u00e9n se pueden encontrar de imagen y v\u00eddeo. Cada plataforma puede tener diferentes tipos dependiendo del servicio que ofrecen.<\/p>\n<h2>\u00bfPara qu\u00e9 sirven?<\/h2>\n<p>Su intenci\u00f3n es ofrecer diferentes opciones a los anunciantes al momento de crear una campa\u00f1a, de esta forma, pueden aumentar sus <strong>posibilidades de captar la atenci\u00f3n de los usuarios y consumidores<\/strong>. Algunas de esas opciones son muy eficientes y se hacen notar, aparte, ofrecen una gran variedad para distintos grupos de campa\u00f1a.<\/p>\n<p>Por ejemplo, en la <a href=\"https:\/\/www.appyweb.es\/campanas-facebook-ads\/\">plataforma de Facebook Ads<\/a> existen cuatro tipos de imagen, v\u00eddeos, secuencia y colecci\u00f3n. El anunciante puede definirlo dentro del editor y sin necesidad de pagar de m\u00e1s.<\/p>\n<h2>Tipos de formatos de anuncios<\/h2>\n<p>Estos son los formatos de ads que ofrece la plataforma de Google Ads:<\/p>\n<ul>\n<li><strong>Texto<\/strong>: Es el m\u00e1s simple de todos y luce como cualquier resultado de b\u00fasqueda de Google, con la diferencia que tiene un bot\u00f3n que dice \u00abanuncio\u00bb.<\/li>\n<li><strong>Imagen<\/strong>: Se pueden utilizar im\u00e1genes en .gif o flash, pueden <strong>aparecer como banners durante la navegaci\u00f3n<\/strong> en distintas p\u00e1ginas.<\/li>\n<li><strong>V\u00eddeo<\/strong>: Al igual que el anterior, muestra una secuencia multimedia, puede insertarse en resultados de b\u00fasquedas o por display.<\/li>\n<li><strong>Reactivo<\/strong>: Se adaptan a diferentes b\u00fasquedas y pueden aparecer en forma de texto imagen o video.<\/li>\n<li><strong>Promocionar una app<\/strong>: Son los que est\u00e1n disponibles en Play Store de Google.<\/li>\n<li><strong>Shopping<\/strong>: Es un tipo de publicidad que se muestran los resultados de b\u00fasqueda, <strong>incluye una foto del producto, el precio y varios detalles<\/strong> acerca del mismo.<\/li>\n<li><strong>Llamada<\/strong>: Muestran solo un n\u00famero disponible en los resultados de b\u00fasqueda, suele estar disponible solo para b\u00fasquedas m\u00f3viles.<\/li>\n<\/ul>\n<h2>Cu\u00e1les son los formatos de anuncios en Facebook<\/h2>\n<p>Como se mencion\u00f3 anteriormente, los a<strong>ds pueden adaptarse seg\u00fan el tipo de plataforma donde ser\u00e1n distribuidos<\/strong>. Facebook es una de las favoritas cuando se trata de hacer campa\u00f1as sociales, en este caso los anunciantes tienen cuatro opciones, son las siguientes.<\/p>\n<ul>\n<li><strong>Imagen<\/strong>: Cuenta con elementos visuales de muy alta calidad, est\u00e1n destinados a contar una historia o promocionar una aplicaci\u00f3n o sitio web.<\/li>\n<li><strong>V\u00eddeo<\/strong>: Son los favoritos de los anunciantes en Facebook, cuenta con un administrador para realizar piezas multimedia de alta calidad.<\/li>\n<li><strong>Secuencia<\/strong>: Se pueden utilizar los anteriores de forma secuencial, <strong>tambi\u00e9n se puede utilizar im\u00e1genes extensas que se pueden deslizar<\/strong>.<\/li>\n<li><strong>Colecci\u00f3n<\/strong>: Con este ad se pueden realizar distintas im\u00e1genes que se mostrar\u00e1n dependiendo del tipo de audiencia.<\/li>\n<\/ul>\n<p><script type=\"application\/ld+json\">{\"@context\":\"https:\/\/schema.org\",\"@type\":\"FAQPage\",\"mainEntity\":[ \n{\"@type\":\"Question\",\"name\":\"\u00bfQu\u00e9 son los formatos de anuncios?\",\"acceptedAnswer\":{\"@type\":\"Answer\",\"text\":\"<\/p>\n<p>Son acciones para crear diferentes tipos de anuncios digitales, aunque la misma palabra se puede utilizar para referirse a tipos de publicidad tradicional, como los banners, folletos, vallas, entre otros. Cuando <strong>se habla de los tipos de publicidad en Internet<\/strong> tambi\u00e9n se puede hacer referencia a los pop up\\'s, robap\u00e1ginas, brand day, layers, skyscrapers, entre otras.<\/p>\n<p>Pero, en este caso utilizaremos su definici\u00f3n para explicar los <strong>tipos de publicidad que ofrecen las plataformas de adwords en Internet<\/strong>, por ejemplo, <a href='https:\/\/www.appyweb.es\/campanas-google-adwords\/'>Google Ads cuenta con un anuncio de texto<\/a>, aunque tambi\u00e9n se pueden encontrar de imagen y v\u00eddeo. Cada plataforma puede tener diferentes tipos dependiendo del servicio que ofrecen.<\/p>\n<p>\"}},\n{\"@type\":\"Question\",\"name\":\"\u00bfPara qu\u00e9 sirven?\",\"acceptedAnswer\":{\"@type\":\"Answer\",\"text\":\"<\/p>\n<p>Su intenci\u00f3n es ofrecer diferentes opciones a los anunciantes al momento de crear una campa\u00f1a, de esta forma, pueden aumentar sus <strong>posibilidades de captar la atenci\u00f3n de los usuarios y consumidores<\/strong>. Algunas de esas opciones son muy eficientes y se hacen notar, aparte, ofrecen una gran variedad para distintos grupos de campa\u00f1a.<\/p>\n<p>Por ejemplo, en la <a href='https:\/\/www.appyweb.es\/campanas-facebook-ads\/'>plataforma de Facebook Ads<\/a> existen cuatro tipos de imagen, v\u00eddeos, secuencia y colecci\u00f3n. El anunciante puede definirlo dentro del editor y sin necesidad de pagar de m\u00e1s.<\/p>\n<p>\"}},\n{\"@type\":\"Question\",\"name\":\"Tipos de formatos de anuncios\",\"acceptedAnswer\":{\"@type\":\"Answer\",\"text\":\"<\/p>\n<p>Estos son los formatos de ads que ofrece la plataforma de Google Ads:<\/p>\n<\/p>\n<\/p>\n<\/p>\n<\/p>\n<ul>\n<\/p>\n<\/p>\n<\/p>\n<\/p>\n<li><strong>Texto<\/strong>: Es el m\u00e1s simple de todos y luce como cualquier resultado de b\u00fasqueda de Google, con la diferencia que tiene un bot\u00f3n que dice 'anuncio'.<\/li>\n<\/p>\n<\/p>\n<\/p>\n<\/p>\n<\/p>\n<\/p>\n<\/p>\n<li><strong>Imagen<\/strong>: Se pueden utilizar im\u00e1genes en .gif o flash, pueden <strong>aparecer como banners durante la navegaci\u00f3n<\/strong> en distintas p\u00e1ginas.<\/li>\n<\/p>\n<\/p>\n<\/p>\n<\/p>\n<\/p>\n<\/p>\n<\/p>\n<li><strong>V\u00eddeo<\/strong>: Al igual que el anterior, muestra una secuencia multimedia, puede insertarse en resultados de b\u00fasquedas o por display.<\/li>\n<\/p>\n<\/p>\n<\/p>\n<\/p>\n<\/p>\n<\/p>\n<\/p>\n<li><strong>Reactivo<\/strong>: Se adaptan a diferentes b\u00fasquedas y pueden aparecer en forma de texto imagen o video.<\/li>\n<\/p>\n<\/p>\n<\/p>\n<\/p>\n<\/p>\n<\/p>\n<\/p>\n<li><strong>Promocionar una app<\/strong>: Son los que est\u00e1n disponibles en  Play Store de Google.<\/li>\n<\/p>\n<\/p>\n<\/p>\n<\/p>\n<\/p>\n<\/p>\n<\/p>\n<li><strong>Shopping<\/strong>: Es un tipo de publicidad que se muestran los resultados de b\u00fasqueda, <strong>incluye una foto del producto, el precio y varios detalles<\/strong> acerca del mismo.<\/li>\n<\/p>\n<\/p>\n<\/p>\n<\/p>\n<\/p>\n<\/p>\n<\/p>\n<li><strong>Llamada<\/strong>: Muestran solo un n\u00famero disponible en los resultados de b\u00fasqueda, suele estar disponible solo para b\u00fasquedas m\u00f3viles.<\/li>\n<\/p>\n<\/p>\n<\/p>\n<\/ul>\n<\/p>\n<\/p>\n<\/p>\n<p>\"}},\n{\"@type\":\"Question\",\"name\":\"Cu\u00e1les son los formatos de anuncios en Facebook\",\"acceptedAnswer\":{\"@type\":\"Answer\",\"text\":\"<\/p>\n<p>Como se mencion\u00f3 anteriormente, los a<strong>ds pueden adaptarse seg\u00fan el tipo de plataforma donde ser\u00e1n distribuidos<\/strong>. Facebook es una de las favoritas cuando se trata de hacer campa\u00f1as sociales, en este caso los anunciantes tienen cuatro opciones, son las siguientes.<\/p>\n<\/p>\n<\/p>\n<\/p>\n<\/p>\n<ul>\n<\/p>\n<\/p>\n<\/p>\n<\/p>\n<li><strong>Imagen<\/strong>: Cuenta con elementos visuales de muy alta calidad, est\u00e1n destinados a contar una historia o promocionar una aplicaci\u00f3n o sitio web.<\/li>\n<\/p>\n<\/p>\n<\/p>\n<\/p>\n<\/p>\n<\/p>\n<\/p>\n<li><strong>V\u00eddeo<\/strong>: Son los favoritos de los anunciantes en Facebook, cuenta con un administrador para realizar piezas multimedia de alta calidad.<\/li>\n<\/p>\n<\/p>\n<\/p>\n<\/p>\n<\/p>\n<\/p>\n<\/p>\n<li><strong>Secuencia<\/strong>: Se pueden utilizar los anteriores de forma secuencial, <strong>tambi\u00e9n se puede utilizar im\u00e1genes extensas que se pueden deslizar<\/strong>.<\/li>\n<\/p>\n<\/p>\n<\/p>\n<\/p>\n<\/p>\n<\/p>\n<\/p>\n<li><strong>Colecci\u00f3n<\/strong>: Con este ad se pueden realizar distintas im\u00e1genes que se mostrar\u00e1n dependiendo del tipo de audiencia.<\/li>\n<\/p>\n<\/p>\n<\/p>\n<\/ul>\n<\/p>\n<\/p>\n<\/p>\n<p>\"}}\n]}<\/script><\/p>\n<h2>M\u00e1s informaci\u00f3n sobre formatos de anuncios<\/h2>\n<p>Si apenas est\u00e1 aprendiendo sobre c\u00f3mo administrar tus <strong>campa\u00f1as en plataformas como Google Ads o Facebook Ads<\/strong>, entonces los siguientes enlaces tienen informaci\u00f3n que te interesa, m\u00edralos a continuaci\u00f3n.<\/p>\n<ul>\n<li><a href=\"https:\/\/www.appyweb.es\/errores-utilizar-facebook-ads\/\">3 Errores que no debemos cometer al utilizar Facebook Ads<\/a><\/li>\n<li><a href=\"https:\/\/support.google.com\/google-ads\/answer\/2567043?hl=es-419&amp;ref_topic=3121941\" rel=\"nofollow noopener\" target=\"_blank\">Acerca de los tipos de campa\u00f1a de Google Ads<\/a><\/li>\n<\/ul>\n<p>&nbsp;<\/p>\n","protected":false},"excerpt":{"rendered":"<p>Las plataformas de publicidad de pago en Internet cuentan con diferentes opciones para hacer campa\u00f1as, se les conoce como formatos de anuncios. Estos pueden ser diferentes seg\u00fan su aspecto, funci\u00f3n y beneficio. Podr\u00e1s encontrar diferentes tipos en plataformas como Google Ads, Facebook, Instagram, entre otros. \u00bfQu\u00e9 son los formatos de anuncios? Son acciones para crear [&hellip;]<\/p>\n","protected":false},"author":1,"featured_media":13231,"parent":0,"menu_order":0,"comment_status":"closed","ping_status":"closed","template":"","meta":{"inline_featured_image":false,"footnotes":""},"class_list":["post-1759","page","type-page","status-publish","has-post-thumbnail","hentry"],"_links":{"self":[{"href":"https:\/\/www.appyweb.es\/diccionario\/wp-json\/wp\/v2\/pages\/1759","targetHints":{"allow":["GET"]}}],"collection":[{"href":"https:\/\/www.appyweb.es\/diccionario\/wp-json\/wp\/v2\/pages"}],"about":[{"href":"https:\/\/www.appyweb.es\/diccionario\/wp-json\/wp\/v2\/types\/page"}],"author":[{"embeddable":true,"href":"https:\/\/www.appyweb.es\/diccionario\/wp-json\/wp\/v2\/users\/1"}],"replies":[{"embeddable":true,"href":"https:\/\/www.appyweb.es\/diccionario\/wp-json\/wp\/v2\/comments?post=1759"}],"version-history":[{"count":7,"href":"https:\/\/www.appyweb.es\/diccionario\/wp-json\/wp\/v2\/pages\/1759\/revisions"}],"predecessor-version":[{"id":13233,"href":"https:\/\/www.appyweb.es\/diccionario\/wp-json\/wp\/v2\/pages\/1759\/revisions\/13233"}],"wp:featuredmedia":[{"embeddable":true,"href":"https:\/\/www.appyweb.es\/diccionario\/wp-json\/wp\/v2\/media\/13231"}],"wp:attachment":[{"href":"https:\/\/www.appyweb.es\/diccionario\/wp-json\/wp\/v2\/media?parent=1759"}],"curies":[{"name":"wp","href":"https:\/\/api.w.org\/{rel}","templated":true}]}}