{"id":1808,"date":"2023-06-21T10:50:23","date_gmt":"2023-06-21T10:50:23","guid":{"rendered":"https:\/\/www.appyweb.es\/diccionario\/?page_id=1808"},"modified":"2024-04-03T11:25:20","modified_gmt":"2024-04-03T11:25:20","slug":"freemium","status":"publish","type":"page","link":"https:\/\/www.appyweb.es\/diccionario\/freemium\/","title":{"rendered":"Freemium"},"content":{"rendered":"<h1><img loading=\"lazy\" decoding=\"async\" class=\"alignnone  wp-image-13335\" src=\"https:\/\/www.appyweb.es\/diccionario\/wp-content\/uploads\/2024\/04\/Freemium-300x180.jpg\" alt=\"Freemium\" width=\"1138\" height=\"683\" srcset=\"https:\/\/www.appyweb.es\/diccionario\/wp-content\/uploads\/2024\/04\/Freemium-300x180.jpg 300w, https:\/\/www.appyweb.es\/diccionario\/wp-content\/uploads\/2024\/04\/Freemium-768x461.jpg 768w, https:\/\/www.appyweb.es\/diccionario\/wp-content\/uploads\/2024\/04\/Freemium.jpg 1000w\" sizes=\"auto, (max-width: 1138px) 100vw, 1138px\" \/><\/h1>\n<p>Es un t\u00e9rmino que se utiliza para referirse a un servicio exclusivo, de mayor coste, al que no todo el mundo tiene acceso.\u00a0Con una tendencia de hacer que <strong>estos servicios fueran m\u00e1s accesibles en 2006<\/strong>, aparece otro t\u00e9rmino que se presenta como su contraparte. As\u00ed nace freemium, una palabra compuesta que describe la idea de no exclusividad.<\/p>\n<h2>\u00bfQu\u00e9 es freemium?<\/h2>\n<p>Es un modelo de negocio muy popular entre las compa\u00f1\u00edas de aplicaciones y software, para ofrecer a sus usuarios y que puedan disfrutar de sus productos de forma gratuita. De esta forma, es m\u00e1s f\u00e1cil animarlos <strong>para que consuman el servicio Premium en el futuro<\/strong> o que al menos paguen por alg\u00fan paquete. Originalmente, se utiliza como parte de <a href=\"https:\/\/www.appyweb.es\/marketing-de-atraccion\/\">una estrategia de marketing de atracci\u00f3n<\/a> para lograr que existan m\u00e1s usuarios interesados.<\/p>\n<p>Este modelo de negocio funciona, ya que generalmente los servicios Freemium vienen con limitaciones. Como inacceso a algunas funciones, anuncios, l\u00edmite de licencias, que <strong>no le permiten al usuario disfrutarlo por completo<\/strong>, a menos que obtenga su versi\u00f3n Premium.<\/p>\n<p>Lo que hace rentable este sistema es que los suscriptores Premium son suficientes para mantener el uso del servicio por los usuarios free. Por lo que es un modelo dirigido a grandes nichos de mercado. Es proyectado de manera masiva, para que esta relaci\u00f3n sea rentable y genere mayores ingresos.<\/p>\n<h2>Origen<\/h2>\n<p>Como se mencion\u00f3 en la introducci\u00f3n, su modelo de negocio empez\u00f3 a popularizarse en el 2006 de la mano de Fred Wilson. Realiz\u00f3 una publicaci\u00f3n al respecto en su blog animando a las empresas a hacer publicidad utilizando este modelo de negocio, para despu\u00e9s <strong>ofrecer servicios pagados con un valor m\u00e1s importante<\/strong> para los clientes.<\/p>\n<p>Al principio, Wilson no sab\u00eda qu\u00e9 nombre ponerle a su idea, por lo que pidi\u00f3 algunas sugerencias a trav\u00e9s de su blog y en poco menos de unas horas ten\u00eda ya 30 sugerencias. Escogi\u00f3 el t\u00e9rmino de Jarid Lukin, uno de sus trabajadores. Desde entonces empez\u00f3 a utilizar el t\u00e9rmino Premium para hacer referencia a los negocios 2.0.<\/p>\n<h2>\u00bfC\u00f3mo funciona el modelo de negocios Freemium?<\/h2>\n<p>Su funci\u00f3n principal es atraer potenciales consumidores del servicio Premium, por lo que <strong>la versi\u00f3n gratis sirve como una prueba del servicio<\/strong>. Para que funcione es importante que lo que se ofrezca sea de valor para el consumidor. Es por eso que en ocasiones las empresas no implementan muchas limitaciones, sino que dejan que la prueba sea total, pero con un periodo de tiempo muy limitado que puede ser de una semana a un mes.<\/p>\n<p>Este modelo de negocio tiene el objetivo de <a href=\"https:\/\/www.appyweb.es\/conversion-web\/\">generar una mayor cantidad de conversiones<\/a>, es decir, usuarios que estar\u00e1n dispuestos a comprar en el futuro. Mientras mayor sea la tasa de conversi\u00f3n, m\u00e1s rentable ser\u00e1 el m\u00e9todo.<\/p>\n<h2>Casos de \u00e9xito del modelo Freemium<\/h2>\n<p>Como se mencion\u00f3 arriba, este modelo de negocio es bastante popular entre las plataformas online. Entre las que se encuentran:<\/p>\n<ul>\n<li><strong>Spotify<\/strong>: Esta plataforma de m\u00fasica permite acceso a su contenido de manera gratuita. Sin embargo, sus limitaciones como anuncios, cantidad de reproducciones diarias, entre otros, quedan atr\u00e1s si se obtiene la versi\u00f3n Premium.<\/li>\n<li><strong>Candy Crush<\/strong>: Este juego puede obtenerse de forma gratuita. Sin embargo, para acceder a ciertos beneficios y ser m\u00e1s popular, se necesita la versi\u00f3n de pago.<\/li>\n<li><strong>Photoshop<\/strong>: es un software de edici\u00f3n de fotograf\u00edas que cuenta con una versi\u00f3n de prueba de 7 d\u00edas, despu\u00e9s es necesario pagar una licencia para seguir utiliz\u00e1ndolo.<\/li>\n<\/ul>\n<p><script type=\"application\/ld+json\">{\"@context\":\"https:\/\/schema.org\",\"@type\":\"FAQPage\",\"mainEntity\":[ \n{\"@type\":\"Question\",\"name\":\"\u00bfQu\u00e9 es freemium?\",\"acceptedAnswer\":{\"@type\":\"Answer\",\"text\":\"<\/p>\n<p>Es un modelo de negocio muy popular entre las compa\u00f1\u00edas de aplicaciones y software, para ofrecer a sus usuarios y que puedan disfrutar de sus productos de forma gratuita. De esta forma, es m\u00e1s f\u00e1cil animarlos <strong>para que consuman el servicio Premium en el futuro<\/strong> o que al menos paguen por alg\u00fan paquete. Originalmente, se utiliza como parte de <a href='https:\/\/www.appyweb.es\/marketing-de-atraccion\/'>una estrategia de marketing de atracci\u00f3n<\/a> para lograr que existan m\u00e1s usuarios interesados.<\/p>\n<p>Este modelo de negocio funciona, ya que generalmente los servicios Freemium vienen con limitaciones. Como inacceso a algunas funciones, anuncios, l\u00edmite de licencias, que <strong>no le permiten al usuario disfrutarlo por completo<\/strong>, a menos que obtenga su versi\u00f3n Premium.<\/p>\n<p>Lo que hace rentable este sistema es que los suscriptores Premium son suficientes para mantener el uso del servicio por los usuarios free. Por lo que es un modelo dirigido a grandes nichos de mercado. Es proyectado de manera masiva, para que esta relaci\u00f3n sea rentable y genere mayores ingresos.<\/p>\n<p>\"}},\n{\"@type\":\"Question\",\"name\":\"Origen\",\"acceptedAnswer\":{\"@type\":\"Answer\",\"text\":\"<\/p>\n<p>Como se mencion\u00f3 en la introducci\u00f3n, su modelo de negocio empez\u00f3 a popularizarse en el 2006 de la mano de Fred Wilson. Realiz\u00f3 una publicaci\u00f3n al respecto en su blog animando a las empresas a hacer publicidad utilizando este modelo de negocio, para despu\u00e9s <strong>ofrecer servicios pagados con un valor m\u00e1s importante<\/strong> para los clientes.<\/p>\n<p>Al principio, Wilson no sab\u00eda qu\u00e9 nombre ponerle a su idea, por lo que pidi\u00f3 algunas sugerencias a trav\u00e9s de su blog y en poco menos de unas horas ten\u00eda ya 30 sugerencias. Escogi\u00f3 el t\u00e9rmino de Jarid Lukin, uno de sus trabajadores. Desde entonces empez\u00f3 a utilizar el t\u00e9rmino Premium para hacer referencia a los negocios 2.0.<\/p>\n<p>\"}},\n{\"@type\":\"Question\",\"name\":\"\u00bfC\u00f3mo funciona el modelo de negocios Freemium?\",\"acceptedAnswer\":{\"@type\":\"Answer\",\"text\":\"<\/p>\n<p>Su funci\u00f3n principal es atraer potenciales consumidores del servicio Premium, por lo que <strong>la versi\u00f3n gratis sirve como una prueba del servicio<\/strong>. Para que funcione es importante que lo que se ofrezca sea de valor para el consumidor. Es por eso que en ocasiones las empresas no implementan muchas limitaciones, sino que dejan que la prueba sea total, pero con un periodo de tiempo muy limitado que puede ser de una semana a un mes.<\/p>\n<p>Este modelo de negocio tiene el objetivo de <a href='https:\/\/www.appyweb.es\/conversion-web\/'>generar una mayor cantidad de conversiones<\/a>, es decir, usuarios que estar\u00e1n dispuestos a comprar en el futuro. Mientras mayor sea la tasa de conversi\u00f3n, m\u00e1s rentable ser\u00e1 el m\u00e9todo.<\/p>\n<p>\"}},\n{\"@type\":\"Question\",\"name\":\"Casos de \u00e9xito del modelo Freemium\",\"acceptedAnswer\":{\"@type\":\"Answer\",\"text\":\"<\/p>\n<p>Como se mencion\u00f3 arriba, este modelo de negocio es bastante popular entre las plataformas online. Entre las que se encuentran:<\/p>\n<\/p>\n<\/p>\n<\/p>\n<\/p>\n<ul>\n<\/p>\n<\/p>\n<\/p>\n<\/p>\n<li><strong>Spotify<\/strong>: Esta plataforma de m\u00fasica permite acceso a su contenido de manera gratuita. Sin embargo, sus limitaciones como anuncios, cantidad de reproducciones diarias, entre otros, quedan atr\u00e1s si se obtiene la versi\u00f3n Premium.<\/li>\n<\/p>\n<\/p>\n<\/p>\n<\/p>\n<\/p>\n<\/p>\n<\/p>\n<li><strong>Candy Crush<\/strong>: Este juego puede obtenerse de forma gratuita. Sin embargo, para acceder a ciertos beneficios y ser m\u00e1s popular, se necesita la versi\u00f3n de pago.<\/li>\n<\/p>\n<\/p>\n<\/p>\n<\/p>\n<\/p>\n<\/p>\n<\/p>\n<li> <strong>Photoshop<\/strong>: es un software de edici\u00f3n de fotograf\u00edas que cuenta con una versi\u00f3n de prueba de 7 d\u00edas, despu\u00e9s es necesario pagar una licencia para seguir utiliz\u00e1ndolo.<\/li>\n<\/p>\n<\/p>\n<\/p>\n<\/ul>\n<\/p>\n<\/p>\n<\/p>\n<p>\"}}\n]}<\/script><\/p>\n<h2>M\u00e1s informaci\u00f3n sobre freemium<\/h2>\n<p>Seguramente ya has utilizado alg\u00fan servicio Premium con anterioridad, ya que sabes que funciona puedes ampliar tu informaci\u00f3n con los siguientes enlaces y as\u00ed implementarlo en tu modelo de negocio, \u00a1no te los pierdas!<\/p>\n<ul>\n<li><a href=\"https:\/\/www.appyweb.es\/monetizacion-de-tu-proyecto-web-o-app\/\">Monetizar tu proyecto Web o App<\/a><\/li>\n<li><a href=\"https:\/\/www.dinero.com\/opinion\/columnistas\/articulo\/freemium-que-hay-que-tener-en-cuenta-para-que-los-usuarios-pasen-de-la-version-gratuita-a-la-pagada--por-maria-alejandra-gonzalez-perez\/268750\" rel=\"nofollow noopener\" target=\"_blank\">Freemium: \u00bfqu\u00e9 hay que tener en cuenta para que los usuarios pasen de la versi\u00f3n gratuita a la pagada?<\/a><\/li>\n<\/ul>\n<p>&nbsp;<\/p>\n","protected":false},"excerpt":{"rendered":"<p>Es un t\u00e9rmino que se utiliza para referirse a un servicio exclusivo, de mayor coste, al que no todo el mundo tiene acceso.\u00a0Con una tendencia de hacer que estos servicios fueran m\u00e1s accesibles en 2006, aparece otro t\u00e9rmino que se presenta como su contraparte. As\u00ed nace freemium, una palabra compuesta que describe la idea de [&hellip;]<\/p>\n","protected":false},"author":1,"featured_media":13335,"parent":0,"menu_order":0,"comment_status":"closed","ping_status":"closed","template":"","meta":{"inline_featured_image":false,"footnotes":""},"class_list":["post-1808","page","type-page","status-publish","has-post-thumbnail","hentry"],"_links":{"self":[{"href":"https:\/\/www.appyweb.es\/diccionario\/wp-json\/wp\/v2\/pages\/1808","targetHints":{"allow":["GET"]}}],"collection":[{"href":"https:\/\/www.appyweb.es\/diccionario\/wp-json\/wp\/v2\/pages"}],"about":[{"href":"https:\/\/www.appyweb.es\/diccionario\/wp-json\/wp\/v2\/types\/page"}],"author":[{"embeddable":true,"href":"https:\/\/www.appyweb.es\/diccionario\/wp-json\/wp\/v2\/users\/1"}],"replies":[{"embeddable":true,"href":"https:\/\/www.appyweb.es\/diccionario\/wp-json\/wp\/v2\/comments?post=1808"}],"version-history":[{"count":6,"href":"https:\/\/www.appyweb.es\/diccionario\/wp-json\/wp\/v2\/pages\/1808\/revisions"}],"predecessor-version":[{"id":13338,"href":"https:\/\/www.appyweb.es\/diccionario\/wp-json\/wp\/v2\/pages\/1808\/revisions\/13338"}],"wp:featuredmedia":[{"embeddable":true,"href":"https:\/\/www.appyweb.es\/diccionario\/wp-json\/wp\/v2\/media\/13335"}],"wp:attachment":[{"href":"https:\/\/www.appyweb.es\/diccionario\/wp-json\/wp\/v2\/media?parent=1808"}],"curies":[{"name":"wp","href":"https:\/\/api.w.org\/{rel}","templated":true}]}}