{"id":1826,"date":"2023-06-21T10:58:52","date_gmt":"2023-06-21T10:58:52","guid":{"rendered":"https:\/\/www.appyweb.es\/diccionario\/?page_id=1826"},"modified":"2024-04-03T14:55:42","modified_gmt":"2024-04-03T14:55:42","slug":"ftp","status":"publish","type":"page","link":"https:\/\/www.appyweb.es\/diccionario\/ftp\/","title":{"rendered":"FTP"},"content":{"rendered":"<h1><img loading=\"lazy\" decoding=\"async\" class=\"alignnone wp-image-13430\" src=\"https:\/\/www.appyweb.es\/diccionario\/wp-content\/uploads\/2024\/04\/FTP-300x180.jpg\" alt=\"FTP\" width=\"1143\" height=\"686\" srcset=\"https:\/\/www.appyweb.es\/diccionario\/wp-content\/uploads\/2024\/04\/FTP-300x180.jpg 300w, https:\/\/www.appyweb.es\/diccionario\/wp-content\/uploads\/2024\/04\/FTP-768x461.jpg 768w, https:\/\/www.appyweb.es\/diccionario\/wp-content\/uploads\/2024\/04\/FTP.jpg 1000w\" sizes=\"auto, (max-width: 1143px) 100vw, 1143px\" \/><\/h1>\n<p>Son las siglas en ingl\u00e9s para \u201cFile Transfer Protocol \u201cque se traduce como \u201cprotocolo de transferencia de archivos\u201d. Es uno de los t\u00e9rminos m\u00e1s utilizados dentro del desarrollo de la p\u00e1gina y sigue manteniendo su vigencia en la actualidad.\u00a0La <strong>primera versi\u00f3n de FTP se desarroll\u00f3 en 1971<\/strong> y se conoc\u00eda como RFC 114, creado por Abhay Bhushan del Instituto Tecnol\u00f3gico de Massachusetts.<\/p>\n<h2>\u00bfQu\u00e9 es FTP?<\/h2>\n<p>Es un protocolo que permite transferir informaci\u00f3n entre ordenadores, tambi\u00e9n permite <strong>transferir informaci\u00f3n al servidor en que se est\u00e1 trabajando<\/strong>. En pocas palabras, en un m\u00e9todo para enviar y recibir datos entre ordenadores conectados a una servidor. Es un t\u00e9rmino que se utiliza con mucha frecuencia Al momento de <a href=\"https:\/\/www.appyweb.es\/posicionamiento-web\/\">realizar optimizaci\u00f3n SEO<\/a> para buscadores.<\/p>\n<p>Anteriormente, era el m\u00e9todo que utilizaban los primeros ordenadores, basados en texto para enviar y recibir documentos. Es conocido tambi\u00e9n como servidor FTP y se accede por medio de un login y contrase\u00f1a. Sin embargo, anteriormente no ten\u00eda ning\u00fan tipo de seguridad, pero <strong>las nuevas versiones s\u00ed contiene un sistema de seguridad<\/strong>. Tambi\u00e9n existen los de tipo p\u00fablico que no necesitan usuario y contrase\u00f1a para acceder a ellos.<\/p>\n<h2>\u00bfPara qu\u00e9 sirve el FTP?<\/h2>\n<p>A un usuario com\u00fan no le es muy necesario usar este protocolo. Sin embargo, los <a href=\"https:\/\/www.appyweb.es\/desarrollo-app\/\">desarrolladores de aplicaciones<\/a> necesitan saber qu\u00e9 es y c\u00f3mo se utiliza.<\/p>\n<ul>\n<li>Por este m\u00e9todo se cargan los sitios a Internet. Este env\u00eda el contenido desde el ordenador en el que se est\u00e1 trabajando, al servidor en el cual se aloja la p\u00e1gina.<\/li>\n<li>Era usado como una versi\u00f3n primaria de lo que conoce como la nube. Nunca fue concebido de esta manera, m\u00e1s si fue utilizado como tal.<\/li>\n<li>Las empresas utilizan este m\u00e9todo, para <strong>conectar sus ordenadores en red y acceder por una conexi\u00f3n remota<\/strong> desde el principal hacia los otros.<\/li>\n<\/ul>\n<h2>Funciones del FTP<\/h2>\n<ul>\n<li>Hacer transferencias de archivo de un host a otro.<\/li>\n<li>Puede transferir informaci\u00f3n sin problema.<\/li>\n<li>Los documentos que se env\u00eden por FTP al host, se guardar\u00e1n en la memoria de este.<\/li>\n<\/ul>\n<h2>Ejemplos de servidores<\/h2>\n<p>El m\u00e1s popular es FileZilla, es un <strong>sistema libre y de c\u00f3digo abierto se puede conseguir para cliente y para servidor<\/strong>, al mismo tiempo, soporta diferentes tipos de protocolos. Tambi\u00e9n existen otras opciones como son Titan FTP server y WS_FTP server.<\/p>\n<p><script type=\"application\/ld+json\">{\"@context\":\"https:\/\/schema.org\",\"@type\":\"FAQPage\",\"mainEntity\":[ \n{\"@type\":\"Question\",\"name\":\"\u00bfQu\u00e9 es FTP?\",\"acceptedAnswer\":{\"@type\":\"Answer\",\"text\":\"<\/p>\n<p>Es un protocolo que permite transferir informaci\u00f3n entre ordenadores, tambi\u00e9n permite <strong>transferir informaci\u00f3n al servidor en que se est\u00e1 trabajando<\/strong>. En pocas palabras, en un m\u00e9todo para enviar y recibir datos entre ordenadores conectados a una servidor. Es un t\u00e9rmino que se utiliza con mucha frecuencia Al momento de <a href='https:\/\/www.appyweb.es\/posicionamiento-web\/'>realizar optimizaci\u00f3n SEO<\/a> para buscadores.<\/p>\n<p>Anteriormente, era el m\u00e9todo que  utilizaban los primeros ordenadores, basados en texto para enviar y recibir documentos. Es conocido tambi\u00e9n como servidor FTP y se accede por medio de un login y contrase\u00f1a. Sin embargo, anteriormente no ten\u00eda ning\u00fan tipo de seguridad, pero <strong>las nuevas versiones s\u00ed contiene un sistema de seguridad<\/strong>. Tambi\u00e9n existen los de tipo p\u00fablico que no necesitan usuario y contrase\u00f1a para acceder a ellos.<\/p>\n<p>\"}},\n{\"@type\":\"Question\",\"name\":\"\u00bfPara qu\u00e9 sirve el FTP?\",\"acceptedAnswer\":{\"@type\":\"Answer\",\"text\":\"<\/p>\n<p>A un usuario com\u00fan no le es muy necesario usar este protocolo. Sin embargo, los <a href='https:\/\/www.appyweb.es\/desarrollo-app\/'>desarrolladores de aplicaciones<\/a> necesitan saber qu\u00e9 es y c\u00f3mo se utiliza.<\/p>\n<\/p>\n<\/p>\n<\/p>\n<\/p>\n<\/p>\n<\/p>\n<\/p>\n<\/p>\n<ul>\n<\/p>\n<\/p>\n<\/p>\n<\/p>\n<\/p>\n<\/p>\n<\/p>\n<\/p>\n<li>Por este m\u00e9todo se cargan los sitios a Internet. Este env\u00eda el contenido desde el ordenador en el que se est\u00e1 trabajando, al servidor en el cual se aloja la p\u00e1gina.<\/li>\n<\/p>\n<\/p>\n<\/p>\n<\/p>\n<\/p>\n<\/p>\n<\/p>\n<\/p>\n<\/p>\n<\/p>\n<\/p>\n<\/p>\n<\/p>\n<\/p>\n<\/p>\n<li>Era usado como una versi\u00f3n primaria de lo que conoce como la nube. Nunca fue concebido de esta manera, m\u00e1s si fue utilizado como tal.<\/li>\n<\/p>\n<\/p>\n<\/p>\n<\/p>\n<\/p>\n<\/p>\n<\/p>\n<\/p>\n<\/p>\n<\/p>\n<\/p>\n<\/p>\n<\/p>\n<\/p>\n<\/p>\n<li>Las empresas utilizan este m\u00e9todo, para <strong>conectar sus ordenadores en red y acceder por una conexi\u00f3n remota<\/strong> desde el principal hacia los otros.<\/li>\n<\/p>\n<\/p>\n<\/p>\n<\/p>\n<\/p>\n<\/p>\n<\/p>\n<\/ul>\n<\/p>\n<\/p>\n<\/p>\n<\/p>\n<\/p>\n<\/p>\n<\/p>\n<p>\"}},\n{\"@type\":\"Question\",\"name\":\"Funciones del FTP\",\"acceptedAnswer\":{\"@type\":\"Answer\",\"text\":\"<\/p>\n<\/p>\n<\/p>\n<\/p>\n<\/p>\n<\/p>\n<\/p>\n<\/p>\n<\/p>\n<ul>\n<\/p>\n<\/p>\n<\/p>\n<\/p>\n<\/p>\n<\/p>\n<\/p>\n<\/p>\n<li>Hacer transferencias de archivo de un host a otro.<\/li>\n<\/p>\n<\/p>\n<\/p>\n<\/p>\n<\/p>\n<\/p>\n<\/p>\n<\/p>\n<\/p>\n<\/p>\n<\/p>\n<\/p>\n<\/p>\n<\/p>\n<\/p>\n<li>Puede transferir informaci\u00f3n sin problema.<\/li>\n<\/p>\n<\/p>\n<\/p>\n<\/p>\n<\/p>\n<\/p>\n<\/p>\n<\/p>\n<\/p>\n<\/p>\n<\/p>\n<\/p>\n<\/p>\n<\/p>\n<\/p>\n<li>Los documentos que se env\u00eden por FTP al host, se guardar\u00e1n en la memoria de este.<\/li>\n<\/p>\n<\/p>\n<\/p>\n<\/p>\n<\/p>\n<\/p>\n<\/p>\n<\/ul>\n<\/p>\n<\/p>\n<\/p>\n<\/p>\n<\/p>\n<\/p>\n<\/p>\n<p>\"}},\n{\"@type\":\"Question\",\"name\":\"Ejemplos de servidores\",\"acceptedAnswer\":{\"@type\":\"Answer\",\"text\":\"<\/p>\n<p>El m\u00e1s popular es FileZilla, es un <strong>sistema libre y de c\u00f3digo abierto se puede conseguir para cliente y para servidor<\/strong>, al mismo tiempo, soporta diferentes tipos de protocolos. Tambi\u00e9n existen otras opciones como son Titan FTP server y WS_FTP server.<\/p>\n<p>\"}}\n]}<\/script><\/p>\n<h2>M\u00e1s informaci\u00f3n sobre FTP<\/h2>\n<p>Tener uno de estos sistemas es ideal para <strong>respaldar la transferencia de archivos de forma online<\/strong>, verifica los siguientes enlaces para ampliar tu informaci\u00f3n al respecto.<\/p>\n<ul>\n<li><a href=\"https:\/\/www.appyweb.es\/diccionario\/filezilla\/\">\u00bfQu\u00e9 es el FileZilla y para qu\u00e9 sirve?<\/a><\/li>\n<li><a href=\"https:\/\/es.wikipedia.org\/wiki\/Protocolo_de_transferencia_de_archivos#Tipos_de_transferencia_de_archivos_en_FTP\" rel=\"nofollow noopener\" target=\"_blank\">Tipos de transferencia de archivos en FTP<\/a><\/li>\n<\/ul>\n<p>&nbsp;<\/p>\n","protected":false},"excerpt":{"rendered":"<p>Son las siglas en ingl\u00e9s para \u201cFile Transfer Protocol \u201cque se traduce como \u201cprotocolo de transferencia de archivos\u201d. Es uno de los t\u00e9rminos m\u00e1s utilizados dentro del desarrollo de la p\u00e1gina y sigue manteniendo su vigencia en la actualidad.\u00a0La primera versi\u00f3n de FTP se desarroll\u00f3 en 1971 y se conoc\u00eda como RFC 114, creado por [&hellip;]<\/p>\n","protected":false},"author":1,"featured_media":13430,"parent":0,"menu_order":0,"comment_status":"closed","ping_status":"closed","template":"","meta":{"inline_featured_image":false,"footnotes":""},"class_list":["post-1826","page","type-page","status-publish","has-post-thumbnail","hentry"],"_links":{"self":[{"href":"https:\/\/www.appyweb.es\/diccionario\/wp-json\/wp\/v2\/pages\/1826","targetHints":{"allow":["GET"]}}],"collection":[{"href":"https:\/\/www.appyweb.es\/diccionario\/wp-json\/wp\/v2\/pages"}],"about":[{"href":"https:\/\/www.appyweb.es\/diccionario\/wp-json\/wp\/v2\/types\/page"}],"author":[{"embeddable":true,"href":"https:\/\/www.appyweb.es\/diccionario\/wp-json\/wp\/v2\/users\/1"}],"replies":[{"embeddable":true,"href":"https:\/\/www.appyweb.es\/diccionario\/wp-json\/wp\/v2\/comments?post=1826"}],"version-history":[{"count":8,"href":"https:\/\/www.appyweb.es\/diccionario\/wp-json\/wp\/v2\/pages\/1826\/revisions"}],"predecessor-version":[{"id":13433,"href":"https:\/\/www.appyweb.es\/diccionario\/wp-json\/wp\/v2\/pages\/1826\/revisions\/13433"}],"wp:featuredmedia":[{"embeddable":true,"href":"https:\/\/www.appyweb.es\/diccionario\/wp-json\/wp\/v2\/media\/13430"}],"wp:attachment":[{"href":"https:\/\/www.appyweb.es\/diccionario\/wp-json\/wp\/v2\/media?parent=1826"}],"curies":[{"name":"wp","href":"https:\/\/api.w.org\/{rel}","templated":true}]}}