{"id":1843,"date":"2023-06-21T11:05:08","date_gmt":"2023-06-21T11:05:08","guid":{"rendered":"https:\/\/www.appyweb.es\/diccionario\/?page_id=1843"},"modified":"2024-04-04T07:32:04","modified_gmt":"2024-04-04T07:32:04","slug":"geolocalizacion-del-servidor","status":"publish","type":"page","link":"https:\/\/www.appyweb.es\/diccionario\/geolocalizacion-del-servidor\/","title":{"rendered":"Geolocalizaci\u00f3n del servidor"},"content":{"rendered":"<h1><img loading=\"lazy\" decoding=\"async\" class=\"alignnone wp-image-13501 size-full\" src=\"https:\/\/www.appyweb.es\/diccionario\/wp-content\/uploads\/2024\/04\/Geolocalizaciondelservidor.jpg\" alt=\"Geolocalizaci\u00f3n del servidor\" width=\"1000\" height=\"600\" srcset=\"https:\/\/www.appyweb.es\/diccionario\/wp-content\/uploads\/2024\/04\/Geolocalizaciondelservidor.jpg 1000w, https:\/\/www.appyweb.es\/diccionario\/wp-content\/uploads\/2024\/04\/Geolocalizaciondelservidor-300x180.jpg 300w, https:\/\/www.appyweb.es\/diccionario\/wp-content\/uploads\/2024\/04\/Geolocalizaciondelservidor-768x461.jpg 768w\" sizes=\"auto, (max-width: 1000px) 100vw, 1000px\" \/><\/h1>\n<p>El t\u00e9rmino\u00a0<em>servidor<\/em>\u00a0a nivel de sistema de computaci\u00f3n, est\u00e1 referido a la designaci\u00f3n de un ordenador o aplicaci\u00f3n inform\u00e1tica, que se encarga de suministrar informaci\u00f3n y otros recursos a aplicaciones clientes, que se conectan entre s\u00ed por redes. Cuando se habla <strong>de la geolocalizaci\u00f3n del servidor es la ubicaci\u00f3n de dicho ordenador<\/strong>.<\/p>\n<h2>\u00bfQu\u00e9 es la geolocalizaci\u00f3n del servidor?<\/h2>\n<p>Es la capacidad de ubicar un ordenador o una red asignada <strong>geogr\u00e1ficamente a trav\u00e9s de la direcci\u00f3n IP del equipo usuario o recurso<\/strong>. Se define como la localizaci\u00f3n geogr\u00e1fica exacta de un ordenador central y los recursos que \u00e9ste ofrece de manera instant\u00e1nea, seg\u00fan sus contenidos. A fin de extraer informaci\u00f3n precisa, en per\u00edodos de tiempos verdaderamente instant\u00e1neos, con relaci\u00f3n a su posici\u00f3n.<\/p>\n<p>Usualmente, la localizaci\u00f3n de los sitios web se adjuntan a esa direcci\u00f3n IP, por lo que se tendr\u00e1 en cuenta a <a href=\"https:\/\/www.appyweb.es\/posicionamiento-web\/\">nivel de posicionamiento web local<\/a>. Los algoritmos analizan su ubicaci\u00f3n dependiendo de la posici\u00f3n y el rango de n\u00fameros que compongan la direcci\u00f3n, para determinar cu\u00e1l es el lugar exacto de donde proviene.<\/p>\n<h2>\u00bfPara qu\u00e9 sirve?<\/h2>\n<p>En SEO, la geolocalizaci\u00f3n del servidor puede ser muy \u00fatil para identificar a los usuarios, despu\u00e9s de todo, el algoritmo de los buscadores suele darle prioridad a los sitios web <strong>que se encuentran en la misma localidad que los usuarios<\/strong>, tambi\u00e9n a los que utilizan el mismo idioma. Esta configuraci\u00f3n se puede realizar utilizando algunas etiquetas como <em>hreflang<\/em>, aunque se puede determinar si es necesario o no utilizarla <a href=\"https:\/\/www.appyweb.es\/auditoria-seo\/\">con ayuda de una auditor\u00eda SEO<\/a>.<\/p>\n<p>Por ejemplo, si un sitio web tiene una direcci\u00f3n IP correspondiente a un ordenador en Espa\u00f1a, es natural que ese sitio se posicione de forma m\u00e1s asertiva en las b\u00fasquedas de usuarios en Espa\u00f1a, a diferencia de las b\u00fasquedas que se realizan en M\u00e9xico. Aunque el idioma tambi\u00e9n puede ser determinante.<\/p>\n<h2>\u00bfQu\u00e9 otros factores influyen en la geolocalizaci\u00f3n en buscadores?<\/h2>\n<p>Como se mencion\u00f3 anteriormente, el idioma tambi\u00e9n es determinante, pero pueden existir casos donde no solo el espa\u00f1ol indicar\u00e1 que se trata de un sitio web en Espa\u00f1a. Por ejemplo, si el sitio indica varios idiomas propios, como el catal\u00e1n o el gallego, entonces es m\u00e1s f\u00e1cil segmentarlo en este pa\u00eds europeo, m\u00e1s que en el posicionamiento en M\u00e9xico \u00bfcierto?<\/p>\n<p>Aparte de la direcci\u00f3n IP del servidor, estos son otros aspectos que influyen en el posicionamiento en buscadores.<\/p>\n<ul>\n<li>La informaci\u00f3n sobre la localizaci\u00f3n dentro del sitio, por ejemplo, la direcci\u00f3n de una oficina.<\/li>\n<li>Los mapas embebidos que indican una localizaci\u00f3n exacta.<\/li>\n<li>La ubicaci\u00f3n de los enlaces que apuntan hacia dicho sitio web.<\/li>\n<li>Los <strong>datos en Google My Business que suelen apuntar al SEO local<\/strong>.<\/li>\n<li>El dominio que utiliza (.es, .cl, .us\u2026)<\/li>\n<\/ul>\n<h2>\u00bfC\u00f3mo saber la IP de un servidor?<\/h2>\n<p>Es necesario conocer cu\u00e1l es la localizaci\u00f3n IP de un servidor antes de contratar un servicio de hosting, ya que ser\u00e1 determinante para que el sitio web en cuesti\u00f3n <strong>tenga mayor prioridad en el posicionamiento del p\u00fablico objetivo<\/strong>. Por ejemplo, no todas las empresas en Espa\u00f1a quieren solo atraer p\u00fablico espa\u00f1ol, sino tambi\u00e9n al resto de la comunidad hispanohablante.<\/p>\n<p>Por eso, es necesario saber cu\u00e1l es la IP de un servidor y constatar que est\u00e9 dirigida al p\u00fablico que se busca, para esto se pueden utilizar herramientas como estas.<\/p>\n<ul>\n<li><strong>GeoIPTool o GeoIPView<\/strong>: En estos sitios solo ser\u00e1 necesario introducir el sitio web del host en cuesti\u00f3n y verificar d\u00f3nde est\u00e1 localizado.<\/li>\n<li><strong>NetCraft<\/strong>: Igualmente, utiliza la direcci\u00f3n de dominio o URL para determinar su IP, tambi\u00e9n arroja datos interesantes como las tecnolog\u00edas que utilizan en el hosting.<\/li>\n<\/ul>\n<p><script type=\"application\/ld+json\">{\"@context\":\"https:\/\/schema.org\",\"@type\":\"FAQPage\",\"mainEntity\":[ \n{\"@type\":\"Question\",\"name\":\"\u00bfQu\u00e9 es la geolocalizaci\u00f3n del servidor?\",\"acceptedAnswer\":{\"@type\":\"Answer\",\"text\":\"<\/p>\n<p>Es la capacidad de ubicar un ordenador o una red asignada <strong>geogr\u00e1ficamente a trav\u00e9s de la direcci\u00f3n IP del equipo usuario o recurso<\/strong>. Se define como la localizaci\u00f3n geogr\u00e1fica exacta de un ordenador central y los recursos que \u00e9ste ofrece de manera instant\u00e1nea, seg\u00fan sus contenidos. A fin de extraer informaci\u00f3n precisa, en per\u00edodos de tiempos verdaderamente instant\u00e1neos, con relaci\u00f3n a su posici\u00f3n.<\/p>\n<p>Usualmente, la localizaci\u00f3n de los sitios web se adjuntan a esa direcci\u00f3n IP, por lo que se tendr\u00e1 en cuenta a <a href='https:\/\/www.appyweb.es\/posicionamiento-web\/'>nivel de posicionamiento web local<\/a>. Los algoritmos analizan su ubicaci\u00f3n dependiendo de la posici\u00f3n y el rango de n\u00fameros que compongan la direcci\u00f3n, para determinar cu\u00e1l es el lugar exacto de donde proviene.<\/p>\n<p>\"}},\n{\"@type\":\"Question\",\"name\":\"\u00bfPara qu\u00e9 sirve?\",\"acceptedAnswer\":{\"@type\":\"Answer\",\"text\":\"<\/p>\n<p>En SEO, la geolocalizaci\u00f3n del servidor puede ser muy \u00fatil para identificar a los usuarios, despu\u00e9s de todo, el algoritmo de los buscadores suele darle prioridad a los sitios web <strong>que se encuentran en la misma localidad que los usuarios<\/strong>, tambi\u00e9n a los que utilizan el mismo idioma. Esta configuraci\u00f3n se puede realizar utilizando algunas etiquetas como <em>hreflang<\/em>, aunque se puede determinar si es necesario o no utilizarla <a href='https:\/\/www.appyweb.es\/auditoria-seo\/'>con ayuda de una auditor\u00eda SEO<\/a>.<\/p>\n<p>Por ejemplo, si un sitio web tiene una direcci\u00f3n IP correspondiente a un ordenador en Espa\u00f1a, es natural que ese sitio se posicione de forma m\u00e1s asertiva en las b\u00fasquedas de usuarios en Espa\u00f1a, a diferencia de las b\u00fasquedas que se realizan en M\u00e9xico. Aunque el idioma tambi\u00e9n puede ser determinante.<\/p>\n<p>\"}},\n{\"@type\":\"Question\",\"name\":\"\u00bfQu\u00e9 otros factores influyen en la geolocalizaci\u00f3n en buscadores?\",\"acceptedAnswer\":{\"@type\":\"Answer\",\"text\":\"<\/p>\n<p>Como se mencion\u00f3 anteriormente, el idioma tambi\u00e9n es determinante, pero pueden existir casos donde no solo el espa\u00f1ol indicar\u00e1 que se trata de un sitio web en Espa\u00f1a. Por ejemplo, si el sitio indica varios idiomas propios, como el catal\u00e1n o el gallego, entonces es m\u00e1s f\u00e1cil segmentarlo en este pa\u00eds europeo, m\u00e1s que en el posicionamiento en M\u00e9xico \u00bfcierto?<\/p>\n<p>Aparte de la direcci\u00f3n IP del servidor, estos son otros aspectos que influyen en el posicionamiento en buscadores.<\/p>\n<\/p>\n<ul>\n<\/p>\n<li>La informaci\u00f3n sobre la localizaci\u00f3n dentro del sitio, por ejemplo, la direcci\u00f3n de una oficina.<\/li>\n<\/p>\n<li>Los mapas embebidos que indican una localizaci\u00f3n exacta.<\/li>\n<\/p>\n<li>La ubicaci\u00f3n de los enlaces que apuntan hacia dicho sitio web.<\/li>\n<\/p>\n<li>Los <strong>datos en Google My Business que suelen apuntar al SEO local<\/strong>.<\/li>\n<\/p>\n<li>El dominio que utiliza (.es, .cl, .us\u2026)<\/li>\n<\/ul>\n<p>\"}},\n{\"@type\":\"Question\",\"name\":\"\u00bfC\u00f3mo saber la IP de un servidor?\",\"acceptedAnswer\":{\"@type\":\"Answer\",\"text\":\"<\/p>\n<p>Es necesario conocer cu\u00e1l es la localizaci\u00f3n IP de un servidor antes de contratar un servicio de hosting, ya que ser\u00e1 determinante para que el sitio web en cuesti\u00f3n <strong>tenga mayor prioridad en el posicionamiento del p\u00fablico objetivo<\/strong>. Por ejemplo, no todas las empresas en Espa\u00f1a quieren solo atraer p\u00fablico espa\u00f1ol, sino tambi\u00e9n al resto de la comunidad hispanohablante.<\/p>\n<p>Por eso, es necesario saber cu\u00e1l es la IP de un servidor y constatar que est\u00e9 dirigida al p\u00fablico que se busca, para esto se pueden utilizar herramientas como estas.<\/p>\n<\/p>\n<ul>\n<\/p>\n<li><strong>GeoIPTool o GeoIPView<\/strong>: En estos sitios solo ser\u00e1 necesario introducir el sitio web del host en cuesti\u00f3n y verificar d\u00f3nde est\u00e1 localizado.<\/li>\n<\/p>\n<li><strong>NetCraft<\/strong>: Igualmente, utiliza la direcci\u00f3n de dominio o URL para determinar su IP, tambi\u00e9n arroja datos interesantes como las tecnolog\u00edas que utilizan en el hosting.<\/li>\n<\/ul>\n<p>\"}}\n]}<\/script><\/p>\n<h2>M\u00e1s informaci\u00f3n sobre geolocalizaci\u00f3n del servidor<\/h2>\n<p>Si est\u00e1s haciendo toda una optimizaci\u00f3n SEO para tu posicionamiento local, entonces debes aprender un poco m\u00e1s sobre este tema. Aqu\u00ed tienes un par de enlaces que te ayudar\u00e1n.<\/p>\n<ul>\n<li><a href=\"https:\/\/www.appyweb.es\/diccionario\/orientacion-geografica-dominio-los-buscadores\/\">\u00bfQu\u00e9 es la Orientaci\u00f3n geogr\u00e1fica de un dominio en los buscadores?<\/a><\/li>\n<li><a href=\"https:\/\/comunicacionmarketing.es\/seoysem\/02\/03\/2020\/la-geolocalizacion-cada-vez-mas-importante-para-el-seo-local\/11183.html\" rel=\"nofollow noopener\" target=\"_blank\">La geolocalizaci\u00f3n cada vez m\u00e1s importante para el SEO local<\/a><\/li>\n<\/ul>\n<p>&nbsp;<\/p>\n","protected":false},"excerpt":{"rendered":"<p>El t\u00e9rmino\u00a0servidor\u00a0a nivel de sistema de computaci\u00f3n, est\u00e1 referido a la designaci\u00f3n de un ordenador o aplicaci\u00f3n inform\u00e1tica, que se encarga de suministrar informaci\u00f3n y otros recursos a aplicaciones clientes, que se conectan entre s\u00ed por redes. Cuando se habla de la geolocalizaci\u00f3n del servidor es la ubicaci\u00f3n de dicho ordenador. \u00bfQu\u00e9 es la geolocalizaci\u00f3n [&hellip;]<\/p>\n","protected":false},"author":1,"featured_media":13501,"parent":0,"menu_order":0,"comment_status":"closed","ping_status":"closed","template":"","meta":{"inline_featured_image":false,"footnotes":""},"class_list":["post-1843","page","type-page","status-publish","has-post-thumbnail","hentry"],"_links":{"self":[{"href":"https:\/\/www.appyweb.es\/diccionario\/wp-json\/wp\/v2\/pages\/1843","targetHints":{"allow":["GET"]}}],"collection":[{"href":"https:\/\/www.appyweb.es\/diccionario\/wp-json\/wp\/v2\/pages"}],"about":[{"href":"https:\/\/www.appyweb.es\/diccionario\/wp-json\/wp\/v2\/types\/page"}],"author":[{"embeddable":true,"href":"https:\/\/www.appyweb.es\/diccionario\/wp-json\/wp\/v2\/users\/1"}],"replies":[{"embeddable":true,"href":"https:\/\/www.appyweb.es\/diccionario\/wp-json\/wp\/v2\/comments?post=1843"}],"version-history":[{"count":5,"href":"https:\/\/www.appyweb.es\/diccionario\/wp-json\/wp\/v2\/pages\/1843\/revisions"}],"predecessor-version":[{"id":13504,"href":"https:\/\/www.appyweb.es\/diccionario\/wp-json\/wp\/v2\/pages\/1843\/revisions\/13504"}],"wp:featuredmedia":[{"embeddable":true,"href":"https:\/\/www.appyweb.es\/diccionario\/wp-json\/wp\/v2\/media\/13501"}],"wp:attachment":[{"href":"https:\/\/www.appyweb.es\/diccionario\/wp-json\/wp\/v2\/media?parent=1843"}],"curies":[{"name":"wp","href":"https:\/\/api.w.org\/{rel}","templated":true}]}}