{"id":1957,"date":"2023-06-21T11:47:57","date_gmt":"2023-06-21T11:47:57","guid":{"rendered":"https:\/\/www.appyweb.es\/diccionario\/?page_id=1957"},"modified":"2024-04-08T15:43:05","modified_gmt":"2024-04-08T15:43:05","slug":"google-penguin","status":"publish","type":"page","link":"https:\/\/www.appyweb.es\/diccionario\/google-penguin\/","title":{"rendered":"Google Penguin"},"content":{"rendered":"<figure id=\"attachment_13988\" aria-describedby=\"caption-attachment-13988\" style=\"width: 1000px\" class=\"wp-caption alignnone\"><img loading=\"lazy\" decoding=\"async\" class=\"size-full wp-image-13988\" src=\"https:\/\/www.appyweb.es\/diccionario\/wp-content\/uploads\/2024\/04\/GooglePenguin.jpg\" alt=\"Google Penguin\" width=\"1000\" height=\"600\" srcset=\"https:\/\/www.appyweb.es\/diccionario\/wp-content\/uploads\/2024\/04\/GooglePenguin.jpg 1000w, https:\/\/www.appyweb.es\/diccionario\/wp-content\/uploads\/2024\/04\/GooglePenguin-300x180.jpg 300w, https:\/\/www.appyweb.es\/diccionario\/wp-content\/uploads\/2024\/04\/GooglePenguin-768x461.jpg 768w\" sizes=\"auto, (max-width: 1000px) 100vw, 1000px\" \/><figcaption id=\"caption-attachment-13988\" class=\"wp-caption-text\">Chica analizando codigo por si encuentra algun error.<\/figcaption><\/figure>\n<p>Es una actualizaci\u00f3n del algoritmo de Google, es una de las m\u00e1s severas porque se encarga netamente de <strong>penalizar o reducir la clasificaci\u00f3n del Page Rank de los sitios<\/strong> que infrinjan las recomendaciones de los webmasters. Google Penguin es el encargado de regular las estrategias de Black Hat SEO.<\/p>\n<h2>\u00bfQu\u00e9 es Google Penguin?<\/h2>\n<p>Es una implementaci\u00f3n del algoritmo que tiene en cuenta aspectos netamente t\u00e9cnicos, por lo que el lenguaje, ni la conducta de los visitantes tendr\u00e1n influencia sobre la clasificaci\u00f3n de una p\u00e1gina web. De esta forma, se puede decir <strong>Penguin se encarga de evaluar todo el SEO de los sitios web <\/strong>para determinar si existen o no t\u00e9cnicas de spamdexing. Es un filtro determinante para <a href=\"https:\/\/www.appyweb.es\/posicionamiento-web\/\">lograr un buen posicionamiento web<\/a> y evitar penalizaciones.<\/p>\n<p>Una de las razones para implementar esta actualizaci\u00f3n era que los sitios estaban empezando a construir enlaces de muy baja calidad, solamente para crear una estructura vac\u00eda que hiciera parecer que la estrategia de enlaces era sustancial. En conjunto con Panda, una actualizaci\u00f3n anterior, <strong>se encargar\u00edan de regular y penalizar esas estrategias negativas<\/strong>, para darle prioridad a los sitios web que s\u00ed ten\u00edan enlaces de alta calidad.<\/p>\n<h2>Origen<\/h2>\n<p>Fue implementada por primera vez el 25 de abril del 2012, con el objetivo de medir el Page Rank de sitios web para su posicionamiento, su tarea espec\u00edfica era <strong>aprobar o desaprobar la clasificaci\u00f3n de los sitios web para el posicionamiento<\/strong>. En principio, afect\u00f3 solo al 3% de las b\u00fasquedas realizadas en Google en alem\u00e1n, chino y \u00e1rabe, en el caso de las consultas en ingl\u00e9s lleg\u00f3 hasta 3.1%, ya que estos son los idiomas que m\u00e1s spam generan.<\/p>\n<p>Tambi\u00e9n involucr\u00f3 reajustes como el de dise\u00f1o de p\u00e1gina para limitar la cantidad de anuncios, <strong>reduciendo el posicionamiento de sitios web con demasiada publicidad<\/strong>. Pero, desde el a\u00f1o 2014 hasta el 2016 la empresa anuncio que tanto Penguin como Panda estaban en modo manual, por lo que los sitios web deb\u00edan enviar los mapas de sitio para su respectiva evaluaci\u00f3n.<\/p>\n<p>En septiembre de 2016 se lanz\u00f3 una \u00faltima versi\u00f3n, que consist\u00eda en sumar o hasta restar clasificaci\u00f3n en caso de que la estructura de enlaces no tuvieran nada que ver con el tema principal del sitio web.<\/p>\n<h2>\u00bfPara qu\u00e9 sirve?<\/h2>\n<p>En principio, fue creado para <strong>evitar el posicionamiento de sitios web de baja calidad<\/strong>, teniendo en cuenta el valor de sus enlaces entrantes, de esta forma, si se trataba de spam ser\u00eda penalizado. Al mismo tiempo, mejora el posicionamiento de sitios web que s\u00ed tengan enlaces de calidad y que est\u00e9n a favor de mejorar la experiencia de navegaci\u00f3n de los usuarios.<\/p>\n<p>En este sentido, es el responsable de que se planteen estrategias m\u00e1s detalladas en el <a href=\"https:\/\/www.appyweb.es\/link-building\/\">marketing de contenidos y linkbuilding<\/a>, teniendo en cuenta las palabras clave relacionadas y el tema en com\u00fan. Al mismo tiempo, puso en boga el t\u00e9rmino <em>link juice <\/em>o<em> zumo de enlaces<\/em> que indica cu\u00e1ndo un enlace transfiere o no autoridad que ser\u00e1 necesaria para el posicionamiento.<\/p>\n<h2>Ejemplo<\/h2>\n<p>Antes de la aparici\u00f3n de Google Penguin, los sitios web utilizaban enlaces entrantes por la popularidad que generaban, es por eso que los usuarios sol\u00edan encontrar links que apuntaban hacia una receta de galletas de chocolate en un contenido de un sitio web de una inmobiliaria. Anteriormente, <strong>el algoritmo evaluaba la popularidad del enlace en lugar de su calidad<\/strong>, entonces ese sitio web podr\u00eda posicionar mejor tanto en las b\u00fasquedas sobre inmobiliario como de galletas.<\/p>\n<p>Entonces, se repens\u00f3 el algoritmo considerando que el usuario est\u00e1 en un sitio web sobre inmobiliarios porque su inter\u00e9s es comprar o conocer m\u00e1s sobre ese mercado. Por lo que la actualizaci\u00f3n <strong>empez\u00f3 a penalizar esos sitios con enlaces turbios<\/strong> y empez\u00f3 a posicionar los que s\u00ed tuvieran links con temas m\u00e1s relacionados.<\/p>\n<p><script type=\"application\/ld+json\">{\"@context\":\"https:\/\/schema.org\",\"@type\":\"FAQPage\",\"mainEntity\":[ \n{\"@type\":\"Question\",\"name\":\"\u00bfQu\u00e9 es Google Penguin?\",\"acceptedAnswer\":{\"@type\":\"Answer\",\"text\":\"<\/p>\n<p>Es una implementaci\u00f3n del algoritmo que tiene en cuenta aspectos netamente t\u00e9cnicos, por lo que el lenguaje, ni la conducta de los visitantes tendr\u00e1n influencia sobre la clasificaci\u00f3n de una p\u00e1gina web. De esta forma, se puede decir <strong>Penguin se encarga de evaluar todo el SEO de los sitios web <\/strong>para determinar si existen o no t\u00e9cnicas de spamdexing. Es un filtro determinante para <a href='https:\/\/www.appyweb.es\/posicionamiento-web\/'>lograr un buen posicionamiento web<\/a> y evitar penalizaciones.<\/p>\n<p>Una de las razones para implementar esta actualizaci\u00f3n era que los sitios estaban empezando a construir enlaces de muy baja calidad, solamente para crear una estructura vac\u00eda que hiciera parecer que la estrategia de enlaces era sustancial. En conjunto con Panda, una actualizaci\u00f3n anterior, <strong>se encargar\u00edan de regular y penalizar esas estrategias negativas<\/strong>, para darle prioridad a los sitios web que s\u00ed ten\u00edan enlaces de alta calidad.<\/p>\n<p>\"}},\n{\"@type\":\"Question\",\"name\":\"Origen\",\"acceptedAnswer\":{\"@type\":\"Answer\",\"text\":\"<\/p>\n<p>Fue implementada por primera vez el 25 de abril del 2012, con el objetivo de medir el Page Rank de sitios web para su posicionamiento, su tarea espec\u00edfica era <strong>aprobar o desaprobar la clasificaci\u00f3n de los sitios web para el posicionamiento<\/strong>. En principio, afect\u00f3 solo al 3% de las b\u00fasquedas realizadas en Google en alem\u00e1n, chino y \u00e1rabe, en el caso de las consultas en ingl\u00e9s lleg\u00f3 hasta 3.1%, ya que estos son los idiomas que m\u00e1s spam generan.<\/p>\n<p>Tambi\u00e9n involucr\u00f3 reajustes como el de dise\u00f1o de p\u00e1gina para limitar la cantidad de anuncios, <strong>reduciendo el posicionamiento de sitios web con demasiada publicidad<\/strong>. Pero, desde el a\u00f1o 2014 hasta el 2016 la empresa anuncio que tanto Penguin como Panda estaban en modo manual, por lo que los sitios web deb\u00edan enviar los mapas de sitio para su respectiva evaluaci\u00f3n.<\/p>\n<p>En septiembre de 2016 se lanz\u00f3 una \u00faltima versi\u00f3n, que consist\u00eda en sumar o hasta restar clasificaci\u00f3n en caso de que la estructura de enlaces no tuvieran nada que ver con el tema principal del sitio web.<\/p>\n<p>\"}},\n{\"@type\":\"Question\",\"name\":\"\u00bfPara qu\u00e9 sirve?\",\"acceptedAnswer\":{\"@type\":\"Answer\",\"text\":\"<\/p>\n<p>En principio, fue creado para <strong>evitar el posicionamiento de sitios web de baja calidad<\/strong>, teniendo en cuenta el valor de sus enlaces entrantes, de esta forma, si se trataba de spam ser\u00eda penalizado. Al mismo tiempo, mejora el posicionamiento de sitios web que s\u00ed tengan enlaces de calidad y que est\u00e9n a favor de mejorar la experiencia de navegaci\u00f3n de los usuarios.<\/p>\n<p>En este sentido, es el responsable de que se planteen estrategias m\u00e1s detalladas en el <a href='https:\/\/www.appyweb.es\/link-building\/'>marketing de contenidos y linkbuilding<\/a>, teniendo en cuenta las palabras clave relacionadas y el tema en com\u00fan. Al mismo tiempo, puso en boga el t\u00e9rmino <em>link juice <\/em>o<em> zumo de enlaces<\/em> que indica cu\u00e1ndo un enlace transfiere o no autoridad que ser\u00e1 necesaria para el posicionamiento.<\/p>\n<p>\"}},\n{\"@type\":\"Question\",\"name\":\"Ejemplo\",\"acceptedAnswer\":{\"@type\":\"Answer\",\"text\":\"<\/p>\n<p>Antes de la aparici\u00f3n de Google Penguin, los sitios web utilizaban enlaces entrantes por la popularidad que generaban, es por eso que los usuarios sol\u00edan encontrar links que apuntaban hacia una receta de galletas de chocolate en un contenido de un sitio web de una inmobiliaria. Anteriormente, <strong>el algoritmo evaluaba la popularidad del enlace en lugar de su calidad<\/strong>, entonces ese sitio web podr\u00eda posicionar mejor tanto en las b\u00fasquedas sobre inmobiliario como de galletas.<\/p>\n<p>Entonces, se repens\u00f3 el algoritmo considerando que el usuario est\u00e1 en un sitio web sobre inmobiliarios porque su inter\u00e9s es comprar o conocer m\u00e1s sobre ese mercado. Por lo que la actualizaci\u00f3n <strong>empez\u00f3 a penalizar esos sitios con enlaces turbios<\/strong> y empez\u00f3 a posicionar los que s\u00ed tuvieran links con temas m\u00e1s relacionados.<\/p>\n<p>\"}}\n]}<\/script><\/p>\n<h2>M\u00e1s informaci\u00f3n sobre Google Penguin<\/h2>\n<p>Actualmente, la empresa de tecnolog\u00eda ha anunciado que la versi\u00f3n del 2016 ser\u00e1 la \u00faltima de esta actualizaci\u00f3n. Sin embargo, contin\u00faan los cambios menores, as\u00ed que es importante estar al tanto de ellas, aqu\u00ed tienes m\u00e1s informaci\u00f3n al respecto.<\/p>\n<ul>\n<li><a href=\"https:\/\/www.appyweb.es\/guia-dejar-perder-posicionamiento-google\/\">\u00bfQu\u00e9 hacer con las penalizaciones de Penguin?<\/a><\/li>\n<li><a href=\"https:\/\/marketing4ecommerce.net\/algoritmos-de-google-historia-de-los-cambios-que-mas-te-afectan\/\" rel=\"nofollow noopener\" target=\"_blank\">Algoritmo de Google: historia de los cambios en el buscador que m\u00e1s afectan a tu web<\/a><\/li>\n<\/ul>\n<p>&nbsp;<\/p>\n","protected":false},"excerpt":{"rendered":"<p>Es una actualizaci\u00f3n del algoritmo de Google, es una de las m\u00e1s severas porque se encarga netamente de penalizar o reducir la clasificaci\u00f3n del Page Rank de los sitios que infrinjan las recomendaciones de los webmasters. Google Penguin es el encargado de regular las estrategias de Black Hat SEO. \u00bfQu\u00e9 es Google Penguin? Es una [&hellip;]<\/p>\n","protected":false},"author":1,"featured_media":13988,"parent":0,"menu_order":0,"comment_status":"closed","ping_status":"closed","template":"","meta":{"inline_featured_image":false,"footnotes":""},"class_list":["post-1957","page","type-page","status-publish","has-post-thumbnail","hentry"],"_links":{"self":[{"href":"https:\/\/www.appyweb.es\/diccionario\/wp-json\/wp\/v2\/pages\/1957","targetHints":{"allow":["GET"]}}],"collection":[{"href":"https:\/\/www.appyweb.es\/diccionario\/wp-json\/wp\/v2\/pages"}],"about":[{"href":"https:\/\/www.appyweb.es\/diccionario\/wp-json\/wp\/v2\/types\/page"}],"author":[{"embeddable":true,"href":"https:\/\/www.appyweb.es\/diccionario\/wp-json\/wp\/v2\/users\/1"}],"replies":[{"embeddable":true,"href":"https:\/\/www.appyweb.es\/diccionario\/wp-json\/wp\/v2\/comments?post=1957"}],"version-history":[{"count":5,"href":"https:\/\/www.appyweb.es\/diccionario\/wp-json\/wp\/v2\/pages\/1957\/revisions"}],"predecessor-version":[{"id":13991,"href":"https:\/\/www.appyweb.es\/diccionario\/wp-json\/wp\/v2\/pages\/1957\/revisions\/13991"}],"wp:featuredmedia":[{"embeddable":true,"href":"https:\/\/www.appyweb.es\/diccionario\/wp-json\/wp\/v2\/media\/13988"}],"wp:attachment":[{"href":"https:\/\/www.appyweb.es\/diccionario\/wp-json\/wp\/v2\/media?parent=1957"}],"curies":[{"name":"wp","href":"https:\/\/api.w.org\/{rel}","templated":true}]}}