{"id":1980,"date":"2023-06-21T13:03:35","date_gmt":"2023-06-21T13:03:35","guid":{"rendered":"https:\/\/www.appyweb.es\/diccionario\/?page_id=1980"},"modified":"2024-04-09T13:26:07","modified_gmt":"2024-04-09T13:26:07","slug":"google-shopping","status":"publish","type":"page","link":"https:\/\/www.appyweb.es\/diccionario\/google-shopping\/","title":{"rendered":"Google Shopping"},"content":{"rendered":"<figure id=\"attachment_14033\" aria-describedby=\"caption-attachment-14033\" style=\"width: 1000px\" class=\"wp-caption alignnone\"><img loading=\"lazy\" decoding=\"async\" class=\"size-full wp-image-14033\" src=\"https:\/\/www.appyweb.es\/diccionario\/wp-content\/uploads\/2024\/04\/GoogleShopping.jpg\" alt=\"Google Shopping\" width=\"1000\" height=\"600\" srcset=\"https:\/\/www.appyweb.es\/diccionario\/wp-content\/uploads\/2024\/04\/GoogleShopping.jpg 1000w, https:\/\/www.appyweb.es\/diccionario\/wp-content\/uploads\/2024\/04\/GoogleShopping-300x180.jpg 300w, https:\/\/www.appyweb.es\/diccionario\/wp-content\/uploads\/2024\/04\/GoogleShopping-768x461.jpg 768w\" sizes=\"auto, (max-width: 1000px) 100vw, 1000px\" \/><figcaption id=\"caption-attachment-14033\" class=\"wp-caption-text\">Dos personas comprando por una tienda online.<\/figcaption><\/figure>\n<p>Encontrar las mejores ofertas de productos en Internet puede resultar dif\u00edcil. Por ello se han desarrollado herramientas automatizadas que permiten filtrar productos y precios <strong>para ofrecerle al usuario una mejor experiencia de compra<\/strong>. Una de estas herramientas es Google Shopping, un algoritmo especialmente dise\u00f1ado para mostrar precios y ofertas.<\/p>\n<h2>\u00bfQu\u00e9 es Google Shopping?<\/h2>\n<p>Se trata de un <strong>comparador de precios con una gran variedad de productos<\/strong>, los usuarios pueden utilizarlo para encontrar los mejores precios y ofertas de lo que comprar\u00e1n, por lo que es de mucha ayuda para reducir el tiempo de consulta entre sitios web o ecommerces. En este sentido, al utilizar Google Shopping no solo se estar\u00e1n visualizando las ofertas de un solo e-commerce (como sucede al utilizar Amazon o eBay) sino de todos los disponibles que vendan dichos productos.<\/p>\n<p>Por lo tanto, es muy similar al buscador tradicional, ya que utiliza un algoritmo para clasificar y <a href=\"https:\/\/www.appyweb.es\/posicionamiento-web\/\">dise\u00f1ar un posicionamiento web<\/a> acorde a las necesidades del usuario en cuesti\u00f3n. Al mismo tiempo, permite filtrar las b\u00fasquedas para conseguir los m\u00e1s baratos o los mejores valorados.<\/p>\n<p>Al mismo tiempo, es importante mencionar que ofrece un sistema de anuncios en conjunto con la plataforma de Ads, de esta forma, los comerciantes <strong>pueden exponer sus productos en las zonas principales de las SERP\\&#8217;s<\/strong> y tener m\u00e1s oportunidades de compra.<\/p>\n<h2>\u00bfPara qu\u00e9 sirve?<\/h2>\n<p>Su funci\u00f3n principal es ofrecer una lista de e-commerce a clientes potenciales. De esta forma, se encarga de facilitarle las b\u00fasquedas del producto que necesitan, sin necesidad de investigar en todo Internet. Puede mostrar a primera vista las mejores opciones de productos de diferentes tiendas, con la imagen, el t\u00edtulo y el precio del producto.<\/p>\n<p>Se puede pensar en Google Shopping como un centro comercial, donde las p\u00e1ginas de resultados son las vitrinas de las tiendas. Entonces, tambi\u00e9n sirve para <strong>ofrecer una mejor experiencia de compra a los usuarios<\/strong>, ya que les permite analizar opciones, comparar precios y encontrar las mejores condiciones de venta.<\/p>\n<p>Asimismo, como se mencion\u00f3 anteriormente, tiene una funci\u00f3n en conjunto con la <a href=\"https:\/\/www.appyweb.es\/campanas-google-adwords\/\">plataforma de anuncios de Google Ads<\/a>, de esta forma es necesario pagar para tener la oportunidad de aparecer en dicho listado.<\/p>\n<h2>\u00bfC\u00f3mo funciona?<\/h2>\n<p>Se debe cumplir con una serie de pasos, para poder disfrutar de los beneficios de Google Shopping. Hay que recordar que al ser una herramienta para campa\u00f1as SEM, se debe pagar para utilizarse.<\/p>\n<ul>\n<li>Crear una cuenta en Ads y en Google Merchant Center.<\/li>\n<li>Crear un feed <strong>con todos los datos de los productos de la tienda online<\/strong>, para que se introduzcan en Merchant Center.<\/li>\n<li>Vincular las cuentas de Ads y Merchant Center.<\/li>\n<li>Iniciar la campa\u00f1a desde la plataforma de Ads, acceder a la subasta y proceder con la publicaci\u00f3n de la misma.<\/li>\n<li>A partir de all\u00ed se pueden empezar a registrar resultados, como la conversaci\u00f3n de potenciales clientes.<\/li>\n<\/ul>\n<h2>C\u00f3mo aparecer en Google Shopping<\/h2>\n<p>A pesar de que es una herramienta de pago, es necesario seguir con una serie de <strong>requisitos para tener una buena posici\u00f3n en el listado<\/strong> y asegurar todos los beneficios de la herramienta. Algunos de esos aspectos son los siguientes.<\/p>\n<ul>\n<li>Optimizar el nombre y la descripci\u00f3n de los productos.<\/li>\n<li>Incluir p\u00e1gina de destino o landing page.<\/li>\n<li>Los enlaces principales y secundarios tambi\u00e9n deben estar correctamente optimizados.<\/li>\n<li>Asimismo, las im\u00e1genes tambi\u00e9n deben tener un v\u00ednculo de valor.<\/li>\n<li>Se deben incluir <strong>medidas y dimensiones para una mejor exposici\u00f3n del producto<\/strong>.<\/li>\n<li>Es importante utilizar categor\u00edas para posicionar mejor al momento de la b\u00fasqueda.<\/li>\n<li>El nombre de la marca y su reputaci\u00f3n en el buscador tambi\u00e9n ser\u00e1 determinante.<\/li>\n<\/ul>\n<p><script type=\"application\/ld+json\">{\"@context\":\"https:\/\/schema.org\",\"@type\":\"FAQPage\",\"mainEntity\":[ \n{\"@type\":\"Question\",\"name\":\"\u00bfQu\u00e9 es Google Shopping?\",\"acceptedAnswer\":{\"@type\":\"Answer\",\"text\":\"<\/p>\n<p>Se trata de un <strong>comparador de precios con una gran variedad de productos<\/strong>, los usuarios pueden utilizarlo para encontrar los mejores precios y ofertas de lo que comprar\u00e1n, por lo que es de mucha ayuda para reducir el tiempo de consulta entre sitios web o ecommerces. En este sentido, al utilizar Google Shopping no solo se estar\u00e1n visualizando las ofertas de un solo e-commerce (como sucede al utilizar Amazon o eBay) sino de todos los disponibles que vendan dichos productos.<\/p>\n<p>Por lo tanto, es muy similar al buscador tradicional, ya que utiliza un algoritmo para clasificar y <a href='https:\/\/www.appyweb.es\/posicionamiento-web\/'>dise\u00f1ar un posicionamiento web<\/a> acorde a las necesidades del usuario en cuesti\u00f3n. Al mismo tiempo, permite filtrar las b\u00fasquedas para conseguir los m\u00e1s baratos o los mejores valorados.<\/p>\n<p>Al mismo tiempo, es importante mencionar que ofrece un sistema de anuncios en conjunto con la plataforma de Ads, de esta forma, los comerciantes <strong>pueden exponer sus productos en las zonas principales de las SERP\\'s<\/strong> y tener m\u00e1s oportunidades de compra.<\/p>\n<p>\"}},\n{\"@type\":\"Question\",\"name\":\"\u00bfPara qu\u00e9 sirve?\",\"acceptedAnswer\":{\"@type\":\"Answer\",\"text\":\"<\/p>\n<p>Su funci\u00f3n principal es ofrecer una lista de e-commerce a clientes potenciales. De esta forma, se encarga de facilitarle las b\u00fasquedas del producto que necesitan, sin necesidad de investigar en todo Internet. Puede mostrar a primera vista las mejores opciones de productos de diferentes tiendas, con la imagen, el t\u00edtulo y el precio del producto.<\/p>\n<p>Se puede pensar en Google Shopping como un centro comercial, donde las p\u00e1ginas de resultados son las vitrinas de las tiendas. Entonces, tambi\u00e9n sirve para <strong>ofrecer una mejor experiencia de compra a los usuarios<\/strong>, ya que les permite analizar opciones, comparar precios y encontrar las mejores condiciones de venta.<\/p>\n<p>Asimismo, como se mencion\u00f3 anteriormente, tiene una funci\u00f3n en conjunto con la <a href='https:\/\/www.appyweb.es\/campanas-google-adwords\/'>plataforma de anuncios de Google Ads<\/a>, de esta forma es necesario pagar para tener la oportunidad de aparecer en dicho listado.<\/p>\n<p>\"}},\n{\"@type\":\"Question\",\"name\":\"\u00bfC\u00f3mo funciona?\",\"acceptedAnswer\":{\"@type\":\"Answer\",\"text\":\"<\/p>\n<p>Se debe cumplir con una serie de pasos, para poder disfrutar de los beneficios de Google Shopping. Hay que recordar que al ser una herramienta para campa\u00f1as SEM, se debe pagar para utilizarse.<\/p>\n<\/p>\n<ul>\n<\/p>\n<li>Crear una cuenta en Ads y en Google Merchant Center.<\/li>\n<\/p>\n<li>Crear un feed <strong>con todos los datos de los productos de la tienda online<\/strong>, para que se introduzcan en Merchant Center.<\/li>\n<\/p>\n<li>Vincular las cuentas de Ads y Merchant Center.<\/li>\n<\/p>\n<li>Iniciar la campa\u00f1a desde la plataforma de Ads, acceder a la subasta y proceder con la publicaci\u00f3n de la misma.<\/li>\n<\/p>\n<li> A partir de all\u00ed se pueden empezar a registrar resultados, como la conversaci\u00f3n de potenciales clientes.<\/li>\n<\/ul>\n<p>\"}},\n{\"@type\":\"Question\",\"name\":\"C\u00f3mo aparecer en Google Shopping\",\"acceptedAnswer\":{\"@type\":\"Answer\",\"text\":\"<\/p>\n<p>A pesar de que es una herramienta de pago, es necesario seguir con una serie de <strong>requisitos para tener una buena posici\u00f3n en el listado<\/strong> y asegurar todos los beneficios de la herramienta. Algunos de esos aspectos son los siguientes.<\/p>\n<\/p>\n<ul>\n<\/p>\n<li>Optimizar el nombre y la descripci\u00f3n de los productos.<\/li>\n<\/p>\n<li>Incluir p\u00e1gina de destino o landing page.<\/li>\n<\/p>\n<li>Los enlaces principales y secundarios tambi\u00e9n deben estar correctamente optimizados.<\/li>\n<\/p>\n<li>Asimismo, las im\u00e1genes tambi\u00e9n deben tener un v\u00ednculo de valor.<\/li>\n<\/p>\n<li>Se deben incluir <strong>medidas y dimensiones para una mejor exposici\u00f3n del producto<\/strong>.<\/li>\n<\/p>\n<li>Es importante utilizar categor\u00edas para posicionar mejor al momento de la b\u00fasqueda.<\/li>\n<\/p>\n<li>El nombre de la marca y su reputaci\u00f3n en el buscador tambi\u00e9n ser\u00e1 determinante.<\/li>\n<\/ul>\n<p>\"}}\n]}<\/script><\/p>\n<h2>M\u00e1s informaci\u00f3n sobre Google Shopping<\/h2>\n<p>Antes de que te animes a utilizar esta herramienta es importante que sepas que <strong>s\u00f3lo est\u00e1 disponible para algunos pa\u00edses en convenio<\/strong>, echa un vistazo a los siguientes enlaces para tener m\u00e1s informaci\u00f3n.<\/p>\n<ul>\n<li><a href=\"https:\/\/www.appyweb.es\/los-mejores-consejos-tus-campanas-google-adwords\/\">Los mejores consejos para tus campa\u00f1as en Google Adwords<\/a><\/li>\n<li><a href=\"https:\/\/support.google.com\/google-ads\/answer\/6275312?hl=es-419&amp;ref_topic=6088109\" rel=\"nofollow noopener\" target=\"_blank\">Requisitos para hacer campa\u00f1as de Shopping<\/a><\/li>\n<\/ul>\n<p>&nbsp;<\/p>\n","protected":false},"excerpt":{"rendered":"<p>Encontrar las mejores ofertas de productos en Internet puede resultar dif\u00edcil. Por ello se han desarrollado herramientas automatizadas que permiten filtrar productos y precios para ofrecerle al usuario una mejor experiencia de compra. Una de estas herramientas es Google Shopping, un algoritmo especialmente dise\u00f1ado para mostrar precios y ofertas. \u00bfQu\u00e9 es Google Shopping? Se trata [&hellip;]<\/p>\n","protected":false},"author":1,"featured_media":14033,"parent":0,"menu_order":0,"comment_status":"closed","ping_status":"closed","template":"","meta":{"inline_featured_image":false,"footnotes":""},"class_list":["post-1980","page","type-page","status-publish","has-post-thumbnail","hentry"],"_links":{"self":[{"href":"https:\/\/www.appyweb.es\/diccionario\/wp-json\/wp\/v2\/pages\/1980","targetHints":{"allow":["GET"]}}],"collection":[{"href":"https:\/\/www.appyweb.es\/diccionario\/wp-json\/wp\/v2\/pages"}],"about":[{"href":"https:\/\/www.appyweb.es\/diccionario\/wp-json\/wp\/v2\/types\/page"}],"author":[{"embeddable":true,"href":"https:\/\/www.appyweb.es\/diccionario\/wp-json\/wp\/v2\/users\/1"}],"replies":[{"embeddable":true,"href":"https:\/\/www.appyweb.es\/diccionario\/wp-json\/wp\/v2\/comments?post=1980"}],"version-history":[{"count":5,"href":"https:\/\/www.appyweb.es\/diccionario\/wp-json\/wp\/v2\/pages\/1980\/revisions"}],"predecessor-version":[{"id":14056,"href":"https:\/\/www.appyweb.es\/diccionario\/wp-json\/wp\/v2\/pages\/1980\/revisions\/14056"}],"wp:featuredmedia":[{"embeddable":true,"href":"https:\/\/www.appyweb.es\/diccionario\/wp-json\/wp\/v2\/media\/14033"}],"wp:attachment":[{"href":"https:\/\/www.appyweb.es\/diccionario\/wp-json\/wp\/v2\/media?parent=1980"}],"curies":[{"name":"wp","href":"https:\/\/api.w.org\/{rel}","templated":true}]}}