{"id":201,"date":"2023-06-19T13:53:24","date_gmt":"2023-06-19T13:53:24","guid":{"rendered":"https:\/\/www.appyweb.es\/diccionario\/?page_id=201"},"modified":"2024-02-19T22:19:17","modified_gmt":"2024-02-19T22:19:17","slug":"auditor-seo-youtube","status":"publish","type":"page","link":"https:\/\/www.appyweb.es\/diccionario\/auditor-seo-youtube\/","title":{"rendered":"Auditor SEO YouTube"},"content":{"rendered":"<h1 class=\"entry-title main_title\"><img loading=\"lazy\" decoding=\"async\" class=\" wp-image-8364 aligncenter\" src=\"https:\/\/www.appyweb.es\/diccionario\/wp-content\/uploads\/2023\/08\/que-es-auditoria-SEO-youtube-300x300.jpg\" alt=\"\" width=\"853\" height=\"853\" srcset=\"https:\/\/www.appyweb.es\/diccionario\/wp-content\/uploads\/2023\/08\/que-es-auditoria-SEO-youtube-300x300.jpg 300w, https:\/\/www.appyweb.es\/diccionario\/wp-content\/uploads\/2023\/08\/que-es-auditoria-SEO-youtube-1024x1024.jpg 1024w, https:\/\/www.appyweb.es\/diccionario\/wp-content\/uploads\/2023\/08\/que-es-auditoria-SEO-youtube-150x150.jpg 150w, https:\/\/www.appyweb.es\/diccionario\/wp-content\/uploads\/2023\/08\/que-es-auditoria-SEO-youtube-768x768.jpg 768w, https:\/\/www.appyweb.es\/diccionario\/wp-content\/uploads\/2023\/08\/que-es-auditoria-SEO-youtube.jpg 1080w\" sizes=\"auto, (max-width: 853px) 100vw, 853px\" \/><\/h1>\n<p>Un auditor Seo YouTube es una persona que se encarga de supervisar, corroborar y, por supuesto,\u00a0<strong>auditar el posicionamiento de un v\u00eddeo en el buscador de YouTube<\/strong>.<br \/>\nActualmente, se trata del segundo buscador m\u00e1s utilizado en el mundo, despu\u00e9s de Google. Por lo tanto, es necesario optimizar correctamente los v\u00eddeos para lograr m\u00e1s visitas en esta popular plataforma.<\/p>\n<h2>\u00bfQu\u00e9 es un auditor SEO YouTube?<\/h2>\n<p>Es el profesional <strong>encargado de definir principalmente el alcance de un v\u00eddeo<\/strong> y determinar las estrategias necesarias para lograr que esa tasa de vistas aumente.<br \/>\nEs importante que el contenido que se ofrezca en esta plataforma se encuentre optimizado para mejorar el posicionamiento, mientras mejor posici\u00f3n, m\u00e1s visitas se generan.<\/p>\n<h2>\u00bfPara qu\u00e9 sirve el auditor SEO YouTube?<\/h2>\n<p>Estas personas son las encargadas de detectar oportunidades de tr\u00e1fico, que muchas veces no es capaz de detectar el creador de contenido.<br \/>\nEsas oportunidades <strong>est\u00e1n basadas en aspectos t\u00e9cnicos como el correcto uso de las palabras clave<\/strong>, de la meta-descripci\u00f3n o la duraci\u00f3n del contenido.<br \/>\nEn este sentido, las <a href=\"https:\/\/www.appyweb.es\/diccionario\/posicionamiento-online\/\">optimizaciones m\u00e1s importantes para el posicionamiento web<\/a> son las siguientes.<\/p>\n<ul>\n<li>El nombre del v\u00eddeo debe contener las palabras claves.<\/li>\n<li>Usar etiquetas que sean las m\u00e1s visitadas.<\/li>\n<li>La descripci\u00f3n debe tener una relaci\u00f3n perfecta entre las palabras claves y un toque de intriga, para que los usuarios sientan inter\u00e9s.<\/li>\n<\/ul>\n<h2>Herramientas de un auditor SEO para YouTube<\/h2>\n<p>Existen algunos programas que se pueden utilizar para las auditor\u00edas, pero lo m\u00e1s importante es <strong>determinar primero el n\u00famero de visitas y que es lo que m\u00e1s est\u00e1n buscando los usuarios<\/strong>.<br \/>\nEntre algunas de las herramientas que se utilizan para eso son Mangools SEO Tools, que se compone de 5 aplicaciones o SEO Powersuite, que consta de 4 aplicaciones.<br \/>\nEstas son de pago, por lo cual es recomendable saber un poco de uso antes de ponerlas en marcha.<\/p>\n<p><script type=\"application\/ld+json\">{\"@context\":\"https:\/\/schema.org\",\"@type\":\"FAQPage\",\"mainEntity\":[ \n{\"@type\":\"Question\",\"name\":\"\u00bfQu\u00e9 es un auditor SEO YouTube?\",\"acceptedAnswer\":{\"@type\":\"Answer\",\"text\":\"<\/p>\n<\/p>\n<p>Es el profesional <strong>encargado de definir principalmente el alcance de un v\u00eddeo<\/strong> y determinar las estrategias necesarias para lograr que <a href='https:\/\/www.appyweb.es\/diccionario\/auditor-seo-youtube\/'>esa tasa de vistas aumente<\/a>. <br \/>Es importante que el contenido que se ofrezca en esta plataforma se encuentre optimizado para mejorar el posicionamiento, mientras mejor posici\u00f3n, m\u00e1s visitas se generan.<\/p>\n<\/p>\n<p>\"}},\n{\"@type\":\"Question\",\"name\":\"\u00bfPara qu\u00e9 sirve el auditor SEO YouTube?\",\"acceptedAnswer\":{\"@type\":\"Answer\",\"text\":\"<\/p>\n<\/p>\n<p>Estas personas son las encargadas de detectar oportunidades de tr\u00e1fico, que muchas veces no es capaz de detectar el creador de contenido. <br \/>Esas oportunidades <strong>est\u00e1n basadas en aspectos t\u00e9cnicos como el correcto uso de las palabras clave<\/strong>, de la meta-descripci\u00f3n o la duraci\u00f3n del contenido. <br \/>En este sentido, las <a href='https:\/\/www.appyweb.es\/diccionario\/posicionamiento-online\/'>optimizaciones m\u00e1s importantes para el posicionamiento web<\/a> son las siguientes.<\/p>\n<\/p>\n<\/p>\n<li>El nombre del v\u00eddeo debe contener las palabras claves.<\/li>\n<\/p>\n<li>Usar etiquetas que sean las m\u00e1s visitadas.<\/li>\n<\/p>\n<li>La descripci\u00f3n debe tener una relaci\u00f3n perfecta entre las palabras claves y un toque de intriga, para que los usuarios sientan inter\u00e9s.<\/li>\n<p>\n<span data-mce-type=\"bookmark\" style=\"display: inline-block; width: 0px; overflow: hidden; line-height: 0;\" class=\"mce_SELRES_start\">\ufeff<\/span>\n<\/p>\n<\/p>\n<p>\"}},\n{\"@type\":\"Question\",\"name\":\"Herramientas de un auditor SEO para YouTube\",\"acceptedAnswer\":{\"@type\":\"Answer\",\"text\":\"\n<\/p>\n<p>Existen algunos programas que se pueden utilizar para las auditor\u00edas, pero lo m\u00e1s importante es <strong>determinar primero el n\u00famero de visitas y que es lo que m\u00e1s est\u00e1n buscando los usuarios<\/strong>. <br \/>Entre algunas de las herramientas que se utilizan para eso son Mangools SEO Tools, que se compone de 5 aplicaciones o SEO Powersuite, que consta de 4 aplicaciones. <br \/>Estas son de pago, por lo cual es recomendable saber un poco de uso antes de ponerlas en marcha.<\/p>\n<p>\n<span data-mce-type=\"bookmark\" style=\"display: inline-block; width: 0px; overflow: hidden; line-height: 0;\" class=\"mce_SELRES_start\">\ufeff<\/span>\n<\/p>\n<p>\"}}\n]}<\/script><\/p>\n<p>&nbsp;<\/p>\n<h2><span id=\"%F0%9F%93%8C_Mas_informacion_sobre_auditor_SEO_YouTube\" class=\"ez-toc-section\"><\/span>M\u00e1s informaci\u00f3n sobre auditor SEO YouTube<\/h2>\n<ul>\n<li><a href=\"https:\/\/diseno20.appyweb.es\/videos-para-empresas\/\" rel=\"nofollow noopener\" target=\"_blank\">La mejor forma de hacer videos en YouTube<\/a><\/li>\n<li><a href=\"https:\/\/www.trecebits.com\/2020\/05\/15\/10-canales-de-youtube-recomendados-para-aprender-seo\/\" rel=\"nofollow noopener\" target=\"_blank\">10 canales de YouTube recomendados para aprender SEO<\/a>.<\/li>\n<\/ul>\n","protected":false},"excerpt":{"rendered":"<p>Un auditor Seo YouTube es una persona que se encarga de supervisar, corroborar y, por supuesto,\u00a0auditar el posicionamiento de un v\u00eddeo en el buscador de YouTube. Actualmente, se trata del segundo buscador m\u00e1s utilizado en el mundo, despu\u00e9s de Google. Por lo tanto, es necesario optimizar correctamente los v\u00eddeos para lograr m\u00e1s visitas en esta [&hellip;]<\/p>\n","protected":false},"author":1,"featured_media":8364,"parent":0,"menu_order":0,"comment_status":"closed","ping_status":"closed","template":"","meta":{"inline_featured_image":false,"footnotes":""},"class_list":["post-201","page","type-page","status-publish","has-post-thumbnail","hentry"],"_links":{"self":[{"href":"https:\/\/www.appyweb.es\/diccionario\/wp-json\/wp\/v2\/pages\/201","targetHints":{"allow":["GET"]}}],"collection":[{"href":"https:\/\/www.appyweb.es\/diccionario\/wp-json\/wp\/v2\/pages"}],"about":[{"href":"https:\/\/www.appyweb.es\/diccionario\/wp-json\/wp\/v2\/types\/page"}],"author":[{"embeddable":true,"href":"https:\/\/www.appyweb.es\/diccionario\/wp-json\/wp\/v2\/users\/1"}],"replies":[{"embeddable":true,"href":"https:\/\/www.appyweb.es\/diccionario\/wp-json\/wp\/v2\/comments?post=201"}],"version-history":[{"count":8,"href":"https:\/\/www.appyweb.es\/diccionario\/wp-json\/wp\/v2\/pages\/201\/revisions"}],"predecessor-version":[{"id":11203,"href":"https:\/\/www.appyweb.es\/diccionario\/wp-json\/wp\/v2\/pages\/201\/revisions\/11203"}],"wp:featuredmedia":[{"embeddable":true,"href":"https:\/\/www.appyweb.es\/diccionario\/wp-json\/wp\/v2\/media\/8364"}],"wp:attachment":[{"href":"https:\/\/www.appyweb.es\/diccionario\/wp-json\/wp\/v2\/media?parent=201"}],"curies":[{"name":"wp","href":"https:\/\/api.w.org\/{rel}","templated":true}]}}