{"id":2059,"date":"2023-06-21T13:44:40","date_gmt":"2023-06-21T13:44:40","guid":{"rendered":"https:\/\/www.appyweb.es\/diccionario\/?page_id=2059"},"modified":"2024-04-10T09:58:37","modified_gmt":"2024-04-10T09:58:37","slug":"headtail-seo","status":"publish","type":"page","link":"https:\/\/www.appyweb.es\/diccionario\/headtail-seo\/","title":{"rendered":"Headtail SEO"},"content":{"rendered":"<figure id=\"attachment_14285\" aria-describedby=\"caption-attachment-14285\" style=\"width: 1000px\" class=\"wp-caption alignnone\"><img loading=\"lazy\" decoding=\"async\" class=\"size-full wp-image-14285\" src=\"https:\/\/www.appyweb.es\/diccionario\/wp-content\/uploads\/2024\/04\/HeadtailSEO.jpg\" alt=\"Headtail SEO\" width=\"1000\" height=\"600\" srcset=\"https:\/\/www.appyweb.es\/diccionario\/wp-content\/uploads\/2024\/04\/HeadtailSEO.jpg 1000w, https:\/\/www.appyweb.es\/diccionario\/wp-content\/uploads\/2024\/04\/HeadtailSEO-300x180.jpg 300w, https:\/\/www.appyweb.es\/diccionario\/wp-content\/uploads\/2024\/04\/HeadtailSEO-768x461.jpg 768w\" sizes=\"auto, (max-width: 1000px) 100vw, 1000px\" \/><figcaption id=\"caption-attachment-14285\" class=\"wp-caption-text\">Letras SEO con pantallas, graficas, configuraciones, etc.<\/figcaption><\/figure>\n<p>Es el t\u00e9rmino que se utiliza para clasificar las palabras clave que tienen un mayor volumen de b\u00fasqueda al mes. A diferencia de la palabra clave de longtail, las <strong>headtail SEO incluyen las palabras clave con un mayor potencial de tr\u00e1fico<\/strong>, sin embargo, est\u00e1s tambi\u00e9n son las m\u00e1s competitivas.<\/p>\n<h2>\u00bfQu\u00e9 es el headtail SEO?<\/h2>\n<p>B\u00e1sicamente, es una t\u00e9cnica que busca <a href=\"https:\/\/www.appyweb.es\/posicionamiento-web\/\">posicionar a las marcas o empresas<\/a>, utilizando <strong>palabras clave con un alto volumen de tr\u00e1fico<\/strong>. Por ejemplo, las keywords \u00abhelados baratos\u00bb es una head tail para el mercado de helader\u00edas en Internet. Existen miles de usuarios que realizan esta b\u00fasqueda en Google mensualmente, por lo que existen m\u00e1s probabilidades de atraer m\u00e1s usuarios utiliz\u00e1ndolas en las estrategias.<\/p>\n<p>Pero como se mencion\u00f3 anteriormente, esta tambi\u00e9n cuentan con un alto nivel de competencia, es decir, que muchas otras marcas y empresas <strong>utilizar\u00e1n estas mismas palabras claves para intentar posicionarse<\/strong>. Es importante tener en cuenta que solo las empresas de mayor reconocimiento y trayectoria posicionan de forma efectiva para los resultados de b\u00fasqueda de dichas palabras clave.<\/p>\n<h2>\u00bfC\u00f3mo utilizar el head tail SEO?<\/h2>\n<p>Como se mencion\u00f3 anteriormente, el headtail SEO suele ser dominado por las empresas de mayor reconocimiento y trayectoria. Sin embargo, son necesarias en las estrategias de pymes para optimizaci\u00f3n para buscadores. Asimismo, tambi\u00e9n son muy \u00fatiles en la organizaci\u00f3n de campa\u00f1as de <a href=\"https:\/\/www.appyweb.es\/campanas-google-adwords\/\">anuncios para buscadores a trav\u00e9s de Google Ads<\/a>, aunque la competencia durante las pujas tambi\u00e9n suelen ser muy rudas.<\/p>\n<p>Por eso es recomendable <strong>utilizarlas en conjunto con la estrategia de Long Tail keywords<\/strong>, de forma que no solo se busque obtener una mayor cantidad de tr\u00e1fico, sino tambi\u00e9n una mayor calidad para las conversiones.<\/p>\n<h2>Tips a considerar<\/h2>\n<ul>\n<li>Se pueden utilizar keywords que a su vez son empleadas por las marcas en el mercado, como palabras o frases universales de dominio com\u00fan.<\/li>\n<li>Se pueden utilizar t\u00e9rmino de marca tambi\u00e9n conocidos, como brand terms, por ejemplo, el eslogan de Nike \u00absolo hazlo\u00bb o \u00abjust do it\u00bb.<\/li>\n<li>Tambi\u00e9n se puede <strong>utilizar t\u00e9rmino de categor\u00eda o producto muy generales<\/strong>.<\/li>\n<li>Se pueden a\u00f1adir otros complementos como la palabra \u201ccomprar online\u201d luego de utilizar el t\u00e9rmino principal.<\/li>\n<li>Es necesario utilizar las palabras clave principales dentro de elementos importantes para el posicionamiento, como las URL.<\/li>\n<\/ul>\n<h2>Diferencias entre headtail y longtail en SEO<\/h2>\n<p>La diferencia principal es la cantidad de tr\u00e1fico que atraen, en la primera opci\u00f3n el volumen de tr\u00e1fico es mayor, pero en las <strong>palabras claves de longtail suelen tener un bajo nivel de tr\u00e1fico<\/strong>. Sin embargo, estas \u00faltimas son m\u00e1s f\u00e1ciles de posicionar en los resultados, ya que no existe una competencia tan dura para superar.<\/p>\n<p>Aun as\u00ed, los expertos en SEO consideran que deben ser utilizadas en conjunto para crear una estrategia de referencia, algo que los algoritmos puedan interpretar como parte de un ecosistema.<\/p>\n<p><script type=\"application\/ld+json\">{\"@context\":\"https:\/\/schema.org\",\"@type\":\"FAQPage\",\"mainEntity\":[ \n{\"@type\":\"Question\",\"name\":\"\u00bfQu\u00e9 es el headtail SEO?\",\"acceptedAnswer\":{\"@type\":\"Answer\",\"text\":\"<\/p>\n<p>B\u00e1sicamente, es una t\u00e9cnica que busca <a href='https:\/\/www.appyweb.es\/posicionamiento-web\/'>posicionar a las marcas o empresas<\/a>, utilizando <strong>palabras clave con un alto volumen de tr\u00e1fico<\/strong>. Por ejemplo, las keywords 'helados baratos' es una head tail para el mercado de helader\u00edas en Internet. Existen miles de usuarios que realizan esta b\u00fasqueda en Google mensualmente, por lo que existen m\u00e1s probabilidades de atraer m\u00e1s usuarios utiliz\u00e1ndolas en las estrategias.<\/p>\n<p>Pero como se mencion\u00f3 anteriormente, esta tambi\u00e9n cuentan con un alto nivel de competencia, es decir, que muchas otras marcas y empresas <strong>utilizar\u00e1n estas mismas palabras claves para intentar posicionarse<\/strong>. Es importante tener en cuenta que solo las empresas de mayor reconocimiento y trayectoria posicionan de forma efectiva para los resultados de b\u00fasqueda de dichas palabras clave.<\/p>\n<p>\"}},\n{\"@type\":\"Question\",\"name\":\"\u00bfC\u00f3mo utilizar el head tail SEO?\",\"acceptedAnswer\":{\"@type\":\"Answer\",\"text\":\"<\/p>\n<p>Como se mencion\u00f3 anteriormente, el headtail SEO suele ser dominado por las empresas de mayor reconocimiento y trayectoria. Sin embargo, son necesarias en las estrategias de pymes para optimizaci\u00f3n para buscadores. Asimismo, tambi\u00e9n son muy \u00fatiles en la organizaci\u00f3n de campa\u00f1as de <a href='https:\/\/www.appyweb.es\/campanas-google-adwords\/'>anuncios para buscadores a trav\u00e9s de Google Ads<\/a>, aunque la competencia durante las pujas tambi\u00e9n suelen ser muy rudas.<\/p>\n<p>Por eso es recomendable <strong>utilizarlas en conjunto con la estrategia de Long Tail keywords<\/strong>, de forma que no solo se busque obtener una mayor cantidad de tr\u00e1fico, sino tambi\u00e9n una mayor calidad para las conversiones.<\/p>\n<p>\"}},\n{\"@type\":\"Question\",\"name\":\"Tips a considerar\",\"acceptedAnswer\":{\"@type\":\"Answer\",\"text\":\"<\/p>\n<\/p>\n<ul>\n<\/p>\n<li>Se pueden utilizar keywords que a su vez son empleadas por las marcas en el mercado, como palabras o frases universales de dominio com\u00fan.<\/li>\n<\/p>\n<li> Se pueden utilizar t\u00e9rmino de marca tambi\u00e9n conocidos, como brand terms, por ejemplo, el eslogan de Nike 'solo hazlo' o 'just do it'.<\/li>\n<\/p>\n<li> Tambi\u00e9n se puede <strong>utilizar t\u00e9rmino de categor\u00eda o producto muy generales<\/strong>.<\/li>\n<\/p>\n<li>Se pueden a\u00f1adir otros complementos como la palabra \u201ccomprar online\u201d luego de utilizar el t\u00e9rmino principal.<\/li>\n<\/p>\n<li>Es necesario utilizar las palabras clave principales dentro de elementos importantes para el posicionamiento, como las URL.<\/li>\n<\/ul>\n<p>\"}},\n{\"@type\":\"Question\",\"name\":\"Diferencias entre headtail y longtail en SEO\",\"acceptedAnswer\":{\"@type\":\"Answer\",\"text\":\"<\/p>\n<p>La diferencia principal es la cantidad de tr\u00e1fico que atraen, en la primera opci\u00f3n el volumen de tr\u00e1fico es mayor, pero en las <strong>palabras claves de longtail suelen tener un bajo nivel de tr\u00e1fico<\/strong>. Sin embargo, estas \u00faltimas son m\u00e1s f\u00e1ciles de posicionar en los resultados, ya que no existe una competencia tan dura para superar.<\/p>\n<p>Aun as\u00ed, los expertos en SEO consideran que deben ser utilizadas en conjunto para crear una estrategia de referencia, algo que los algoritmos puedan interpretar como parte de un ecosistema.<\/p>\n<p>\"}}\n]}<\/script><\/p>\n<h2>M\u00e1s informaci\u00f3n sobre Headtail SEO<\/h2>\n<p>\u00bfNo sabes c\u00f3mo encontrar las mejores palabras clave principales? Aqu\u00ed tienes un par de enlaces que te ayudar\u00e1n a potenciar tus estrategias de posicionamiento.<\/p>\n<ul>\n<li><a href=\"https:\/\/www.appyweb.es\/diccionario\/keyword-research\/\">\u00bfQu\u00e9 es el Keyword research y para qu\u00e9 sirve?<\/a><\/li>\n<li><a href=\"https:\/\/www.iebschool.com\/blog\/como-hacer-estudio-palabras-clave-keyword-research-seo-sem\/\" rel=\"nofollow noopener\" target=\"_blank\">C\u00f3mo hacer un estudio de palabras clave o Keyword Research<\/a><\/li>\n<\/ul>\n<p>&nbsp;<\/p>\n","protected":false},"excerpt":{"rendered":"<p>Es el t\u00e9rmino que se utiliza para clasificar las palabras clave que tienen un mayor volumen de b\u00fasqueda al mes. A diferencia de la palabra clave de longtail, las headtail SEO incluyen las palabras clave con un mayor potencial de tr\u00e1fico, sin embargo, est\u00e1s tambi\u00e9n son las m\u00e1s competitivas. \u00bfQu\u00e9 es el headtail SEO? B\u00e1sicamente, [&hellip;]<\/p>\n","protected":false},"author":1,"featured_media":14285,"parent":0,"menu_order":0,"comment_status":"closed","ping_status":"closed","template":"","meta":{"inline_featured_image":false,"footnotes":""},"class_list":["post-2059","page","type-page","status-publish","has-post-thumbnail","hentry"],"_links":{"self":[{"href":"https:\/\/www.appyweb.es\/diccionario\/wp-json\/wp\/v2\/pages\/2059","targetHints":{"allow":["GET"]}}],"collection":[{"href":"https:\/\/www.appyweb.es\/diccionario\/wp-json\/wp\/v2\/pages"}],"about":[{"href":"https:\/\/www.appyweb.es\/diccionario\/wp-json\/wp\/v2\/types\/page"}],"author":[{"embeddable":true,"href":"https:\/\/www.appyweb.es\/diccionario\/wp-json\/wp\/v2\/users\/1"}],"replies":[{"embeddable":true,"href":"https:\/\/www.appyweb.es\/diccionario\/wp-json\/wp\/v2\/comments?post=2059"}],"version-history":[{"count":5,"href":"https:\/\/www.appyweb.es\/diccionario\/wp-json\/wp\/v2\/pages\/2059\/revisions"}],"predecessor-version":[{"id":14288,"href":"https:\/\/www.appyweb.es\/diccionario\/wp-json\/wp\/v2\/pages\/2059\/revisions\/14288"}],"wp:featuredmedia":[{"embeddable":true,"href":"https:\/\/www.appyweb.es\/diccionario\/wp-json\/wp\/v2\/media\/14285"}],"wp:attachment":[{"href":"https:\/\/www.appyweb.es\/diccionario\/wp-json\/wp\/v2\/media?parent=2059"}],"curies":[{"name":"wp","href":"https:\/\/api.w.org\/{rel}","templated":true}]}}