{"id":2133,"date":"2023-06-21T14:24:35","date_gmt":"2023-06-21T14:24:35","guid":{"rendered":"https:\/\/www.appyweb.es\/diccionario\/?page_id=2133"},"modified":"2024-04-11T13:14:37","modified_gmt":"2024-04-11T13:14:37","slug":"identidad-digital","status":"publish","type":"page","link":"https:\/\/www.appyweb.es\/diccionario\/identidad-digital\/","title":{"rendered":"Identidad digital"},"content":{"rendered":"<figure id=\"attachment_14620\" aria-describedby=\"caption-attachment-14620\" style=\"width: 1000px\" class=\"wp-caption alignnone\"><img loading=\"lazy\" decoding=\"async\" class=\"size-full wp-image-14620\" src=\"https:\/\/www.appyweb.es\/diccionario\/wp-content\/uploads\/2024\/04\/Identidaddigital.jpg\" alt=\"Identidad digital\" width=\"1000\" height=\"600\" srcset=\"https:\/\/www.appyweb.es\/diccionario\/wp-content\/uploads\/2024\/04\/Identidaddigital.jpg 1000w, https:\/\/www.appyweb.es\/diccionario\/wp-content\/uploads\/2024\/04\/Identidaddigital-300x180.jpg 300w, https:\/\/www.appyweb.es\/diccionario\/wp-content\/uploads\/2024\/04\/Identidaddigital-768x461.jpg 768w\" sizes=\"auto, (max-width: 1000px) 100vw, 1000px\" \/><figcaption id=\"caption-attachment-14620\" class=\"wp-caption-text\">Huella digital unidas a algunas redes sociales.<\/figcaption><\/figure>\n<p>Es un concepto que se utiliza para denominar el verdadero perfil de una persona en Internet, la identidad digital representa a los negocios, al gobierno y a los usuarios dependiendo de su conexi\u00f3n, transacci\u00f3n y dispositivo.<\/p>\n<h2>\u00bfQu\u00e9 es la identidad digital?<\/h2>\n<p>Es toda la informaci\u00f3n sobre un usuario en Internet, ya sea puesta por \u00e9l mismo o por alguien m\u00e1s. <strong>Tambi\u00e9n suele ser conocida como la identidad 2.0<\/strong>, es muy similar a los c\u00f3digos que se emiten en una licencia de conducir o identificaci\u00f3n personal. Este concepto corresponde con la verificaci\u00f3n de las personas en l\u00ednea, utilizando tecnolog\u00edas como Open ID.<\/p>\n<p>Aunque seg\u00fan expertos como Aparici R. y Osuna Acedo, explican que corresponde a todo lo que se manifiesta en el ciberespacio, como las descripciones y actuaciones dentro de la red, esto puede ser incluir im\u00e1genes, comentarios, enlaces, lugares visitados en cualquier plataforma donde se publica informaci\u00f3n personal, como las redes sociales.<\/p>\n<p>Cuando se trata de la identidad de una empresa es importante hacer referencia a todos aquellos aspectos en Internet <a href=\"https:\/\/www.appyweb.es\/diseno-web\/\">que corresponden a su dise\u00f1o web<\/a>, el tipo de dominio, y cualquier otro elemento que posean.<\/p>\n<h2>Origen<\/h2>\n<p>Es un concepto que se ha ido transformando con el paso de los a\u00f1os, despu\u00e9s pero \u00e9sta se ha acentuado con la llegada de las redes sociales. En el 2006, Gartner Research sac\u00f3 a la luz algunos comentarios de sus analistas industriales, donde indican que este aspecto ser\u00e1 relevante para las empresas en Internet, as\u00ed como para <strong>almacenar atributos de identidad y mejorar los sistemas de seguridad<\/strong> en Internet.<\/p>\n<p>Sin embargo, en 2007 volvi\u00f3 a sacar otro reporte en el que comentaba que utilizar un ID \u00fanico tambi\u00e9n podr\u00eda desencadenar algunas violaciones a la privacidad.<\/p>\n<h2>\u00bfPara qu\u00e9 sirve?<\/h2>\n<p>A\u00fan hoy en d\u00eda es dif\u00edcil describir las ventajas de este concepto, actualmente, el internet libre evita que los usuarios puedan utilizar un usuario y una contrase\u00f1a para acceder a cualquier parte de la red, sin necesidad de identificarse. <strong>Esto puede ser beneficioso en cuanto a la privacidad<\/strong>, sin embargo, tambi\u00e9n se ha demostrado que atrae algunos problemas como puede ser la aparici\u00f3n de hackers poco \u00e9ticos encargados de hacer ataques cibern\u00e9ticos.<\/p>\n<p>Al mismo tiempo, la creaci\u00f3n de un sistema de identificaci\u00f3n global en Internet tambi\u00e9n abrir\u00eda las puertas a un monopolio de base de datos. Sin embargo, este tipo de protocolo se ha ido implementando dentro de servicios como Google, por ejemplo, se necesita de un usuario en Gmail para poder ingresar a cualquier otro producto de esta empresa.<\/p>\n<h2>Ejemplo<\/h2>\n<p>Como se mencion\u00f3 antes, uno de los representantes de ID 2.0 en internet son las redes sociales, usualmente est\u00e1n asociadas a un dispositivo o incluso a una direcci\u00f3n IP, lo que tambi\u00e9n asocia a una persona real con una digital. Sin embargo, es importante considerar que no todas las personas suelen ser ellas mismas en redes sociales, lo que puede llevar a situaciones de estafas o suplantaci\u00f3n de identidad. Un perfil en Facebook, en Twitter o incluso una cuenta en un foro es parte de este concepto.<\/p>\n<p><script type=\"application\/ld+json\">{\"@context\":\"https:\/\/schema.org\",\"@type\":\"FAQPage\",\"mainEntity\":[ \n{\"@type\":\"Question\",\"name\":\"\u00bfQu\u00e9 es la identidad digital?\",\"acceptedAnswer\":{\"@type\":\"Answer\",\"text\":\"<\/p>\n<p>Es toda la informaci\u00f3n sobre un usuario en Internet, ya sea puesta por \u00e9l mismo o por alguien m\u00e1s. <strong>Tambi\u00e9n suele ser conocida como la identidad 2.0<\/strong>, es muy similar a los c\u00f3digos que se emiten en una licencia de conducir o identificaci\u00f3n personal. Este concepto corresponde con la verificaci\u00f3n de las personas en l\u00ednea, utilizando tecnolog\u00edas como Open ID.<\/p>\n<p>Aunque seg\u00fan expertos como Aparici R. y Osuna Acedo, explican que corresponde a todo lo que se manifiesta en el ciberespacio, como las descripciones y actuaciones dentro de la red, esto puede ser incluir im\u00e1genes, comentarios, enlaces, lugares visitados en cualquier plataforma donde se publica informaci\u00f3n personal, como las redes sociales.<\/p>\n<p>Cuando se trata de la identidad de una empresa es importante hacer referencia a todos aquellos aspectos en Internet <a href='https:\/\/www.appyweb.es\/diseno-web\/'>que corresponden a su dise\u00f1o web<\/a>, el tipo de dominio, y cualquier otro elemento que posean.<\/p>\n<p>\"}},\n{\"@type\":\"Question\",\"name\":\"Origen\",\"acceptedAnswer\":{\"@type\":\"Answer\",\"text\":\"<\/p>\n<p>Es un concepto que se ha ido transformando con el paso de los a\u00f1os, despu\u00e9s pero \u00e9sta se ha acentuado con la llegada de las redes sociales. En el 2006, Gartner Research sac\u00f3 a la luz algunos comentarios de sus analistas industriales, donde indican que este aspecto ser\u00e1 relevante para las empresas en Internet, as\u00ed como para <strong>almacenar atributos de identidad y mejorar los sistemas de seguridad<\/strong> en Internet.<\/p>\n<p>Sin embargo, en 2007 volvi\u00f3 a sacar otro reporte en el que comentaba que utilizar un ID \u00fanico tambi\u00e9n podr\u00eda desencadenar algunas violaciones a la privacidad.<\/p>\n<p>\"}},\n{\"@type\":\"Question\",\"name\":\"\u00bfPara qu\u00e9 sirve?\",\"acceptedAnswer\":{\"@type\":\"Answer\",\"text\":\"<\/p>\n<p>A\u00fan hoy en d\u00eda es dif\u00edcil describir las ventajas de este concepto, actualmente, el internet libre evita que los usuarios puedan utilizar un usuario y una contrase\u00f1a para acceder a cualquier parte de la red, sin necesidad de identificarse. <strong>Esto puede ser beneficioso en cuanto a la privacidad<\/strong>, sin embargo, tambi\u00e9n se ha demostrado que atrae algunos problemas como puede ser la aparici\u00f3n de hackers poco \u00e9ticos encargados de hacer ataques cibern\u00e9ticos.<\/p>\n<p> Al mismo tiempo, la creaci\u00f3n de un sistema de identificaci\u00f3n global en Internet tambi\u00e9n abrir\u00eda las puertas a un monopolio de base de datos. Sin embargo, este tipo de protocolo se ha ido implementando dentro de servicios como Google, por ejemplo, se necesita de un usuario en Gmail para poder ingresar a cualquier otro producto de esta empresa.<\/p>\n<p>\"}},\n{\"@type\":\"Question\",\"name\":\"Ejemplo\",\"acceptedAnswer\":{\"@type\":\"Answer\",\"text\":\"<\/p>\n<p>Como se mencion\u00f3 antes, uno de los representantes de ID 2.0 en internet son las redes sociales, usualmente est\u00e1n asociadas a un dispositivo o incluso a una direcci\u00f3n IP, lo que tambi\u00e9n asocia a una persona real con una digital. Sin embargo, es importante considerar que no todas las personas suelen ser ellas mismas en redes sociales, lo que puede llevar a situaciones de estafas o suplantaci\u00f3n de identidad. Un perfil en Facebook, en Twitter o incluso una cuenta en un foro es parte de este concepto.<\/p>\n<p>\"}}\n]}<\/script><\/p>\n<h2>M\u00e1s informaci\u00f3n sobre identidad digital<\/h2>\n<p>Es un aspecto que no se ha definido por completo, pero es cada vez m\u00e1s importante de cara al futuro. Los grandes desarrolladores est\u00e1n pensando cada vez m\u00e1s en la personalizaci\u00f3n, por lo tanto, una ID digital ser\u00e1 m\u00e1s que relevante, sobre todo con grandes avances como el uso de chips implantados. Aqu\u00ed hay m\u00e1s informaci\u00f3n.<\/p>\n<ul>\n<li><a href=\"https:\/\/www.appyweb.es\/como-crear-identidad-corporativa-empresa\/\">C\u00f3mo crear la identidad corporativa de una empresa<\/a><\/li>\n<li><a href=\"http:\/\/www3.gobiernodecanarias.org\/medusa\/ecoescuela\/seguridad\/identidad-digital-profesorado\/caracteristicas-y-propiedades-de-la-identidad-digital\/\" rel=\"nofollow noopener\" target=\"_blank\">Caracter\u00edsticas y propiedades de la identidad digital<\/a><\/li>\n<\/ul>\n<p>&nbsp;<\/p>\n","protected":false},"excerpt":{"rendered":"<p>Es un concepto que se utiliza para denominar el verdadero perfil de una persona en Internet, la identidad digital representa a los negocios, al gobierno y a los usuarios dependiendo de su conexi\u00f3n, transacci\u00f3n y dispositivo. \u00bfQu\u00e9 es la identidad digital? Es toda la informaci\u00f3n sobre un usuario en Internet, ya sea puesta por \u00e9l [&hellip;]<\/p>\n","protected":false},"author":1,"featured_media":14620,"parent":0,"menu_order":0,"comment_status":"closed","ping_status":"closed","template":"","meta":{"inline_featured_image":false,"footnotes":""},"class_list":["post-2133","page","type-page","status-publish","has-post-thumbnail","hentry"],"_links":{"self":[{"href":"https:\/\/www.appyweb.es\/diccionario\/wp-json\/wp\/v2\/pages\/2133","targetHints":{"allow":["GET"]}}],"collection":[{"href":"https:\/\/www.appyweb.es\/diccionario\/wp-json\/wp\/v2\/pages"}],"about":[{"href":"https:\/\/www.appyweb.es\/diccionario\/wp-json\/wp\/v2\/types\/page"}],"author":[{"embeddable":true,"href":"https:\/\/www.appyweb.es\/diccionario\/wp-json\/wp\/v2\/users\/1"}],"replies":[{"embeddable":true,"href":"https:\/\/www.appyweb.es\/diccionario\/wp-json\/wp\/v2\/comments?post=2133"}],"version-history":[{"count":5,"href":"https:\/\/www.appyweb.es\/diccionario\/wp-json\/wp\/v2\/pages\/2133\/revisions"}],"predecessor-version":[{"id":14622,"href":"https:\/\/www.appyweb.es\/diccionario\/wp-json\/wp\/v2\/pages\/2133\/revisions\/14622"}],"wp:featuredmedia":[{"embeddable":true,"href":"https:\/\/www.appyweb.es\/diccionario\/wp-json\/wp\/v2\/media\/14620"}],"wp:attachment":[{"href":"https:\/\/www.appyweb.es\/diccionario\/wp-json\/wp\/v2\/media?parent=2133"}],"curies":[{"name":"wp","href":"https:\/\/api.w.org\/{rel}","templated":true}]}}