{"id":2190,"date":"2023-06-21T14:54:25","date_gmt":"2023-06-21T14:54:25","guid":{"rendered":"https:\/\/www.appyweb.es\/diccionario\/?page_id=2190"},"modified":"2024-04-12T10:29:36","modified_gmt":"2024-04-12T10:29:36","slug":"indexabilidad","status":"publish","type":"page","link":"https:\/\/www.appyweb.es\/diccionario\/indexabilidad\/","title":{"rendered":"Indexabilidad"},"content":{"rendered":"<figure id=\"attachment_14747\" aria-describedby=\"caption-attachment-14747\" style=\"width: 1000px\" class=\"wp-caption alignnone\"><img loading=\"lazy\" decoding=\"async\" class=\"size-full wp-image-14747\" src=\"https:\/\/www.appyweb.es\/diccionario\/wp-content\/uploads\/2024\/04\/Indexabilidad.jpg\" alt=\"Indexabilidad\" width=\"1000\" height=\"600\" srcset=\"https:\/\/www.appyweb.es\/diccionario\/wp-content\/uploads\/2024\/04\/Indexabilidad.jpg 1000w, https:\/\/www.appyweb.es\/diccionario\/wp-content\/uploads\/2024\/04\/Indexabilidad-300x180.jpg 300w, https:\/\/www.appyweb.es\/diccionario\/wp-content\/uploads\/2024\/04\/Indexabilidad-768x461.jpg 768w\" sizes=\"auto, (max-width: 1000px) 100vw, 1000px\" \/><figcaption id=\"caption-attachment-14747\" class=\"wp-caption-text\">Dos personas analizando una pagina web.<\/figcaption><\/figure>\n<p>Es un t\u00e9rmino que se relaciona con la <strong>facilidad que tienen los robots de Google para indexar un sitio web<\/strong>. La indexabilidad indica que un sitio cuenta con todos los aspectos pertinentes para facilitar su rastreo y clasificaci\u00f3n en la p\u00e1gina resultado de b\u00fasqueda.<\/p>\n<h2>\u00bfQu\u00e9 es indexabilidad?<\/h2>\n<p>El t\u00e9rmino indexar indica <strong>cu\u00e1ndo un sitio web puede ser localizado por los motores de b\u00fasqueda<\/strong>, utilizando para ello sus robots o crawlers. Por lo que entonces el t\u00e9rmino indexabilidad quiere decir que un sitio web est\u00e1 preparado para esa evaluaci\u00f3n, de forma que es m\u00e1s f\u00e1cil para los robots <a href=\"https:\/\/www.appyweb.es\/posicionamiento-web\/\">determinar su posicionamiento web<\/a> en buscadores.<\/p>\n<p>Cada vez que la indexabilidad de un sitio web sea \u00f3ptima, los motores de b\u00fasqueda la se\u00f1alan como conveniente para que est\u00e9 entre los primeros resultados. En caso contrario, es seguro que el sitio web no aparecer\u00e1 entre las opciones del buscador para mostrar al usuario. Es de tener en cuenta que el esqueleto, la informaci\u00f3n o contenido y la misma organizaci\u00f3n de un sitio web, intervienen en este proceso.<\/p>\n<h2>Ejemplo de indexabilidad<\/h2>\n<p>Una de las mejores formas de hacer que un sitio web sea valorado con facilidad es utilizar archivos robots.txt. Se trata de un documento donde se inserta el mapa de navegaci\u00f3n de todo el sitio web, de forma <strong>que sea m\u00e1s f\u00e1cil para los crawlers leer toda la informaci\u00f3n<\/strong> y determinar todos los aspectos SEO m\u00e1s importantes para el posicionamiento.<\/p>\n<p>Pero tambi\u00e9n existen otros aspectos, <a href=\"https:\/\/www.appyweb.es\/optimizacion-velocidad-web\/\">como la optimizaci\u00f3n WPO<\/a>, que consiste en aumentar la velocidad de carga del sitio web. Esto tambi\u00e9n puede ayudar a mejorar la velocidad de evaluaci\u00f3n, lo que puede significar un punto positivo para el posicionamiento.<\/p>\n<h2>\u00bfPara qu\u00e9 sirve la indexabilidad?<\/h2>\n<p>En pocas palabras, este proceso responde a un nivel de calidad, una de las tareas principales del buscador de Google es ofrecer al usuario sitios web que correspondan con sus b\u00fasquedas, pero que al mismo tiempo <strong>incluyan una excelente experiencia de navegaci\u00f3n<\/strong> y cumpla con todas sus expectativas.<\/p>\n<p>De esta forma, es importante mencionar que los robots puede interactuar con el sitio web de forma similar a como lo hace a un usuario. Por lo que los crawlers son una prueba previa antes de presentar la p\u00e1gina a los usuarios reales, estos determinan si cumple o no con los est\u00e1ndares propuestos para los primeros lugares de la p\u00e1gina de resultados.<\/p>\n<h2>\u00bfC\u00f3mo hacer que un sitio sea indexable?<\/h2>\n<ul>\n<li>Utilizar un c\u00f3digo HTML est\u00e1ndar.<\/li>\n<li>Es importante determinar que todas las URL sean \u00fanicas, es decir, que no est\u00e9n duplicadas.<\/li>\n<li><strong>Contar con un men\u00fa que permita enlazar a todas las p\u00e1ginas disponibles<\/strong>.<\/li>\n<li>Incluir contenidos optimizados y diversos, textos, v\u00eddeos, im\u00e1genes, etc.<\/li>\n<li>Contar con un servidor de alta calidad y que sea r\u00e1pido.<\/li>\n<\/ul>\n<p><script type=\"application\/ld+json\">{\"@context\":\"https:\/\/schema.org\",\"@type\":\"FAQPage\",\"mainEntity\":[ \n{\"@type\":\"Question\",\"name\":\"\u00bfQu\u00e9 es indexabilidad?\",\"acceptedAnswer\":{\"@type\":\"Answer\",\"text\":\"<\/p>\n<p>El t\u00e9rmino indexar indica <strong>cu\u00e1ndo un sitio web puede ser localizado por los motores de b\u00fasqueda<\/strong>, utilizando para ello sus robots o crawlers. Por lo que entonces el t\u00e9rmino indexabilidad quiere decir que un sitio web est\u00e1 preparado para esa evaluaci\u00f3n, de forma que es m\u00e1s f\u00e1cil para los robots <a href='https:\/\/www.appyweb.es\/posicionamiento-web\/'>determinar su posicionamiento web<\/a> en buscadores.<\/p>\n<p>Cada vez que la indexabilidad de un sitio web sea \u00f3ptima, los motores de b\u00fasqueda la se\u00f1alan como conveniente para que est\u00e9 entre los primeros resultados. En caso contrario, es seguro que el sitio web no aparecer\u00e1 entre las opciones del buscador para mostrar al usuario. Es de tener en cuenta que el esqueleto, la informaci\u00f3n o contenido y la misma organizaci\u00f3n de un sitio web, intervienen en este proceso.<\/p>\n<p>\"}},\n{\"@type\":\"Question\",\"name\":\"Ejemplo de indexabilidad\",\"acceptedAnswer\":{\"@type\":\"Answer\",\"text\":\"<\/p>\n<p>Una de las mejores formas de hacer que un sitio web sea valorado con facilidad es utilizar archivos robots.txt. Se trata de un documento donde se inserta el mapa de navegaci\u00f3n de todo el sitio web, de forma <strong>que sea m\u00e1s f\u00e1cil para los crawlers leer toda la informaci\u00f3n<\/strong> y determinar todos los aspectos SEO m\u00e1s importantes para el posicionamiento.<\/p>\n<p>Pero tambi\u00e9n existen otros aspectos, <a href='https:\/\/www.appyweb.es\/optimizacion-velocidad-web\/'>como la optimizaci\u00f3n WPO<\/a>, que consiste en aumentar la velocidad de carga del sitio web. Esto tambi\u00e9n puede ayudar a mejorar la velocidad de evaluaci\u00f3n, lo que puede significar un punto positivo para el posicionamiento.<\/p>\n<p>\"}},\n{\"@type\":\"Question\",\"name\":\"\u00bfPara qu\u00e9 sirve la indexabilidad?\",\"acceptedAnswer\":{\"@type\":\"Answer\",\"text\":\"<\/p>\n<p>En pocas palabras, este proceso responde a un nivel de calidad, una de las tareas principales del buscador de Google es ofrecer al usuario sitios web que correspondan con sus b\u00fasquedas, pero que al mismo tiempo <strong>incluyan una excelente experiencia de navegaci\u00f3n<\/strong> y cumpla con todas sus expectativas.<\/p>\n<p>De esta forma, es importante mencionar que los robots puede interactuar con el sitio web de forma similar a como lo hace a un usuario. Por lo que los crawlers son una prueba previa antes de presentar la p\u00e1gina a los usuarios reales, estos determinan si cumple o no con los est\u00e1ndares propuestos para los primeros lugares de la p\u00e1gina de resultados.<\/p>\n<p>\"}},\n{\"@type\":\"Question\",\"name\":\"\u00bfC\u00f3mo hacer que un sitio sea indexable?\",\"acceptedAnswer\":{\"@type\":\"Answer\",\"text\":\"<\/p>\n<\/p>\n<ul>\n<\/p>\n<li>Utilizar un c\u00f3digo HTML est\u00e1ndar.<\/li>\n<\/p>\n<li>Es importante determinar que todas las URL sean \u00fanicas, es decir, que no est\u00e9n duplicadas.<\/li>\n<\/p>\n<li><strong>Contar con un men\u00fa que permita enlazar a todas las p\u00e1ginas disponibles<\/strong>.<\/li>\n<\/p>\n<li>Incluir contenidos optimizados y diversos, textos, v\u00eddeos, im\u00e1genes, etc.<\/li>\n<\/p>\n<li>Contar con un servidor de alta calidad  y que sea r\u00e1pido.<\/li>\n<\/ul>\n<p>\"}}\n]}<\/script><\/p>\n<h2>M\u00e1s informaci\u00f3n sobre indexabilidad<\/h2>\n<p>\u00bfNo sabes c\u00f3mo hacer que tu sitio web sea indexable? Mira este par de enlaces, pueden ayudarte con esto y m\u00e1s.<\/p>\n<ul>\n<li><a href=\"https:\/\/www.appyweb.es\/diccionario\/crawlers\/\">\u00bfQu\u00e9 son los Crawlers y para qu\u00e9 sirven?<\/a><\/li>\n<li><a href=\"https:\/\/waukin.es\/claves-de-la-indexabilidad-a-nivel-seo\/\" rel=\"nofollow noopener\" target=\"_blank\">Claves de la indexabilidad a nivel SEO<\/a><\/li>\n<\/ul>\n<p>&nbsp;<\/p>\n","protected":false},"excerpt":{"rendered":"<p>Es un t\u00e9rmino que se relaciona con la facilidad que tienen los robots de Google para indexar un sitio web. La indexabilidad indica que un sitio cuenta con todos los aspectos pertinentes para facilitar su rastreo y clasificaci\u00f3n en la p\u00e1gina resultado de b\u00fasqueda. \u00bfQu\u00e9 es indexabilidad? El t\u00e9rmino indexar indica cu\u00e1ndo un sitio web [&hellip;]<\/p>\n","protected":false},"author":1,"featured_media":14747,"parent":0,"menu_order":0,"comment_status":"closed","ping_status":"closed","template":"","meta":{"inline_featured_image":false,"footnotes":""},"class_list":["post-2190","page","type-page","status-publish","has-post-thumbnail","hentry"],"_links":{"self":[{"href":"https:\/\/www.appyweb.es\/diccionario\/wp-json\/wp\/v2\/pages\/2190","targetHints":{"allow":["GET"]}}],"collection":[{"href":"https:\/\/www.appyweb.es\/diccionario\/wp-json\/wp\/v2\/pages"}],"about":[{"href":"https:\/\/www.appyweb.es\/diccionario\/wp-json\/wp\/v2\/types\/page"}],"author":[{"embeddable":true,"href":"https:\/\/www.appyweb.es\/diccionario\/wp-json\/wp\/v2\/users\/1"}],"replies":[{"embeddable":true,"href":"https:\/\/www.appyweb.es\/diccionario\/wp-json\/wp\/v2\/comments?post=2190"}],"version-history":[{"count":5,"href":"https:\/\/www.appyweb.es\/diccionario\/wp-json\/wp\/v2\/pages\/2190\/revisions"}],"predecessor-version":[{"id":14748,"href":"https:\/\/www.appyweb.es\/diccionario\/wp-json\/wp\/v2\/pages\/2190\/revisions\/14748"}],"wp:featuredmedia":[{"embeddable":true,"href":"https:\/\/www.appyweb.es\/diccionario\/wp-json\/wp\/v2\/media\/14747"}],"wp:attachment":[{"href":"https:\/\/www.appyweb.es\/diccionario\/wp-json\/wp\/v2\/media?parent=2190"}],"curies":[{"name":"wp","href":"https:\/\/api.w.org\/{rel}","templated":true}]}}