{"id":2209,"date":"2023-06-21T15:05:29","date_gmt":"2023-06-21T15:05:29","guid":{"rendered":"https:\/\/www.appyweb.es\/diccionario\/?page_id=2209"},"modified":"2024-04-12T11:05:07","modified_gmt":"2024-04-12T11:05:07","slug":"infografia","status":"publish","type":"page","link":"https:\/\/www.appyweb.es\/diccionario\/infografia\/","title":{"rendered":"Infograf\u00eda"},"content":{"rendered":"<figure id=\"attachment_14775\" aria-describedby=\"caption-attachment-14775\" style=\"width: 1000px\" class=\"wp-caption alignnone\"><img loading=\"lazy\" decoding=\"async\" class=\"size-full wp-image-14775\" src=\"https:\/\/www.appyweb.es\/diccionario\/wp-content\/uploads\/2024\/04\/Infografia.jpg\" alt=\"Infograf\u00eda\" width=\"1000\" height=\"600\" srcset=\"https:\/\/www.appyweb.es\/diccionario\/wp-content\/uploads\/2024\/04\/Infografia.jpg 1000w, https:\/\/www.appyweb.es\/diccionario\/wp-content\/uploads\/2024\/04\/Infografia-300x180.jpg 300w, https:\/\/www.appyweb.es\/diccionario\/wp-content\/uploads\/2024\/04\/Infografia-768x461.jpg 768w\" sizes=\"auto, (max-width: 1000px) 100vw, 1000px\" \/><figcaption id=\"caption-attachment-14775\" class=\"wp-caption-text\">Infograf\u00eda de ejemplo.<\/figcaption><\/figure>\n<p>Es una t\u00e9cnica gr\u00e1fica para presentar informaci\u00f3n, muy similar a un folleto, pero la infograf\u00eda contiene m\u00e1s informaci\u00f3n. Igualmente, puede ser utilizada tanto para hacer publicidad como para facilitar el contenido sobre un tema en espec\u00edfico, de una forma atractiva y r\u00e1pida.<\/p>\n<h2>\u00bfQu\u00e9 es una infograf\u00eda?<\/h2>\n<p>Se trata de una forma de <strong>presentar diagramas visuales complejos de forma muy resumida<\/strong>, actualmente, estos elementos son estilizados para presentar informaci\u00f3n o texto acompa\u00f1ado de elementos gr\u00e1ficos y signos, que permiten presentar los argumentos y las descripciones de forma m\u00e1s din\u00e1mica. Suele ser utilizada con frecuencia en el <a href=\"https:\/\/www.appyweb.es\/diseno-grafico\/\">dise\u00f1o gr\u00e1fico para transmitir informaci\u00f3n<\/a> de forma m\u00e1s imaginativa y para facilitar la memorizaci\u00f3n.<\/p>\n<p>Asimismo, un elemento indispensable dentro de esta herramienta es la tipograf\u00eda, por lo que es la combinaci\u00f3n del texto y los gr\u00e1ficos presentados, ambos aspectos son <strong>indispensables para lograr el objetivo final de la infograf\u00eda<\/strong>, que bien puede ser did\u00e1ctico, publicitario o informativo.<\/p>\n<h2>C\u00f3mo se hace una infograf\u00eda<\/h2>\n<p>Actualmente, se utilizan software y aplicaciones inform\u00e1ticas <strong>para generar infograf\u00edas de alta calidad<\/strong>, por ejemplo, Photoshop e Illustrator son unos de los m\u00e1s utilizados en este campo. Una de las caracter\u00edsticas m\u00e1s importantes al momento de realizar este documento es garantizar el impacto visual, de forma que la publicaci\u00f3n pueda tener un efecto viral.<\/p>\n<p>En ocasiones, los expertos indican que debe tener una estructura noticiosa, por lo que debe responder las preguntas \u201cc\u00f3mo, cu\u00e1ndo, d\u00f3nde, qui\u00e9n, c\u00f3mo y porqu\u00e9\u201d. En este sentido, es importante, incluso cuando se trata de una <a href=\"https:\/\/www.appyweb.es\/marketing-de-contenidos\/\">estrategia de marketing de contenidos<\/a>, que la informaci\u00f3n incluida sea resumida, que no represente una saturaci\u00f3n para los usuarios, <strong>sino que se complemente con los gr\u00e1ficos interpuestos<\/strong>, de forma que ofrezcan una sensaci\u00f3n est\u00e9tica y agradable a la vista.<\/p>\n<h2>\u00bfPara qu\u00e9 sirve?<\/h2>\n<p>Sirve para hacer llegar informaci\u00f3n a una audiencia de una forma sencilla, m\u00e1s atractiva. Al presentar im\u00e1genes, datos y figuras, hacen que el espectador pueda visualizar mejor lo que se le trata de comunicar. Una de sus ventajas es que puede presentar una idea en una imagen, lo que facilita su consumo.<\/p>\n<p>En este sentido, <strong>estos diagramas din\u00e1micos pueden ser utilizados en folletos de forma f\u00edsica<\/strong> o tambi\u00e9n en sitios web o para distribuci\u00f3n por correo electr\u00f3nico. Es por eso que suelen ser utilizadas con mucha frecuencia para medios digitales, como revistas y peri\u00f3dicos, as\u00ed como otros sitios web enfocados a la educaci\u00f3n.<\/p>\n<h2>Ejemplo<\/h2>\n<p>En la actualidad, existen variantes de esta t\u00e9cnica como las historiograf\u00edas, una metodolog\u00eda que consiste en <strong>distribuir diagramas din\u00e1micos con datos hist\u00f3ricos interesantes<\/strong>. Por ejemplo, la historia de la creaci\u00f3n de Netflix, mira la imagen a continuaci\u00f3n.<\/p>\n<p><script type=\"application\/ld+json\">{\"@context\":\"https:\/\/schema.org\",\"@type\":\"FAQPage\",\"mainEntity\":[ \n{\"@type\":\"Question\",\"name\":\"\u00bfQu\u00e9 es una infograf\u00eda?\",\"acceptedAnswer\":{\"@type\":\"Answer\",\"text\":\"<\/p>\n<p>Se trata de una forma de <strong>presentar diagramas visuales complejos de forma muy resumida<\/strong>, actualmente, estos elementos son estilizados para presentar informaci\u00f3n o texto acompa\u00f1ado de elementos gr\u00e1ficos y signos, que permiten presentar los argumentos y las descripciones de forma m\u00e1s din\u00e1mica. Suele ser utilizada con frecuencia en el <a href='https:\/\/www.appyweb.es\/diseno-grafico\/'>dise\u00f1o gr\u00e1fico para transmitir informaci\u00f3n<\/a> de forma m\u00e1s imaginativa y para facilitar la memorizaci\u00f3n.<\/p>\n<p>Asimismo, un elemento indispensable dentro de esta herramienta es la tipograf\u00eda, por lo que es la combinaci\u00f3n del texto y los gr\u00e1ficos presentados, ambos aspectos son <strong>indispensables para lograr el objetivo final de la infograf\u00eda<\/strong>, que bien puede ser did\u00e1ctico, publicitario o informativo.<\/p>\n<p>\"}},\n{\"@type\":\"Question\",\"name\":\"C\u00f3mo se hace una infograf\u00eda\",\"acceptedAnswer\":{\"@type\":\"Answer\",\"text\":\"<\/p>\n<p>Actualmente, se utilizan software y aplicaciones inform\u00e1ticas <strong>para generar infograf\u00edas de alta calidad<\/strong>, por ejemplo, Photoshop e Illustrator son unos de los m\u00e1s utilizados en este campo. Una de las caracter\u00edsticas m\u00e1s importantes al momento de realizar este documento es garantizar el impacto visual, de forma que la publicaci\u00f3n pueda tener un efecto viral.<\/p>\n<p>En ocasiones, los expertos indican que debe tener una estructura noticiosa, por lo que debe responder las preguntas \u201cc\u00f3mo, cu\u00e1ndo, d\u00f3nde, qui\u00e9n, c\u00f3mo y porqu\u00e9\u201d. En este sentido, es importante, incluso cuando se trata de una <a href='https:\/\/www.appyweb.es\/marketing-de-contenidos\/'>estrategia de marketing de contenidos<\/a>, que la informaci\u00f3n incluida sea resumida, que no represente una saturaci\u00f3n para los usuarios, <strong>sino que se complemente con los gr\u00e1ficos interpuestos<\/strong>, de forma que ofrezcan una sensaci\u00f3n est\u00e9tica y agradable a la vista.<\/p>\n<p>\"}},\n{\"@type\":\"Question\",\"name\":\"\u00bfPara qu\u00e9 sirve?\",\"acceptedAnswer\":{\"@type\":\"Answer\",\"text\":\"<\/p>\n<p>Sirve para hacer llegar informaci\u00f3n a una audiencia de una forma sencilla, m\u00e1s atractiva. Al presentar im\u00e1genes, datos y figuras, hacen que el espectador pueda visualizar mejor lo que se le trata de comunicar. Una de sus ventajas es que puede presentar una idea en una imagen, lo que facilita su consumo.<\/p>\n<p>En este sentido, <strong>estos diagramas din\u00e1micos pueden ser utilizados en folletos de forma f\u00edsica<\/strong> o tambi\u00e9n en sitios web o para distribuci\u00f3n por correo electr\u00f3nico. Es por eso que suelen ser utilizadas con mucha frecuencia para medios digitales, como revistas y peri\u00f3dicos, as\u00ed como otros sitios web enfocados a la educaci\u00f3n.<\/p>\n<p>\"}},\n{\"@type\":\"Question\",\"name\":\"Ejemplo\",\"acceptedAnswer\":{\"@type\":\"Answer\",\"text\":\"<\/p>\n<p>En la actualidad, existen variantes de esta t\u00e9cnica como las historiograf\u00edas, una metodolog\u00eda que consiste en <strong>distribuir diagramas din\u00e1micos con datos hist\u00f3ricos interesantes<\/strong>. Por ejemplo, la historia de la creaci\u00f3n de Netflix, mira la imagen a continuaci\u00f3n.<\/p>\n<p>\"}}\n]}<\/script><\/p>\n<p><img loading=\"lazy\" decoding=\"async\" class=\"size-full wp-image-22461 aligncenter\" src=\"https:\/\/www.appyweb.es\/wp-content\/uploads\/2020\/12\/infografia-ejemplo.jpg\" alt=\"infografia-ejemplo\" width=\"236\" height=\"598\" \/><\/p>\n<h2>M\u00e1s informaci\u00f3n sobre infograf\u00edas<\/h2>\n<p>Utilizar estos elementos tambi\u00e9n es esencial <strong>para mejorar el posicionamiento web de una marca<\/strong>, sobre todo en redes sociales, mira estos enlaces para ampliar tu informaci\u00f3n.<\/p>\n<ul>\n<li><a href=\"https:\/\/www.appyweb.es\/diccionario\/estrategia-contenidos\/\">\u00bfQu\u00e9 es la estrategia de contenidos y para qu\u00e9 sirve?<\/a><\/li>\n<li><a href=\"https:\/\/es.wikipedia.org\/wiki\/Infograf%C3%ADa#Tipolog%C3%ADa\" rel=\"nofollow noopener\" target=\"_blank\">Tipos de infograf\u00edas<\/a><\/li>\n<\/ul>\n<p>&nbsp;<\/p>\n","protected":false},"excerpt":{"rendered":"<p>Es una t\u00e9cnica gr\u00e1fica para presentar informaci\u00f3n, muy similar a un folleto, pero la infograf\u00eda contiene m\u00e1s informaci\u00f3n. Igualmente, puede ser utilizada tanto para hacer publicidad como para facilitar el contenido sobre un tema en espec\u00edfico, de una forma atractiva y r\u00e1pida. \u00bfQu\u00e9 es una infograf\u00eda? Se trata de una forma de presentar diagramas visuales [&hellip;]<\/p>\n","protected":false},"author":1,"featured_media":14775,"parent":0,"menu_order":0,"comment_status":"closed","ping_status":"closed","template":"","meta":{"inline_featured_image":false,"footnotes":""},"class_list":["post-2209","page","type-page","status-publish","has-post-thumbnail","hentry"],"_links":{"self":[{"href":"https:\/\/www.appyweb.es\/diccionario\/wp-json\/wp\/v2\/pages\/2209","targetHints":{"allow":["GET"]}}],"collection":[{"href":"https:\/\/www.appyweb.es\/diccionario\/wp-json\/wp\/v2\/pages"}],"about":[{"href":"https:\/\/www.appyweb.es\/diccionario\/wp-json\/wp\/v2\/types\/page"}],"author":[{"embeddable":true,"href":"https:\/\/www.appyweb.es\/diccionario\/wp-json\/wp\/v2\/users\/1"}],"replies":[{"embeddable":true,"href":"https:\/\/www.appyweb.es\/diccionario\/wp-json\/wp\/v2\/comments?post=2209"}],"version-history":[{"count":7,"href":"https:\/\/www.appyweb.es\/diccionario\/wp-json\/wp\/v2\/pages\/2209\/revisions"}],"predecessor-version":[{"id":14777,"href":"https:\/\/www.appyweb.es\/diccionario\/wp-json\/wp\/v2\/pages\/2209\/revisions\/14777"}],"wp:featuredmedia":[{"embeddable":true,"href":"https:\/\/www.appyweb.es\/diccionario\/wp-json\/wp\/v2\/media\/14775"}],"wp:attachment":[{"href":"https:\/\/www.appyweb.es\/diccionario\/wp-json\/wp\/v2\/media?parent=2209"}],"curies":[{"name":"wp","href":"https:\/\/api.w.org\/{rel}","templated":true}]}}