{"id":224,"date":"2023-06-19T14:07:07","date_gmt":"2023-06-19T14:07:07","guid":{"rendered":"https:\/\/www.appyweb.es\/diccionario\/?page_id=224"},"modified":"2024-02-20T10:21:07","modified_gmt":"2024-02-20T10:21:07","slug":"backlinks","status":"publish","type":"page","link":"https:\/\/www.appyweb.es\/diccionario\/backlinks\/","title":{"rendered":"Backlinks"},"content":{"rendered":"<h1 class=\"entry-title main_title\"><img loading=\"lazy\" decoding=\"async\" class=\" wp-image-8396 aligncenter\" src=\"https:\/\/www.appyweb.es\/diccionario\/wp-content\/uploads\/2023\/08\/backlinks-significado-300x300.jpg\" alt=\"\" width=\"909\" height=\"909\" srcset=\"https:\/\/www.appyweb.es\/diccionario\/wp-content\/uploads\/2023\/08\/backlinks-significado-300x300.jpg 300w, https:\/\/www.appyweb.es\/diccionario\/wp-content\/uploads\/2023\/08\/backlinks-significado-1024x1024.jpg 1024w, https:\/\/www.appyweb.es\/diccionario\/wp-content\/uploads\/2023\/08\/backlinks-significado-150x150.jpg 150w, https:\/\/www.appyweb.es\/diccionario\/wp-content\/uploads\/2023\/08\/backlinks-significado-768x768.jpg 768w, https:\/\/www.appyweb.es\/diccionario\/wp-content\/uploads\/2023\/08\/backlinks-significado.jpg 1080w\" sizes=\"auto, (max-width: 909px) 100vw, 909px\" \/><\/h1>\n<p>Se trata de una herramienta de interconexi\u00f3n entre p\u00e1ginas,\u00a0<strong>un backlink es donde se vinculan contenidos online de diferentes sitios<\/strong>. Tambi\u00e9n son conocidos como \u201cenlaces entrantes\u201d debido a que impulsan la entrada de tr\u00e1fico hasta tu sitio web, desde otros sitios web de alta calidad o relevancia en Internet.<\/p>\n<h2><span id=\"%F0%9F%93%8C_%C2%BFQue_son_los_backlinks\" class=\"ez-toc-section\"><\/span>\u00bfQu\u00e9 son los backlinks?<\/h2>\n<p>No son m\u00e1s que enlaces que van a tu sitio desde otro sitio web, o bien tambi\u00e9n pueden ser esos enlaces que tu generas hacia otros sitios web, de esta forma, ser\u00eda un back link para ellos. Son utilizados en\u00a0<a href=\"https:\/\/diseno20.appyweb.es\/link-building\/\" rel=\"nofollow noopener\" target=\"_blank\">las estrategias de linkbuilding<\/a>\u00a0para hacer un intercambio de autoridad entre p\u00e1ginas.<\/p>\n<p>A esto tambi\u00e9n se le conoce como <a href=\"https:\/\/www.appyweb.es\/diccionario\/link-juice\/\">link juice<\/a>, ya que si\u00a0<strong>obtienes un enlace desde un sitio web de alta relevancia<\/strong>\u00a0entonces ganar\u00e1s autoridad en buscadores (uno de los principales requisitos para posicionarte en las SERP\\\u2019s)<\/p>\n<h2><span id=\"%F0%9F%93%8C_%C2%BFPara_que_sirven\" class=\"ez-toc-section\"><\/span>\u00bfPara qu\u00e9 sirven?<\/h2>\n<p>Su funci\u00f3n principal es ofrecer al usuario una informaci\u00f3n m\u00e1s amplia del tema en un contenido, pero desde otro sitio web. Se utilizan como referencias o para citas a expertos, pero, tambi\u00e9n es utilizado\u00a0<strong>como estrategia para que las p\u00e1ginas puedan aumentar su popularidad<\/strong>.<\/p>\n<p>Algunos expertos en SEO indican que mientras mayor sea la cantidad de enlaces entrantes, m\u00e1s relevancia tendr\u00e1 un sitio web en buscadores. Pero, estos deben enlazarse en otros sitios web de relevancia, para que el link juice aumente y no disminuya, porque as\u00ed como puedes sustraer autoridad de otros sitios web, esos sitios web tambi\u00e9n pueden sustraer la tuya. Funciona como una simple ecuaci\u00f3n matem\u00e1tica, m\u00e1s por m\u00e1s es igual a m\u00e1s (+ * + = +) y m\u00e1s por menos es igual a menos (+ * \u2013 = -).<\/p>\n<h2><span id=\"%F0%9F%93%8C_%C2%BFComo_conseguir_backlinks\" class=\"ez-toc-section\"><\/span>\u00bfC\u00f3mo conseguir backlinks?<\/h2>\n<p>Para esto es necesario construir una estrategia de linkbuilding, si prefieres hacer\u00a0<a href=\"https:\/\/www.appyweb.es\/diccionario\/white-hat-seo\/\">White Hat SEO<\/a>\u00a0puedes\u00a0<strong>intentar aumentar la relevancia de tus contenidos<\/strong>, ya que si se vuelven populares, por ejemplo, en redes sociales, puedes aumentar la importancia de esas p\u00e1ginas. Como consecuencia, otros sitios web se ver\u00e1n interesados en utilizarlos en sus propios contenidos.<\/p>\n<p>Por otro lado, tambi\u00e9n puedes arriesgarte con el Black Hat SEO y preferir la compra de enlaces, esta actividad consiste en contratar los servicios de una agencia de linkbuilding que te permita acceder a espacios dentro de sitios de relevancia. Aunque estos tambi\u00e9n pueden generar otras estrategias, como la composici\u00f3n de contenidos de alta calidad para ofrecerlo de forma gratuita en esos sitios web, que\u00a0<strong>se ver\u00e1n interesados por no tener que escribir su propio contenido<\/strong>. Por supuesto que en ese texto habr\u00e1 un enlace entrante a tu sitio.<\/p>\n<h2><span id=\"%F0%9F%93%8C_Ejemplo_de_backlink\" class=\"ez-toc-section\"><\/span>Ejemplo de backlink<\/h2>\n<p>Un ejemplo muy com\u00fan son los back links en Wikipedia, m\u00e1s espec\u00edficamente los que se encuentran en la secci\u00f3n de referencias. En la imagen se puede ver que la enciclopedia apunta a Puntoseo.com,\u00a0<strong>este ser\u00eda un enlace entrante de esa p\u00e1gina<\/strong>. Lo que est\u00e1 genial para su estrategia de enlaces porque al ser enlazado en un sitio web de alta dominancia, como Wikipedia, puede darle algunos puntos extra para su posicionamiento.<\/p>\n<p><img decoding=\"async\" src=\"https:\/\/www.appyweb.es\/wp-content\/uploads\/2020\/08\/backlinks.jpg\" alt=\"backlink\" \/><\/p>\n<p>Por otro lado, tambi\u00e9n puedes observar c\u00f3mo se ven los backlinks en los informes de tu herramienta de an\u00e1lisis SEO favorita. Por ejemplo, en este informe de <a href=\"https:\/\/www.appyweb.es\/diccionario\/Ahrefs\/\">Ahrefs<\/a> tienes la oportunidad de\u00a0<strong>visualizar cu\u00e1les son los sitios web que te han enlazado<\/strong>\u00a0y cu\u00e1l es el anchor text que han utilizado para ello.<\/p>\n<p><img decoding=\"async\" src=\"https:\/\/www.appyweb.es\/wp-content\/uploads\/2020\/08\/backlinks-ejemplo.png\" alt=\"backlinks-ejemplo\" \/><\/p>\n<h2><span id=\"%F0%9F%93%8C_Mas_informacion_sobre_backlinks\" class=\"ez-toc-section\"><\/span>M\u00e1s informaci\u00f3n sobre backlinks<\/h2>\n<ul>\n<li><a href=\"https:\/\/es.wikipedia.org\/wiki\/Posicionamiento_en_buscadores#Posicionamiento_y_la_evoluci%C3%B3n_de_los_resultados_de_b%C3%BAsqueda\" rel=\"nofollow noopener\" target=\"_blank\">Posicionamiento y la evoluci\u00f3n de los resultados de b\u00fasqueda<\/a>.<\/li>\n<\/ul>\n","protected":false},"excerpt":{"rendered":"<p>Se trata de una herramienta de interconexi\u00f3n entre p\u00e1ginas,\u00a0un backlink es donde se vinculan contenidos online de diferentes sitios. Tambi\u00e9n son conocidos como \u201cenlaces entrantes\u201d debido a que impulsan la entrada de tr\u00e1fico hasta tu sitio web, desde otros sitios web de alta calidad o relevancia en Internet. \u00bfQu\u00e9 son los backlinks? No son m\u00e1s [&hellip;]<\/p>\n","protected":false},"author":1,"featured_media":8396,"parent":0,"menu_order":0,"comment_status":"closed","ping_status":"closed","template":"","meta":{"inline_featured_image":false,"footnotes":""},"class_list":["post-224","page","type-page","status-publish","has-post-thumbnail","hentry"],"_links":{"self":[{"href":"https:\/\/www.appyweb.es\/diccionario\/wp-json\/wp\/v2\/pages\/224","targetHints":{"allow":["GET"]}}],"collection":[{"href":"https:\/\/www.appyweb.es\/diccionario\/wp-json\/wp\/v2\/pages"}],"about":[{"href":"https:\/\/www.appyweb.es\/diccionario\/wp-json\/wp\/v2\/types\/page"}],"author":[{"embeddable":true,"href":"https:\/\/www.appyweb.es\/diccionario\/wp-json\/wp\/v2\/users\/1"}],"replies":[{"embeddable":true,"href":"https:\/\/www.appyweb.es\/diccionario\/wp-json\/wp\/v2\/comments?post=224"}],"version-history":[{"count":8,"href":"https:\/\/www.appyweb.es\/diccionario\/wp-json\/wp\/v2\/pages\/224\/revisions"}],"predecessor-version":[{"id":11302,"href":"https:\/\/www.appyweb.es\/diccionario\/wp-json\/wp\/v2\/pages\/224\/revisions\/11302"}],"wp:featuredmedia":[{"embeddable":true,"href":"https:\/\/www.appyweb.es\/diccionario\/wp-json\/wp\/v2\/media\/8396"}],"wp:attachment":[{"href":"https:\/\/www.appyweb.es\/diccionario\/wp-json\/wp\/v2\/media?parent=224"}],"curies":[{"name":"wp","href":"https:\/\/api.w.org\/{rel}","templated":true}]}}