{"id":229,"date":"2023-06-19T14:07:59","date_gmt":"2023-06-19T14:07:59","guid":{"rendered":"https:\/\/www.appyweb.es\/diccionario\/?page_id=229"},"modified":"2024-02-20T10:39:46","modified_gmt":"2024-02-20T10:39:46","slug":"backup","status":"publish","type":"page","link":"https:\/\/www.appyweb.es\/diccionario\/backup\/","title":{"rendered":"Backup"},"content":{"rendered":"<h1 class=\"entry-title main_title\"><img loading=\"lazy\" decoding=\"async\" class=\" wp-image-8408 aligncenter\" src=\"https:\/\/www.appyweb.es\/diccionario\/wp-content\/uploads\/2023\/09\/significado-backup-300x225.jpg\" alt=\"\" width=\"908\" height=\"681\" srcset=\"https:\/\/www.appyweb.es\/diccionario\/wp-content\/uploads\/2023\/09\/significado-backup-300x225.jpg 300w, https:\/\/www.appyweb.es\/diccionario\/wp-content\/uploads\/2023\/09\/significado-backup-1024x768.jpg 1024w, https:\/\/www.appyweb.es\/diccionario\/wp-content\/uploads\/2023\/09\/significado-backup-768x576.jpg 768w, https:\/\/www.appyweb.es\/diccionario\/wp-content\/uploads\/2023\/09\/significado-backup.jpg 1080w\" sizes=\"auto, (max-width: 908px) 100vw, 908px\" \/><\/h1>\n<p>En Internet existe la posibilidad de que se experimenten p\u00e9rdidas de informaci\u00f3n por diferentes motivos, la mayor\u00eda de las veces a causa de virus y hackers.<br \/>\nEn t\u00e9rminos estad\u00edsticos, este \u00edndice de p\u00e9rdida en usuarios se posiciona en un 66%.\u00a0<strong>Por lo que existe la necesidad de activar respaldos llamados backup<\/strong>, para recuperar todos esos datos de origen.<\/p>\n<h2>\u00bfQu\u00e9 es?<\/h2>\n<p>El backup es un respaldo o una copia de seguridad, pero en realidad <strong>almacena datos originales de un sistema de informaci\u00f3n<\/strong>.<br \/>\nDe esta forma, se pueden utilizar nuevamente sin casi ning\u00fan cambio en comparaci\u00f3n con la versi\u00f3n de origen.<br \/>\nEs la mejor opci\u00f3n cuando se refiere a resguardar la memoria de un sistema, por ejemplo, de un <a href=\"https:\/\/diseno20.appyweb.es\/desarrollo-app\/\" rel=\"nofollow noopener\" target=\"_blank\">proyecto de desarrollo de apps<\/a> o de un dispositivo m\u00f3vil, aunque tambi\u00e9n puede llevarse a cabo con las bases de datos de servidores.<\/p>\n<h2>\u00bfC\u00f3mo hacer backup?<\/h2>\n<p>Existen muchos m\u00e9todos para hacer una copia de seguridad, pero la mayor\u00eda de las veces <strong>depender\u00e1 de la informaci\u00f3n que se quiera resguardar<\/strong>.<br \/>\nPor ejemplo, si se trata de la memoria de un ordenador, se puede realizar accediendo a la opci\u00f3n <em>Copia de Seguridad y Restauraci\u00f3n<\/em> en <em>Panel de Control<\/em>.<br \/>\nAsimismo, si se trata de un respaldo para sitios web se pueden utilizar software <a href=\"https:\/\/www.appyweb.es\/diccionario\/cloud-hosting\/\">vinculados con el sistema de hosting<\/a>, cPanel es uno de los m\u00e1s utilizados.<\/p>\n<p>Naturalmente, las copias suelen actualizarse de forma autom\u00e1tica cada cierto tiempo, aunque existen una serie de recomendaciones para seleccionar cu\u00e1les son los datos que se quieren proteger.<\/p>\n<ul>\n<li>La informaci\u00f3n que se selecciona debe ser irremplazable o de gran valor econ\u00f3mico.<\/li>\n<li>De preferencia <strong>se recomienda hacer un respaldo interno y otro externo<\/strong>, por si acaso alguno se llegase a contaminar.<\/li>\n<li>Establecer periodos de tiempo para actualizar las copias, dependiendo de los cambios realizados.<\/li>\n<\/ul>\n<h2>Tipos de backup<\/h2>\n<ul>\n<li><strong>Completo<\/strong>: Es el m\u00e1s consistente de todos, ya que se trata de hacer una copia general y reproducirla de forma confiable en otros dispositivos o plataformas. Aunque a veces es la menos recomendada ya que tambi\u00e9n <strong>suele guardar informaci\u00f3n que no es realmente importante<\/strong>, por lo que puede generar grandes problemas de almacenamiento, sobre todo en el uso de servicios de terceros, puede costar mucho dinero.<\/li>\n<li><strong>Progresivo<\/strong>: Es el que procede despu\u00e9s de hacer una copia completa, ya que se encarga de detectar nuevos archivos o cambios, <strong>para reemplazarlos por los originales dentro de esa copia<\/strong>. De esta forma, la informaci\u00f3n se mantiene actualizada todo el tiempo, pero tampoco supone un incremento en el nivel de almacenamiento.<\/li>\n<li><strong>Diferencial<\/strong>: Comparado con el anterior, este no reemplaza los archivos, sino que guarda la copia nueva junto a la antigua. Es ideal cuando se trata de proyectos de desarrollo, donde a veces es necesario \u201cretroceder en el tiempo\u201d para entender las nuevas actualizaciones. Aunque s\u00ed puede generar grandes gastos en almacenamiento.<\/li>\n<\/ul>\n<h2>Ejemplos de su uso<\/h2>\n<p>Estos se pueden realizar con un pen drive de alta capacidad, con la finalidad que toda la informaci\u00f3n necesaria est\u00e9 all\u00ed o un disco duro externo. Si llegase a ocurrir una p\u00e9rdida, bien sea por fallos en el sistema o por virus, <strong>se puede recuperar la informaci\u00f3n de manera progresiva<\/strong>.<\/p>\n<p>Debido a que estos m\u00e9todos no son del todo fiables, existen empresas que ofrecen este servicio de almacenamiento. Por ejemplo, Google ofrece su servicio <a href=\"https:\/\/www.appyweb.es\/diccionario\/Google-Drive\/\">Google Drive<\/a> como una opci\u00f3n para resguardar copias de seguridad de dispositivos Android.<\/p>\n<p><script type=\"application\/ld+json\">{\"@context\":\"https:\/\/schema.org\",\"@type\":\"FAQPage\",\"mainEntity\":[ \n{\"@type\":\"Question\",\"name\":\"\u00bfQu\u00e9 es?\",\"acceptedAnswer\":{\"@type\":\"Answer\",\"text\":\"<\/p>\n<\/p>\n<\/p>\n<p>El backup es un respaldo o una copia de seguridad, pero en realidad <strong>almacena datos originales de un sistema de informaci\u00f3n<\/strong>. <br \/>De esta forma, se pueden utilizar nuevamente sin casi ning\u00fan cambio en comparaci\u00f3n con la versi\u00f3n de origen. <br \/>Es la mejor opci\u00f3n cuando se refiere a resguardar la memoria de un sistema, por ejemplo, de un <a href='https:\/\/diseno20.appyweb.es\/desarrollo-app\/'>proyecto de desarrollo de apps<\/a> o de un dispositivo m\u00f3vil, aunque tambi\u00e9n puede llevarse a cabo con las bases de datos de servidores.<\/p>\n<\/p>\n<\/p>\n<p>\"}},\n{\"@type\":\"Question\",\"name\":\"\u00bfC\u00f3mo hacer backup?\",\"acceptedAnswer\":{\"@type\":\"Answer\",\"text\":\"<\/p>\n<\/p>\n<\/p>\n<p>Existen muchos m\u00e9todos para hacer una copia de seguridad, pero la mayor\u00eda de las veces <strong>depender\u00e1 de la informaci\u00f3n que se quiera resguardar<\/strong>. <br \/>Por ejemplo, si se trata de la memoria de un ordenador, se puede realizar accediendo a la opci\u00f3n <em>Copia de Seguridad y Restauraci\u00f3n<\/em> en <em>Panel de Control<\/em>. <br \/>Asimismo, si se trata de un respaldo para sitios web se pueden utilizar software <a href='https:\/\/www.appyweb.es\/diccionario\/cloud-hosting\/'>vinculados con el sistema de hosting<\/a>, cPanel es uno de los m\u00e1s utilizados.<\/p>\n<\/p>\n<\/p>\n<\/p>\n<\/p>\n<p>Naturalmente, las copias suelen actualizarse de forma autom\u00e1tica cada cierto tiempo, aunque existen una serie de recomendaciones para seleccionar cu\u00e1les son los datos que se quieren proteger.<\/p>\n<\/p>\n<\/p>\n<\/p>\n<\/p>\n<ul>\n<\/p>\n<\/p>\n<li>La informaci\u00f3n que se selecciona debe ser irremplazable o de gran valor econ\u00f3mico.<\/li>\n<\/p>\n<\/p>\n<\/p>\n<li>De preferencia <strong>se recomienda hacer un respaldo interno y otro externo<\/strong>, por si acaso alguno se llegase a contaminar.<\/li>\n<\/p>\n<\/p>\n<\/p>\n<li>Establecer periodos de tiempo para actualizar las copias, dependiendo de los cambios realizados.<\/li>\n<\/p>\n<\/ul>\n<\/p>\n<p>\"}},\n{\"@type\":\"Question\",\"name\":\"Tipos de backup\",\"acceptedAnswer\":{\"@type\":\"Answer\",\"text\":\"<\/p>\n<\/p>\n<\/p>\n<ul>\n<\/p>\n<\/p>\n<li><strong>Completo<\/strong>: Es el m\u00e1s consistente de todos, ya que se trata de hacer una copia general y reproducirla de forma confiable en otros dispositivos o plataformas. Aunque a veces es la menos recomendada ya que tambi\u00e9n <strong>suele guardar informaci\u00f3n que no es realmente importante<\/strong>, por lo que puede generar grandes problemas de almacenamiento, sobre todo en el uso de servicios de terceros, puede costar mucho dinero.<\/li>\n<\/p>\n<\/p>\n<\/p>\n<li><strong>Progresivo<\/strong>: Es el que procede despu\u00e9s de hacer una copia completa, ya que se encarga de detectar nuevos archivos o cambios, <strong>para reemplazarlos por los originales dentro de esa copia<\/strong>. De esta forma, la informaci\u00f3n se mantiene actualizada todo el tiempo, pero tampoco supone un incremento en el nivel de almacenamiento.<\/li>\n<\/p>\n<\/p>\n<\/p>\n<li><strong>Diferencial<\/strong>: Comparado con el anterior, este no reemplaza los archivos, sino que guarda la copia nueva junto a la antigua. Es ideal cuando se trata de proyectos de desarrollo, donde a veces es necesario \u201cretroceder en el tiempo\u201d para entender las nuevas actualizaciones. Aunque s\u00ed puede generar grandes gastos en almacenamiento.<\/li>\n<\/p>\n<\/ul>\n<\/p>\n<p>\"}},\n{\"@type\":\"Question\",\"name\":\"Ejemplos de su uso\",\"acceptedAnswer\":{\"@type\":\"Answer\",\"text\":\"<\/p>\n<\/p>\n<\/p>\n<p>Estos se pueden realizar con un pen drive de alta capacidad, con la finalidad que toda la informaci\u00f3n necesaria est\u00e9 all\u00ed o un disco duro externo. Si llegase a ocurrir una p\u00e9rdida, bien sea por fallos en el sistema o por virus, <strong>se puede recuperar la informaci\u00f3n de manera progresiva<\/strong>.<\/p>\n<\/p>\n<\/p>\n<\/p>\n<\/p>\n<p>Debido a que estos m\u00e9todos no son del todo fiables, existen empresas que ofrecen este servicio de almacenamiento. Por ejemplo, Google ofrece su servicio <a href='https:\/\/www.appyweb.es\/diccionario\/Google-Drive\/'>Google Drive<\/a> como una opci\u00f3n para resguardar copias de seguridad de dispositivos Android.<\/p>\n<\/p>\n<\/p>\n<p>\"}}\n]}<\/script><\/p>\n<p>&nbsp;<\/p>\n<h2><span id=\"%F0%9F%93%8C_Mas_informacion_sobre_backup\" class=\"ez-toc-section\"><\/span>M\u00e1s informaci\u00f3n sobre backup<\/h2>\n<ul>\n<li><a href=\"https:\/\/es.wikipedia.org\/wiki\/Copia_de_seguridad#Elecci%C3%B3n,_acceso,_y_manipulaci%C3%B3n_de_datos\" rel=\"nofollow noopener\" target=\"_blank\">Elecci\u00f3n, acceso, y manipulaci\u00f3n de datos de las copias de seguridad<\/a>.<\/li>\n<\/ul>\n","protected":false},"excerpt":{"rendered":"<p>En Internet existe la posibilidad de que se experimenten p\u00e9rdidas de informaci\u00f3n por diferentes motivos, la mayor\u00eda de las veces a causa de virus y hackers. En t\u00e9rminos estad\u00edsticos, este \u00edndice de p\u00e9rdida en usuarios se posiciona en un 66%.\u00a0Por lo que existe la necesidad de activar respaldos llamados backup, para recuperar todos esos datos [&hellip;]<\/p>\n","protected":false},"author":1,"featured_media":8408,"parent":0,"menu_order":0,"comment_status":"closed","ping_status":"closed","template":"","meta":{"inline_featured_image":false,"footnotes":""},"class_list":["post-229","page","type-page","status-publish","has-post-thumbnail","hentry"],"_links":{"self":[{"href":"https:\/\/www.appyweb.es\/diccionario\/wp-json\/wp\/v2\/pages\/229","targetHints":{"allow":["GET"]}}],"collection":[{"href":"https:\/\/www.appyweb.es\/diccionario\/wp-json\/wp\/v2\/pages"}],"about":[{"href":"https:\/\/www.appyweb.es\/diccionario\/wp-json\/wp\/v2\/types\/page"}],"author":[{"embeddable":true,"href":"https:\/\/www.appyweb.es\/diccionario\/wp-json\/wp\/v2\/users\/1"}],"replies":[{"embeddable":true,"href":"https:\/\/www.appyweb.es\/diccionario\/wp-json\/wp\/v2\/comments?post=229"}],"version-history":[{"count":7,"href":"https:\/\/www.appyweb.es\/diccionario\/wp-json\/wp\/v2\/pages\/229\/revisions"}],"predecessor-version":[{"id":11306,"href":"https:\/\/www.appyweb.es\/diccionario\/wp-json\/wp\/v2\/pages\/229\/revisions\/11306"}],"wp:featuredmedia":[{"embeddable":true,"href":"https:\/\/www.appyweb.es\/diccionario\/wp-json\/wp\/v2\/media\/8408"}],"wp:attachment":[{"href":"https:\/\/www.appyweb.es\/diccionario\/wp-json\/wp\/v2\/media?parent=229"}],"curies":[{"name":"wp","href":"https:\/\/api.w.org\/{rel}","templated":true}]}}