{"id":2390,"date":"2023-06-22T07:29:35","date_gmt":"2023-06-22T07:29:35","guid":{"rendered":"https:\/\/www.appyweb.es\/diccionario\/?page_id=2390"},"modified":"2024-04-16T14:44:53","modified_gmt":"2024-04-16T14:44:53","slug":"json","status":"publish","type":"page","link":"https:\/\/www.appyweb.es\/diccionario\/json\/","title":{"rendered":"JSON"},"content":{"rendered":"<figure id=\"attachment_15165\" aria-describedby=\"caption-attachment-15165\" style=\"width: 1000px\" class=\"wp-caption alignnone\"><img loading=\"lazy\" decoding=\"async\" class=\"size-full wp-image-15165\" src=\"https:\/\/www.appyweb.es\/diccionario\/wp-content\/uploads\/2024\/04\/JSON.jpg\" alt=\"JSON\" width=\"1000\" height=\"600\" srcset=\"https:\/\/www.appyweb.es\/diccionario\/wp-content\/uploads\/2024\/04\/JSON.jpg 1000w, https:\/\/www.appyweb.es\/diccionario\/wp-content\/uploads\/2024\/04\/JSON-300x180.jpg 300w, https:\/\/www.appyweb.es\/diccionario\/wp-content\/uploads\/2024\/04\/JSON-768x461.jpg 768w\" sizes=\"auto, (max-width: 1000px) 100vw, 1000px\" \/><figcaption id=\"caption-attachment-15165\" class=\"wp-caption-text\">Documento con texto que pone JAVA.<\/figcaption><\/figure>\n<p>Se trata de <strong>un formato de texto para JavaScript para intercambiar datos<\/strong>, JSON es utilizado por plataformas como Gmail, Yahoo y Mozilla porque se especializa en el flujo de datos m\u00e1s importantes.<\/p>\n<h2>\u00bfQu\u00e9 es JSON?<\/h2>\n<p>Aunque este formato de texto es considerado como parte de JavaScript, la verdad es que tiene una caracter\u00edstica independiente, ya que actualmente <strong>se utiliza como una opci\u00f3n alternativa al XML<\/strong>. Esto es porque en el <a href=\"https:\/\/www.appyweb.es\/desarrollo-app\/\">desarrollo de proyectos web o apps<\/a> es m\u00e1s f\u00e1cil escribir un analizador sint\u00e1ctico. Esto ha sido determinante para ser aceptado en la comunidad de desarrolladores de AJAX.<\/p>\n<p>Sin embargo, es necesario mencionar que aunque JSON es utilizado en lugar de XML, es posible que en algunas ocasiones se necesiten utilizar ambos. Por ejemplo, una app que integra datos de Google Maps y datos de SOAP requiere de ambos formatos.<\/p>\n<h2>Origen del nombre<\/h2>\n<p>JSON es un acr\u00f3nimo para <em>JavaScript Object Notation<\/em> o notaci\u00f3n de objeto de JS. Se pronuncia como el nombre <em>Jason<\/em> en ingl\u00e9s, teniendo en cuenta que la pronunciaci\u00f3n de \u00abJ\u00bb (jota) se traduce como \u00abjay\u00bb. El desarrollador de este formato, Douglas Crockford, indic\u00f3 que la s\u00edlaba \u00abson\u00bb debe ser t\u00f3nica.<\/p>\n<p>Por otro lado, en espa\u00f1ol existen dos alternativas, \u00abyeison\u00bb y \u00abjotason\u00bb, aunque <strong>es m\u00e1s popular el uso de la pronunciaci\u00f3n anglosajona<\/strong>.<\/p>\n<h2>Ventajas de JSON<\/h2>\n<ul>\n<li>Es f\u00e1cil de utilizar y de escribir.<\/li>\n<li>Casi todos los desarrolladores <strong>lo han utilizado para reemplazar XML<\/strong>.<\/li>\n<li>Puede ser m\u00e1s r\u00e1pido que cualquier otro formato.<\/li>\n<li>Es m\u00e1s ligero y transmite menos bytes en el intercambio de datos.<\/li>\n<li>La velocidad de procesamiento es m\u00e1s alto.<\/li>\n<\/ul>\n<h2>\u00bfQu\u00e9 caracter\u00edsticas son destacables de esta herramienta?<\/h2>\n<ul>\n<li>Esta es una herramienta la cual permite formatos de datos, no sirve para los m\u00e9todos y contiene propiedades.<\/li>\n<li>Cuando se le van a colocar los nombres, colocarle un solo par de comillas no sirve. Deben ser las dobles para que el sistema lo reconozca.<\/li>\n<\/ul>\n<p><script type=\"application\/ld+json\">{\"@context\":\"https:\/\/schema.org\",\"@type\":\"FAQPage\",\"mainEntity\":[ \n{\"@type\":\"Question\",\"name\":\"\u00bfQu\u00e9 es JSON?\",\"acceptedAnswer\":{\"@type\":\"Answer\",\"text\":\"<\/p>\n<p>Aunque este formato de texto es considerado como parte de JavaScript, la verdad es que tiene una caracter\u00edstica independiente, ya que actualmente <strong>se utiliza como una opci\u00f3n alternativa al XML<\/strong>. Esto es porque en el <a href='https:\/\/www.appyweb.es\/desarrollo-app\/'>desarrollo de proyectos web o apps<\/a> es m\u00e1s f\u00e1cil escribir un analizador sint\u00e1ctico. Esto ha sido determinante para ser aceptado en la comunidad de desarrolladores de AJAX.<\/p>\n<p>Sin embargo, es necesario mencionar que aunque JSON es utilizado en lugar de XML, es posible que en algunas ocasiones se necesiten utilizar ambos. Por ejemplo, una app que integra datos de Google Maps y datos de SOAP requiere de ambos formatos.<\/p>\n<p>\"}},\n{\"@type\":\"Question\",\"name\":\"Origen del nombre\",\"acceptedAnswer\":{\"@type\":\"Answer\",\"text\":\"<\/p>\n<p>JSON es un acr\u00f3nimo para <em>JavaScript Object Notation<\/em> o notaci\u00f3n de objeto de JS. Se pronuncia como el nombre <em>Jason<\/em> en ingl\u00e9s, teniendo en cuenta que la pronunciaci\u00f3n de 'J' (jota) se traduce como 'jay'. El desarrollador de este formato, Douglas Crockford, indic\u00f3 que la s\u00edlaba 'son' debe ser t\u00f3nica.<\/p>\n<p>Por otro lado, en espa\u00f1ol existen dos alternativas, 'yeison' y 'jotason', aunque <strong>es m\u00e1s popular el uso de la pronunciaci\u00f3n anglosajona<\/strong>.<\/p>\n<p>\"}},\n{\"@type\":\"Question\",\"name\":\"Ventajas de JSON\",\"acceptedAnswer\":{\"@type\":\"Answer\",\"text\":\"<\/p>\n<\/p>\n<ul>\n<\/p>\n<li>Es f\u00e1cil de utilizar y de escribir.<\/li>\n<\/p>\n<\/p>\n<\/p>\n<li>Casi todos los desarrolladores <strong>lo han utilizado para reemplazar XML<\/strong>.<\/li>\n<\/p>\n<\/p>\n<\/p>\n<li>Puede ser m\u00e1s r\u00e1pido que cualquier otro formato.<\/li>\n<\/p>\n<\/p>\n<\/p>\n<li>Es m\u00e1s ligero y transmite menos bytes en el intercambio de datos.<\/li>\n<\/p>\n<\/p>\n<\/p>\n<li>La velocidad de procesamiento es m\u00e1s alto.<\/li>\n<\/p>\n<\/p>\n<\/ul>\n<\/p>\n<\/p>\n<p>\"}},\n{\"@type\":\"Question\",\"name\":\"\u00bfQu\u00e9 caracter\u00edsticas son destacables de esta herramienta?\",\"acceptedAnswer\":{\"@type\":\"Answer\",\"text\":\"<\/p>\n<\/p>\n<ul>\n<\/p>\n<li>Esta es una herramienta la cual permite formatos de datos, no sirve para los m\u00e9todos y contiene propiedades.<\/li>\n<\/p>\n<\/p>\n<\/p>\n<li>Cuando se le van a colocar los nombres, colocarle un solo par de comillas no sirve. Deben ser las dobles para que el sistema lo reconozca.<\/li>\n<\/p>\n<\/p>\n<\/ul>\n<\/p>\n<\/p>\n<p>\"}}\n]}<\/script><\/p>\n<h2>M\u00e1s informaci\u00f3n sobre JSON<\/h2>\n<p>Si tienes inter\u00e9s en todo lo que tenga que ver con la <strong>programaci\u00f3n o las descripciones en JavaScript<\/strong>, entonces debes ampliar a\u00fan m\u00e1s tu informaci\u00f3n, puedes hacerlo con este par de enlaces.<\/p>\n<ul>\n<li><a href=\"https:\/\/www.appyweb.es\/diccionario\/javascript\/\">\u00bfQu\u00e9 es el JavaScript y para qu\u00e9 sirve?<\/a><\/li>\n<li><a href=\"https:\/\/es.wikipedia.org\/wiki\/JSON#Sintaxis\" rel=\"nofollow noopener\" target=\"_blank\">Sintaxis de JSON<\/a><\/li>\n<\/ul>\n<p>&nbsp;<\/p>\n","protected":false},"excerpt":{"rendered":"<p>Se trata de un formato de texto para JavaScript para intercambiar datos, JSON es utilizado por plataformas como Gmail, Yahoo y Mozilla porque se especializa en el flujo de datos m\u00e1s importantes. \u00bfQu\u00e9 es JSON? Aunque este formato de texto es considerado como parte de JavaScript, la verdad es que tiene una caracter\u00edstica independiente, ya [&hellip;]<\/p>\n","protected":false},"author":1,"featured_media":15165,"parent":0,"menu_order":0,"comment_status":"closed","ping_status":"closed","template":"","meta":{"inline_featured_image":false,"footnotes":""},"class_list":["post-2390","page","type-page","status-publish","has-post-thumbnail","hentry"],"_links":{"self":[{"href":"https:\/\/www.appyweb.es\/diccionario\/wp-json\/wp\/v2\/pages\/2390","targetHints":{"allow":["GET"]}}],"collection":[{"href":"https:\/\/www.appyweb.es\/diccionario\/wp-json\/wp\/v2\/pages"}],"about":[{"href":"https:\/\/www.appyweb.es\/diccionario\/wp-json\/wp\/v2\/types\/page"}],"author":[{"embeddable":true,"href":"https:\/\/www.appyweb.es\/diccionario\/wp-json\/wp\/v2\/users\/1"}],"replies":[{"embeddable":true,"href":"https:\/\/www.appyweb.es\/diccionario\/wp-json\/wp\/v2\/comments?post=2390"}],"version-history":[{"count":6,"href":"https:\/\/www.appyweb.es\/diccionario\/wp-json\/wp\/v2\/pages\/2390\/revisions"}],"predecessor-version":[{"id":15167,"href":"https:\/\/www.appyweb.es\/diccionario\/wp-json\/wp\/v2\/pages\/2390\/revisions\/15167"}],"wp:featuredmedia":[{"embeddable":true,"href":"https:\/\/www.appyweb.es\/diccionario\/wp-json\/wp\/v2\/media\/15165"}],"wp:attachment":[{"href":"https:\/\/www.appyweb.es\/diccionario\/wp-json\/wp\/v2\/media?parent=2390"}],"curies":[{"name":"wp","href":"https:\/\/api.w.org\/{rel}","templated":true}]}}