{"id":2450,"date":"2023-06-22T08:12:31","date_gmt":"2023-06-22T08:12:31","guid":{"rendered":"https:\/\/www.appyweb.es\/diccionario\/?page_id=2450"},"modified":"2023-09-04T09:15:09","modified_gmt":"2023-09-04T09:15:09","slug":"keyword-research","status":"publish","type":"page","link":"https:\/\/www.appyweb.es\/diccionario\/keyword-research\/","title":{"rendered":"Keyword research"},"content":{"rendered":"<h1><\/h1>\n<p>Es una pr\u00e1ctica que consiste en la b\u00fasqueda y estudio de palabras clave que se utilizan en Google con frecuencia. El <strong>keyword research tiene como finalidad encontrar nuevas palabras clave<\/strong> que puedan ser el inicio de una buena oportunidad de posicionamiento.<\/p>\n<h2>\u00bfQu\u00e9 es?<\/h2>\n<p>El keyword research es un m\u00e9todo que consiste en localizar palabras claves rentables para <a href=\"https:\/\/www.appyweb.es\/posicionamiento-web\/\">estrategias de contenidos o posicionamiento web<\/a>. Es una pr\u00e1ctica que llevan a cabo expertos en SEO u optimizaci\u00f3n en buscadores para encontrar tendencias o comportamientos de b\u00fasqueda por parte de los usuarios.<\/p>\n<p>Se traduce literalmente como \u00abb\u00fasqueda de palabras clave\u00bb, para esto se utilizan varias herramientas de an\u00e1lisis. Por ejemplo, <strong>Google Analytics tiene una plataforma llamada Keyword Planner<\/strong>, all\u00ed se pueden analizar las palabras clave que est\u00e1 utilizando el sitio web actualmente, las que se emplean con frecuencia en el sector de mercado y las que tienen m\u00e1s o menos volumen de b\u00fasqueda al mes.<\/p>\n<h2>\u00bfPara qu\u00e9 sirve?<\/h2>\n<p>Una de sus principales funciones es optimizar las estrategias de posicionamiento, al llevar a cabo <strong>un keyword research es posible determinar cu\u00e1les son las palabras clave m\u00e1s rentables<\/strong> o m\u00e1s ajustadas a los objetivos de posicionamiento web. Esto se puede llevar a cabo <a href=\"https:\/\/www.appyweb.es\/auditoria-seo\/\">a trav\u00e9s de una auditor\u00eda SEO<\/a> para determinar cu\u00e1les han quedado obsoletas y cu\u00e1les responden mejor a las tendencias de b\u00fasqueda. Aqu\u00ed tienes otras funcionalidades importantes de esta pr\u00e1ctica.<\/p>\n<ul>\n<li>Permite que aumente el tr\u00e1fico de la p\u00e1gina, al conocer las palabras clave m\u00e1s utilizadas se puede obtener un mayor volumen de visitantes.<\/li>\n<li>Mejora los ingresos, ya que aquellas que se puedan usar para ganar mayor tr\u00e1fico. Por supuesto, que presentaran una rentabilidad positiva.<\/li>\n<li>Ayuda a <strong>implementar el uso de palabras clave con menor competencia<\/strong>, obteniendo los primeros lugares con facilidad.<\/li>\n<\/ul>\n<h2>\u00bfC\u00f3mo se hace el keyword research?<\/h2>\n<p>En primer lugar, se recomienda redactar una lista de palabras clave que se pueden utilizar en el sitio web para posicionar. Esto es algo que deber\u00eda realizarse antes de crear el sitio, de forma que se empleen las mismas en el dominio, nombre y t\u00edtulos que servir\u00e1n para la indexaci\u00f3n de los buscadores. En caso contrario, si el sitio web ya existe, bastar\u00e1 con redactar una lista de palabras clave que se est\u00e1n utilizando en el momento.<\/p>\n<p>Despu\u00e9s, <strong>se utilizar\u00e1 algunas herramientas como Google Keyword Planner<\/strong> para analizar toda esa lista de palabras. La plataforma arrojar\u00e1 datos interesantes que incluso pueden compararse con las de la competencia. Tambi\u00e9n se pueden buscar nuevas opciones en las b\u00fasquedas relacionadas de las SERP\\&#8217;s y otras alternativas.<\/p>\n<h2>Herramientas para hacer keyword research<\/h2>\n<p>Existen algunas herramientas encargadas de realizar este trabajo de forma sencilla, estas aplicaciones permitir\u00e1n que los resultados sean <strong>m\u00e1s r\u00e1pidos y confiables para la estrategia de posicionamiento<\/strong>. Aqu\u00ed tienes una lista de las m\u00e1s utilizadas.<\/p>\n<ul>\n<li><strong>SEMrush<\/strong>: Permite que se ingrese la palabra clave que se quiere usar y \u00e9sta autom\u00e1ticamente arrojara una serie de palabras relacionadas con caracter\u00edsticas claves, como el volumen de b\u00fasqueda, la calidad y autoridad.<\/li>\n<li><strong>Ahrefs<\/strong>: Incluye una plataforma similar a la anterior, su funci\u00f3n principal era la detecci\u00f3n de enlaces, pero ha incluido <strong>mejoras ahora permite ubicar palabras claves con una precisi\u00f3n incre\u00edble<\/strong>.<\/li>\n<li><strong>Ubersuggest<\/strong>: Es una de las m\u00e1s utilizadas, permite encontrar sugerencias de palabras clave a partir de b\u00fasquedas de usuarios reales en Google, tambi\u00e9n compara con la competencia.<\/li>\n<\/ul>\n<p><script type=\"application\/ld+json\">{\"@context\":\"https:\/\/schema.org\",\"@type\":\"FAQPage\",\"mainEntity\":[ \n{\"@type\":\"Question\",\"name\":\"\u00bfQu\u00e9 es?\",\"acceptedAnswer\":{\"@type\":\"Answer\",\"text\":\"<\/p>\n<p>El keyword research es un m\u00e9todo que consiste en localizar palabras claves rentables para <a href='https:\/\/www.appyweb.es\/posicionamiento-web\/'>estrategias de contenidos o posicionamiento web<\/a>. Es una pr\u00e1ctica que llevan a cabo expertos en SEO u optimizaci\u00f3n en buscadores para encontrar tendencias o comportamientos de b\u00fasqueda por parte de los usuarios.<\/p>\n<p>Se traduce literalmente como 'b\u00fasqueda de palabras clave', para esto se utilizan varias herramientas de an\u00e1lisis. Por ejemplo, <strong>Google Analytics tiene una plataforma llamada Keyword Planner<\/strong>, all\u00ed se pueden analizar las palabras clave que est\u00e1 utilizando el sitio web actualmente, las que se emplean con frecuencia en el sector de mercado y las que tienen m\u00e1s o menos volumen de b\u00fasqueda al mes.<\/p>\n<p>\"}},\n{\"@type\":\"Question\",\"name\":\"\u00bfPara qu\u00e9 sirve?\",\"acceptedAnswer\":{\"@type\":\"Answer\",\"text\":\"<\/p>\n<p>Una de sus principales funciones es optimizar las estrategias de posicionamiento, al llevar a cabo <strong>un keyword research es posible determinar cu\u00e1les son las palabras clave m\u00e1s rentables<\/strong> o m\u00e1s ajustadas a los objetivos de posicionamiento web. Esto se puede llevar a cabo <a href='https:\/\/www.appyweb.es\/auditoria-seo\/'>a trav\u00e9s de una auditor\u00eda SEO<\/a> para determinar cu\u00e1les han quedado obsoletas y cu\u00e1les responden mejor a las tendencias de b\u00fasqueda. Aqu\u00ed tienes otras funcionalidades importantes de esta pr\u00e1ctica.<\/p>\n<ul>\n<li>Permite que aumente el tr\u00e1fico de la p\u00e1gina, al conocer las palabras clave m\u00e1s utilizadas se puede obtener un mayor volumen de visitantes.<\/li>\n<li>Mejora los ingresos, ya que aquellas que se puedan usar para ganar mayor tr\u00e1fico. Por supuesto, que presentaran una rentabilidad positiva.<\/li>\n<li>Ayuda a <strong>implementar el uso de palabras clave con menor competencia<\/strong>, obteniendo los primeros lugares con facilidad.<\/li>\n<\/ul>\n<p>\"}},\n{\"@type\":\"Question\",\"name\":\"\u00bfC\u00f3mo se hace el keyword research?\",\"acceptedAnswer\":{\"@type\":\"Answer\",\"text\":\"<\/p>\n<p>En primer lugar, se recomienda redactar una lista de palabras clave que se pueden utilizar en el sitio web para posicionar. Esto es algo que deber\u00eda realizarse antes de crear el sitio, de forma que se empleen las mismas en el dominio, nombre y t\u00edtulos que servir\u00e1n para la indexaci\u00f3n de los buscadores. En caso contrario, si el sitio web ya existe, bastar\u00e1 con redactar una lista de palabras clave que se est\u00e1n utilizando en el momento.<\/p>\n<p>Despu\u00e9s, <strong>se utilizar\u00e1 algunas herramientas como Google Keyword Planner<\/strong> para analizar toda esa lista de palabras. La plataforma arrojar\u00e1 datos interesantes que incluso pueden compararse con las de la competencia. Tambi\u00e9n se pueden buscar nuevas opciones en las b\u00fasquedas relacionadas de las SERP\\'s y otras alternativas.<\/p>\n<p>\"}},\n{\"@type\":\"Question\",\"name\":\"Herramientas para hacer keyword research\",\"acceptedAnswer\":{\"@type\":\"Answer\",\"text\":\"<\/p>\n<p>Existen algunas herramientas encargadas de realizar este trabajo de forma sencilla, estas aplicaciones permitir\u00e1n que los resultados sean <strong>m\u00e1s r\u00e1pidos y confiables para la estrategia de posicionamiento<\/strong>. Aqu\u00ed tienes una lista de las m\u00e1s utilizadas.<\/p>\n<ul>\n<li><strong>SEMrush<\/strong>: Permite que se ingrese la palabra clave que se quiere usar y \u00e9sta autom\u00e1ticamente arrojara una serie de palabras relacionadas con caracter\u00edsticas claves, como el volumen de b\u00fasqueda, la calidad y autoridad.<\/li>\n<li><strong>Ahrefs<\/strong>: Incluye una plataforma similar a la anterior, su funci\u00f3n principal era la detecci\u00f3n de enlaces, pero ha incluido <strong>mejoras ahora permite ubicar palabras claves con una precisi\u00f3n incre\u00edble<\/strong>.<\/li>\n<li><strong>Ubersuggest<\/strong>: Es una de las m\u00e1s utilizadas, permite encontrar sugerencias de palabras clave a partir de b\u00fasquedas de usuarios reales en Google, tambi\u00e9n compara con la competencia.<\/li>\n<\/ul>\n<p>\"}}\n]}<\/script><\/p>\n<h2>M\u00e1s informaci\u00f3n sobre Keyword Research<\/h2>\n<p>Pero las plataformas nombradas anteriormente no son las \u00fanicas que puedes <strong>utilizar para planificar mejor tus estrategias<\/strong>, aqu\u00ed tienes un par de enlaces para conseguir m\u00e1s opciones e informaci\u00f3n adicional.<\/p>\n<ul>\n<li><a href=\"https:\/\/www.appyweb.es\/diccionario\/keyword-researcher-pro\/\">\u00bfQu\u00e9 es el Keyword Researcher Pro y para qu\u00e9 sirve?<\/a><\/li>\n<li><a href=\"https:\/\/comunicacionmarketing.es\/seoysem\/22\/05\/2020\/cinco-herramientas-gratuitas-para-keyword-reasearch-2020\/13722.html\" rel=\"nofollow noopener\" target=\"_blank\">Cinco herramientas gratuitas para keyword research<\/a><\/li>\n<\/ul>\n<p>&nbsp;<\/p>\n","protected":false},"excerpt":{"rendered":"<p>Es una pr\u00e1ctica que consiste en la b\u00fasqueda y estudio de palabras clave que se utilizan en Google con frecuencia. El keyword research tiene como finalidad encontrar nuevas palabras clave que puedan ser el inicio de una buena oportunidad de posicionamiento. \u00bfQu\u00e9 es? El keyword research es un m\u00e9todo que consiste en localizar palabras claves [&hellip;]<\/p>\n","protected":false},"author":1,"featured_media":0,"parent":0,"menu_order":0,"comment_status":"closed","ping_status":"closed","template":"","meta":{"inline_featured_image":false,"footnotes":""},"class_list":["post-2450","page","type-page","status-publish","hentry"],"_links":{"self":[{"href":"https:\/\/www.appyweb.es\/diccionario\/wp-json\/wp\/v2\/pages\/2450","targetHints":{"allow":["GET"]}}],"collection":[{"href":"https:\/\/www.appyweb.es\/diccionario\/wp-json\/wp\/v2\/pages"}],"about":[{"href":"https:\/\/www.appyweb.es\/diccionario\/wp-json\/wp\/v2\/types\/page"}],"author":[{"embeddable":true,"href":"https:\/\/www.appyweb.es\/diccionario\/wp-json\/wp\/v2\/users\/1"}],"replies":[{"embeddable":true,"href":"https:\/\/www.appyweb.es\/diccionario\/wp-json\/wp\/v2\/comments?post=2450"}],"version-history":[{"count":3,"href":"https:\/\/www.appyweb.es\/diccionario\/wp-json\/wp\/v2\/pages\/2450\/revisions"}],"predecessor-version":[{"id":9157,"href":"https:\/\/www.appyweb.es\/diccionario\/wp-json\/wp\/v2\/pages\/2450\/revisions\/9157"}],"wp:attachment":[{"href":"https:\/\/www.appyweb.es\/diccionario\/wp-json\/wp\/v2\/media?parent=2450"}],"curies":[{"name":"wp","href":"https:\/\/api.w.org\/{rel}","templated":true}]}}