{"id":2567,"date":"2023-06-22T09:13:48","date_gmt":"2023-06-22T09:13:48","guid":{"rendered":"https:\/\/www.appyweb.es\/diccionario\/?page_id=2567"},"modified":"2024-04-18T15:25:08","modified_gmt":"2024-04-18T15:25:08","slug":"laravel","status":"publish","type":"page","link":"https:\/\/www.appyweb.es\/diccionario\/laravel\/","title":{"rendered":"Laravel"},"content":{"rendered":"<figure id=\"attachment_15458\" aria-describedby=\"caption-attachment-15458\" style=\"width: 1000px\" class=\"wp-caption alignnone\"><img loading=\"lazy\" decoding=\"async\" class=\"size-full wp-image-15458\" src=\"https:\/\/www.appyweb.es\/diccionario\/wp-content\/uploads\/2024\/04\/Laravel.jpg\" alt=\"Laravel\" width=\"1000\" height=\"600\" srcset=\"https:\/\/www.appyweb.es\/diccionario\/wp-content\/uploads\/2024\/04\/Laravel.jpg 1000w, https:\/\/www.appyweb.es\/diccionario\/wp-content\/uploads\/2024\/04\/Laravel-300x180.jpg 300w, https:\/\/www.appyweb.es\/diccionario\/wp-content\/uploads\/2024\/04\/Laravel-768x461.jpg 768w\" sizes=\"auto, (max-width: 1000px) 100vw, 1000px\" \/><figcaption id=\"caption-attachment-15458\" class=\"wp-caption-text\">Ordenador con codigo.<\/figcaption><\/figure>\n<p>Se trata de un <strong>framework especializado en dise\u00f1ar aplicaciones con servicios PHP 5 y 7<\/strong>. De esta forma, Laravel es un sistema que permite desarrollar c\u00f3digo de forma elegante y sencilla.<\/p>\n<h2>\u00bfQu\u00e9 es Laravel?<\/h2>\n<p>Este es un framework que <strong>ayuda a la creaci\u00f3n de c\u00f3digo de forma f\u00e1cil y r\u00e1pida<\/strong>, permite a su vez la presencia de grandes multifuncionalidades. La finalidad principal de Laravel es permitir la creaci\u00f3n de c\u00f3digo de forma elegante y expresiva, en ese sentido, aprovecha todas las caracter\u00edsticas de las \u00faltimas versiones de PHP, lo que permite un <a href=\"https:\/\/www.appyweb.es\/desarrollo-app\/\">desarrollo de aplicaciones muy avanzado<\/a> y profesional.<\/p>\n<p>Sin embargo, algunos expertos aseguran que no es muy recomendable utilizarlo ya que est\u00e1 formado por otras dependencias como symfony, por lo que en ocasiones es necesario tener que esperar las actualizaciones de esa dependencia.<\/p>\n<h2>Mejoras de Laravel<\/h2>\n<ul>\n<li>Esta herramienta cuenta con una serie de versiones que <strong>han permitido ir mejorando sus funcionalidades<\/strong>, Adapt\u00e1ndose de forma c\u00f3moda a los requisitos de cualquier usuario que lo necesite.<\/li>\n<li>Ha tenido mejoras en cuanto al funcionamiento de las rutas, ya que permite un mayor almacenamiento de la informaci\u00f3n. Lo cual fue a\u00f1adido en sus \u00faltimas versiones, pensando en mejorar en gran medida su funcionalidad.<\/li>\n<li>En las versiones anteriores el formato contaba con una estructura de directorio, lo cual a veces pod\u00eda complicar un poco la tarea que se estuviese llevando a cabo. Por eso <strong>se modific\u00f3 y ahora se puede conseguir en la parte externa<\/strong>, como carpetas las en las cuales est\u00e1n organizadas.<\/li>\n<\/ul>\n<h2>\u00bfC\u00f3mo funciona Laravel?<\/h2>\n<p>Funciona con un sistema de mapeo de datos que <strong>facilita la creaci\u00f3n de modelos dentro del framework<\/strong>, sin embargo el uso de esta herramienta puede ser opcional. Tambi\u00e9n incluye otros recursos que facilitan la interpretaci\u00f3n de los datos. Asimismo, muchos expertos afirman que este framework cuenta con caracter\u00edsticas muy similares a las de Ruby On Rails.<\/p>\n<p>Por otro lado, incluye un paquete de plantillas que es capaz de favorecer el c\u00f3digo al momento de desarrollar las vistas, este mismo incluye un sistema de cach\u00e9 que <strong>permite procesar la informaci\u00f3n de forma m\u00e1s r\u00e1pida<\/strong>, igualmente permite tener una sintaxis reducida.<\/p>\n<h2>\u00bfPor qu\u00e9 utilizar Laravel?<\/h2>\n<p>Una de las ventajas de este framework es que <strong>permite crear un c\u00f3digo dirigido a la est\u00e9tica<\/strong> y a la rapidez, gracias a su sistema es posible crear todo un sistema separados por modelo, vista y controlador.<\/p>\n<p>De esta forma, el <a href=\"https:\/\/www.appyweb.es\/diseno-web\/\">dise\u00f1o web y cualquier tipo de proyecto<\/a> pueden contar con un modelo como base de datos, un controlador para llevar a cabo operaciones l\u00f3gicas y una vista para relacionar las interfaces gr\u00e1ficas. Aparte, una de sus mejores ventajas es que <strong>funciona como un lenguaje php5 <\/strong>lo que permite reducir a\u00fan m\u00e1s la sintaxis.<\/p>\n<p><script type=\"application\/ld+json\">{\"@context\":\"https:\/\/schema.org\",\"@type\":\"FAQPage\",\"mainEntity\":[ \n{\"@type\":\"Question\",\"name\":\"\u00bfQu\u00e9 es Laravel?\",\"acceptedAnswer\":{\"@type\":\"Answer\",\"text\":\"<\/p>\n<p>Este es un framework que <strong>ayuda a la creaci\u00f3n de c\u00f3digo de forma f\u00e1cil y r\u00e1pida<\/strong>, permite a su vez la presencia de grandes multifuncionalidades. La finalidad principal de Laravel es permitir la creaci\u00f3n de c\u00f3digo de forma elegante y expresiva, en ese sentido, aprovecha todas las caracter\u00edsticas de las \u00faltimas versiones de PHP, lo que permite un <a href='https:\/\/www.appyweb.es\/desarrollo-app\/'>desarrollo de aplicaciones muy avanzado<\/a> y profesional.<\/p>\n<p>Sin embargo, algunos expertos aseguran que no es muy recomendable utilizarlo ya que est\u00e1 formado por otras dependencias como symfony, por lo que en ocasiones es necesario tener que esperar las actualizaciones de esa dependencia.<\/p>\n<p>\"}},\n{\"@type\":\"Question\",\"name\":\"Mejoras de Laravel\",\"acceptedAnswer\":{\"@type\":\"Answer\",\"text\":\"<\/p>\n<\/p>\n<\/p>\n<\/p>\n<\/p>\n<ul>\n<\/p>\n<\/p>\n<\/p>\n<\/p>\n<li>Esta herramienta cuenta con una serie de versiones que <strong>han permitido ir mejorando sus funcionalidades<\/strong>, Adapt\u00e1ndose de forma c\u00f3moda a los requisitos de cualquier usuario que lo necesite.<\/li>\n<\/p>\n<\/p>\n<\/p>\n<\/p>\n<\/p>\n<\/p>\n<\/p>\n<li>Ha tenido mejoras en cuanto al funcionamiento de las rutas, ya que permite un mayor almacenamiento de la informaci\u00f3n. Lo cual fue a\u00f1adido en sus \u00faltimas versiones, pensando en mejorar en gran medida su funcionalidad.<\/li>\n<\/p>\n<\/p>\n<\/p>\n<\/p>\n<\/p>\n<\/p>\n<\/p>\n<li>En las versiones anteriores el formato contaba con una estructura de directorio, lo cual a veces pod\u00eda complicar un poco la tarea que se estuviese llevando a cabo. Por eso <strong>se modific\u00f3 y ahora se puede conseguir en la parte externa<\/strong>, como carpetas las en las cuales est\u00e1n organizadas.<\/li>\n<\/p>\n<\/p>\n<\/p>\n<\/ul>\n<\/p>\n<\/p>\n<\/p>\n<p>\"}},\n{\"@type\":\"Question\",\"name\":\"\u00bfC\u00f3mo funciona Laravel?\",\"acceptedAnswer\":{\"@type\":\"Answer\",\"text\":\"<\/p>\n<p>Funciona con un sistema de mapeo de datos que <strong>facilita la creaci\u00f3n de modelos dentro del framework<\/strong>, sin embargo el uso de esta herramienta puede ser opcional. Tambi\u00e9n incluye otros recursos que facilitan la interpretaci\u00f3n de los datos. Asimismo, muchos expertos afirman que este framework cuenta con caracter\u00edsticas muy similares a las de Ruby On Rails.<\/p>\n<p>Por otro lado, incluye un paquete de plantillas que es capaz de favorecer el c\u00f3digo al momento de desarrollar las vistas, este mismo incluye un sistema de cach\u00e9 que <strong>permite procesar la informaci\u00f3n de forma m\u00e1s r\u00e1pida<\/strong>, igualmente permite tener una sintaxis reducida.<\/p>\n<p>\"}},\n{\"@type\":\"Question\",\"name\":\"\u00bfPor qu\u00e9 utilizar Laravel?\",\"acceptedAnswer\":{\"@type\":\"Answer\",\"text\":\"<\/p>\n<p>Una de las ventajas de este framework es que <strong>permite crear un c\u00f3digo dirigido a la est\u00e9tica<\/strong> y a la rapidez, gracias a su sistema es posible crear todo un sistema separados por modelo, vista y controlador.<\/p>\n<p>De esta forma, el <a href='https:\/\/www.appyweb.es\/diseno-web\/'>dise\u00f1o web y cualquier tipo de proyecto<\/a> pueden contar con un modelo como base de datos, un controlador para llevar a cabo operaciones l\u00f3gicas y una vista para relacionar las interfaces gr\u00e1ficas. Aparte, una de sus mejores ventajas es que <strong>funciona como un lenguaje php5 <\/strong>lo que permite reducir a\u00fan m\u00e1s la sintaxis.<\/p>\n<p>\"}}\n]}<\/script><\/p>\n<h2>M\u00e1s informaci\u00f3n sobre Laravel<\/h2>\n<p>Si est\u00e1s entrando en el mundo del desarrollo web sin duda debes conocer este sistema, aqu\u00ed tienes un par de enlaces para ampliar tu informaci\u00f3n.<\/p>\n<ul>\n<li><a href=\"https:\/\/www.appyweb.es\/diccionario\/framework\/\">\u00bfQu\u00e9 es el Framework y para qu\u00e9 sirve?<\/a><\/li>\n<li><a href=\"https:\/\/www.lancelotdigital.com\/otras-noticias-de-interes\/laravel-una-alternativa-para-desarrollo-web\" rel=\"nofollow noopener\" target=\"_blank\">Laravel: una alternativa para desarrollo web<\/a><\/li>\n<\/ul>\n<p>&nbsp;<\/p>\n","protected":false},"excerpt":{"rendered":"<p>Se trata de un framework especializado en dise\u00f1ar aplicaciones con servicios PHP 5 y 7. De esta forma, Laravel es un sistema que permite desarrollar c\u00f3digo de forma elegante y sencilla. \u00bfQu\u00e9 es Laravel? Este es un framework que ayuda a la creaci\u00f3n de c\u00f3digo de forma f\u00e1cil y r\u00e1pida, permite a su vez la [&hellip;]<\/p>\n","protected":false},"author":1,"featured_media":15458,"parent":0,"menu_order":0,"comment_status":"closed","ping_status":"closed","template":"","meta":{"inline_featured_image":false,"footnotes":""},"class_list":["post-2567","page","type-page","status-publish","has-post-thumbnail","hentry"],"_links":{"self":[{"href":"https:\/\/www.appyweb.es\/diccionario\/wp-json\/wp\/v2\/pages\/2567","targetHints":{"allow":["GET"]}}],"collection":[{"href":"https:\/\/www.appyweb.es\/diccionario\/wp-json\/wp\/v2\/pages"}],"about":[{"href":"https:\/\/www.appyweb.es\/diccionario\/wp-json\/wp\/v2\/types\/page"}],"author":[{"embeddable":true,"href":"https:\/\/www.appyweb.es\/diccionario\/wp-json\/wp\/v2\/users\/1"}],"replies":[{"embeddable":true,"href":"https:\/\/www.appyweb.es\/diccionario\/wp-json\/wp\/v2\/comments?post=2567"}],"version-history":[{"count":8,"href":"https:\/\/www.appyweb.es\/diccionario\/wp-json\/wp\/v2\/pages\/2567\/revisions"}],"predecessor-version":[{"id":15464,"href":"https:\/\/www.appyweb.es\/diccionario\/wp-json\/wp\/v2\/pages\/2567\/revisions\/15464"}],"wp:featuredmedia":[{"embeddable":true,"href":"https:\/\/www.appyweb.es\/diccionario\/wp-json\/wp\/v2\/media\/15458"}],"wp:attachment":[{"href":"https:\/\/www.appyweb.es\/diccionario\/wp-json\/wp\/v2\/media?parent=2567"}],"curies":[{"name":"wp","href":"https:\/\/api.w.org\/{rel}","templated":true}]}}