{"id":262,"date":"2023-06-19T14:20:49","date_gmt":"2023-06-19T14:20:49","guid":{"rendered":"https:\/\/www.appyweb.es\/diccionario\/?page_id=262"},"modified":"2024-03-05T22:55:21","modified_gmt":"2024-03-05T22:55:21","slug":"blacklists","status":"publish","type":"page","link":"https:\/\/www.appyweb.es\/diccionario\/blacklists\/","title":{"rendered":"Blacklists"},"content":{"rendered":"<h1 class=\"entry-title main_title\"><img loading=\"lazy\" decoding=\"async\" class=\"aligncenter wp-image-10289\" src=\"https:\/\/www.appyweb.es\/diccionario\/wp-content\/uploads\/2023\/09\/Blacklists-significado-300x200.jpg\" alt=\"\" width=\"1101\" height=\"733\" srcset=\"https:\/\/www.appyweb.es\/diccionario\/wp-content\/uploads\/2023\/09\/Blacklists-significado-300x200.jpg 300w, https:\/\/www.appyweb.es\/diccionario\/wp-content\/uploads\/2023\/09\/Blacklists-significado-1024x683.jpg 1024w, https:\/\/www.appyweb.es\/diccionario\/wp-content\/uploads\/2023\/09\/Blacklists-significado-768x512.jpg 768w, https:\/\/www.appyweb.es\/diccionario\/wp-content\/uploads\/2023\/09\/Blacklists-significado.jpg 1080w\" sizes=\"auto, (max-width: 1101px) 100vw, 1101px\" \/><\/h1>\n<p>Este t\u00e9rmino es m\u00e1s utilizado en el \u00e1mbito del email marketing,\u00a0<strong>las blacklists incluyen direcciones IP que\u00a0suelen enviar spam<\/strong>.<br \/>\nDe forma que los servicios de email, como Gmail, puedan clasificar sus env\u00edos como tal.<\/p>\n<h2>\u00bfQu\u00e9 es Blacklists?<\/h2>\n<p>En espa\u00f1ol se le conocen como <em>listas negras<\/em>, suelen agrupar dominios, direcciones de correo electr\u00f3nico y las direcciones IP que env\u00edan mensajes invasivos o spam.<br \/>\nNormalmente, tambi\u00e9n incluyen direcciones que <strong>no han solicitado el permiso del usuario para proceder con el env\u00edo<\/strong>.<br \/>\nEs por eso que las empresas que <a href=\"https:\/\/diseno20.appyweb.es\/redaccion-textos-seo\/\" rel=\"nofollow noopener\" target=\"_blank\">realizan env\u00edos de newsletters<\/a> deben contar con una gesti\u00f3n de permisos adecuada.<\/p>\n<h2>Origen de las Blacklists<\/h2>\n<p>Tienen su origen en la creaci\u00f3n del protocolo RBL o <em>Real-Time Blackhole List<\/em>, fue un proyecto impulsado por Paul Vixie, el famoso creador de protocolos UNIX y otros software.<br \/>\nLa operaci\u00f3n trabaj\u00f3 bajo el nombre de MAPS, el acr\u00f3nimo traducido significa <em>Sistema de Prevenci\u00f3n del Abuso de Env\u00edos<\/em>. Su finalidad era garantizar <a href=\"https:\/\/diseno20.appyweb.es\/email-marketing-para-empresas\/\" rel=\"nofollow noopener\" target=\"_blank\">pr\u00e1cticas de email marketing<\/a> m\u00e1s \u00e9ticas y transparentes.<\/p>\n<p>M\u00e1s tarde, se populariz\u00f3 el nombre \u201clistas negras\u201d para relacionarlas con la forma en que algunas organizaciones pol\u00edticas y sociales discriminan a otros grupos.<br \/>\nSin embargo, el avanzado sistema se denomina \u201clibre\u201d por lo que incluso <strong>se puede manipular para a\u00f1adir IP\\\\\u2019s de buena reputaci\u00f3n<\/strong>.<\/p>\n<h2>\u00bfPara qu\u00e9 sirven?<\/h2>\n<p>Su principal funci\u00f3n es evitar la distribuci\u00f3n masiva de spam, un dominio en listas negras podr\u00e1 seguir realizando env\u00edos, la diferencia radica en la bandeja de entrada, <strong>ya que todos sus emails llagar\u00e1n a la bandeja de spam<\/strong>, evitando su entrada en la de promociones. Esto reduce considerablemente la tasa de apertura, lo que significa un rendimiento muy bajo en los resultados de estrategias de marketing.<\/p>\n<p>Por otro lado, las Blacklists son grandes aliados para los usuarios, ya que permite <strong>proteger su privacidad y ofrece una buena experiencia de uso<\/strong> en los servicios de env\u00edos, sitios web y plataformas en Internet en general.<\/p>\n<h2>\u00bfC\u00f3mo funcionan?<\/h2>\n<p>Para ingresar un dominio en listas negras los usuarios pueden asignar la etiqueta <a href=\"https:\/\/www.appyweb.es\/diccionario\/spam\/\">spam<\/a>, mientras m\u00e1s de estas asignaciones se apliquen a un email de ese dominio, m\u00e1s probabilidades tiene de ser incluido en blacklists.<br \/>\nAparte, Gmail y el buscador Google utilizan un algoritmo que eval\u00faa la calidad de esos mensajes, por lo que puede <strong>determinar cu\u00e1ndo un email es spam y cu\u00e1ndo no<\/strong>.<\/p>\n<p>El proveedor de env\u00edos va acumulando esta informaci\u00f3n, calificando al dominio seg\u00fan la cantidad de spam que recibe, al alcanzar el l\u00edmite (la cantidad l\u00edmite no es de conocimiento p\u00fablico) es posible que sea incluido en listas negras. Las listas de Google y Microsoft son privadas, pero tambi\u00e9n existen otras p\u00fablicas, como las siguientes.<\/p>\n<ul>\n<li>Fabel Spamsources.<\/li>\n<li>Proyecto DrMX.<\/li>\n<li>China Anti Spam Alianza.<\/li>\n<\/ul>\n<p><script type=\"application\/ld+json\">{\"@context\":\"https:\/\/schema.org\",\"@type\":\"FAQPage\",\"mainEntity\":[ \n{\"@type\":\"Question\",\"name\":\"\u00bfQu\u00e9 es Blacklists?\",\"acceptedAnswer\":{\"@type\":\"Answer\",\"text\":\"<\/p>\n<\/p>\n<\/p>\n<\/p>\n<\/p>\n<\/p>\n<\/p>\n<\/p>\n<\/p>\n<p>En espa\u00f1ol se le conocen como <em>listas negras<\/em>, suelen agrupar dominios, direcciones de correo electr\u00f3nico y las direcciones IP que env\u00edan mensajes invasivos o spam. <br \/>Normalmente, tambi\u00e9n incluyen direcciones que <strong>no han solicitado el permiso del usuario para proceder con el env\u00edo<\/strong>. <br \/>Es por eso que las empresas que <a href='https:\/\/diseno20.appyweb.es\/redaccion-textos-seo\/'>realizan env\u00edos de newsletters<\/a> deben contar con una gesti\u00f3n de permisos adecuada.<\/p>\n<\/p>\n<\/p>\n<\/p>\n<\/p>\n<\/p>\n<\/p>\n<\/p>\n<\/p>\n<p>\"}},\n{\"@type\":\"Question\",\"name\":\"Origen de las Blacklists\",\"acceptedAnswer\":{\"@type\":\"Answer\",\"text\":\"<\/p>\n<\/p>\n<\/p>\n<\/p>\n<\/p>\n<\/p>\n<\/p>\n<\/p>\n<\/p>\n<p>Tienen su origen en la creaci\u00f3n del protocolo RBL o <em>Real-Time Blackhole List<\/em>, fue un proyecto impulsado por Paul Vixie, el famoso creador de protocolos UNIX y otros software. <br \/>La operaci\u00f3n trabaj\u00f3 bajo el nombre de MAPS, el acr\u00f3nimo traducido significa <em>Sistema de Prevenci\u00f3n del Abuso de Env\u00edos<\/em>. Su finalidad era garantizar <a href='https:\/\/diseno20.appyweb.es\/email-marketing-para-empresas\/'>pr\u00e1cticas de email marketing<\/a> m\u00e1s \u00e9ticas y transparentes.<\/p>\n<\/p>\n<\/p>\n<\/p>\n<\/p>\n<\/p>\n<\/p>\n<\/p>\n<\/p>\n<\/p>\n<\/p>\n<\/p>\n<\/p>\n<\/p>\n<\/p>\n<\/p>\n<\/p>\n<p>M\u00e1s tarde, se populariz\u00f3 el nombre \u201clistas negras\u201d para relacionarlas con la forma en que algunas organizaciones pol\u00edticas y sociales discriminan a otros grupos. <br \/>Sin embargo, el avanzado sistema se denomina \u201clibre\u201d por lo que incluso <strong>se puede manipular para a\u00f1adir IP\\\\\u2019s de buena reputaci\u00f3n<\/strong>.<\/p>\n<\/p>\n<\/p>\n<\/p>\n<\/p>\n<\/p>\n<\/p>\n<\/p>\n<\/p>\n<p>\"}},\n{\"@type\":\"Question\",\"name\":\"\u00bfPara qu\u00e9 sirven?\",\"acceptedAnswer\":{\"@type\":\"Answer\",\"text\":\"<\/p>\n<\/p>\n<\/p>\n<\/p>\n<\/p>\n<\/p>\n<\/p>\n<\/p>\n<\/p>\n<p>Su principal funci\u00f3n es evitar la distribuci\u00f3n masiva de spam, un dominio en listas negras podr\u00e1 seguir realizando env\u00edos, la diferencia radica en la bandeja de entrada, <strong>ya que todos sus emails llagar\u00e1n a la bandeja de spam<\/strong>, evitando su entrada en la de promociones. Esto reduce considerablemente la tasa de apertura, lo que significa un rendimiento muy bajo en los resultados de estrategias de marketing.<\/p>\n<\/p>\n<\/p>\n<\/p>\n<\/p>\n<\/p>\n<\/p>\n<\/p>\n<\/p>\n<\/p>\n<\/p>\n<\/p>\n<\/p>\n<\/p>\n<\/p>\n<\/p>\n<\/p>\n<p>Por otro lado, las Blacklists son grandes aliados para los usuarios, ya que permite <strong>proteger su privacidad y ofrece una buena experiencia de uso<\/strong> en los servicios de env\u00edos, sitios web y plataformas en Internet en general.<\/p>\n<\/p>\n<\/p>\n<\/p>\n<\/p>\n<\/p>\n<\/p>\n<\/p>\n<\/p>\n<p>\"}},\n{\"@type\":\"Question\",\"name\":\"\u00bfC\u00f3mo funcionan?\",\"acceptedAnswer\":{\"@type\":\"Answer\",\"text\":\"<\/p>\n<\/p>\n<\/p>\n<\/p>\n<\/p>\n<\/p>\n<\/p>\n<\/p>\n<\/p>\n<p>Para ingresar un dominio en listas negras los usuarios pueden asignar la etiqueta <a href='https:\/\/www.appyweb.es\/diccionario\/spam\/'>spam<\/a>, mientras m\u00e1s de estas asignaciones se apliquen a un email de ese dominio, m\u00e1s probabilidades tiene de ser incluido en blacklists. <br \/>Aparte, Gmail y el buscador Google utilizan un algoritmo que eval\u00faa la calidad de esos mensajes, por lo que puede <strong>determinar cu\u00e1ndo un email es spam y cu\u00e1ndo no<\/strong>.<\/p>\n<\/p>\n<\/p>\n<\/p>\n<\/p>\n<\/p>\n<\/p>\n<\/p>\n<\/p>\n<\/p>\n<\/p>\n<\/p>\n<\/p>\n<\/p>\n<\/p>\n<\/p>\n<\/p>\n<p>El proveedor de env\u00edos va acumulando esta informaci\u00f3n, calificando al dominio seg\u00fan la cantidad de spam que recibe, al alcanzar el l\u00edmite (la cantidad l\u00edmite no es de conocimiento p\u00fablico) es posible que sea incluido en listas negras. Las listas de Google y Microsoft son privadas, pero tambi\u00e9n existen otras p\u00fablicas, como las siguientes.<\/p>\n<\/p>\n<\/p>\n<\/p>\n<\/p>\n<\/p>\n<\/p>\n<\/p>\n<\/p>\n<\/p>\n<\/p>\n<\/p>\n<\/p>\n<\/p>\n<\/p>\n<\/p>\n<\/p>\n<ul>\n<\/p>\n<\/p>\n<\/p>\n<\/p>\n<\/p>\n<\/p>\n<\/p>\n<\/p>\n<li>Fabel Spamsources.<\/li>\n<\/p>\n<\/p>\n<\/p>\n<\/p>\n<\/p>\n<\/p>\n<\/p>\n<\/p>\n<\/p>\n<\/p>\n<\/p>\n<\/p>\n<\/p>\n<\/p>\n<\/p>\n<li>Proyecto DrMX.<\/li>\n<\/p>\n<\/p>\n<\/p>\n<\/p>\n<\/p>\n<\/p>\n<\/p>\n<\/p>\n<\/p>\n<\/p>\n<\/p>\n<\/p>\n<\/p>\n<\/p>\n<\/p>\n<li>China Anti Spam Alianza.<\/li>\n<\/p>\n<\/p>\n<\/p>\n<\/p>\n<\/p>\n<\/p>\n<\/p>\n<\/ul>\n<\/p>\n<\/p>\n<\/p>\n<\/p>\n<\/p>\n<\/p>\n<\/p>\n<p>\"}}\n]}<\/script><\/p>\n<h2><span id=\"%F0%9F%93%8C_Mas_informacion_sobre_Blacklists\" class=\"ez-toc-section\"><\/span>M\u00e1s informaci\u00f3n sobre Blacklists<\/h2>\n<ul>\n<li><a href=\"https:\/\/www.teenvio.com\/es\/consejos\/como-saber-si-estoy-en-una-lista-negra-de-spam\/\" rel=\"nofollow noopener\" target=\"_blank\">C\u00f3mo saber si estoy en una lista negra de Spam y c\u00f3mo salir<\/a>.<\/li>\n<\/ul>\n<p>&nbsp;<\/p>\n","protected":false},"excerpt":{"rendered":"<p>Este t\u00e9rmino es m\u00e1s utilizado en el \u00e1mbito del email marketing,\u00a0las blacklists incluyen direcciones IP que\u00a0suelen enviar spam. De forma que los servicios de email, como Gmail, puedan clasificar sus env\u00edos como tal. \u00bfQu\u00e9 es Blacklists? En espa\u00f1ol se le conocen como listas negras, suelen agrupar dominios, direcciones de correo electr\u00f3nico y las direcciones IP [&hellip;]<\/p>\n","protected":false},"author":1,"featured_media":10289,"parent":0,"menu_order":0,"comment_status":"closed","ping_status":"closed","template":"","meta":{"inline_featured_image":false,"footnotes":""},"class_list":["post-262","page","type-page","status-publish","has-post-thumbnail","hentry"],"_links":{"self":[{"href":"https:\/\/www.appyweb.es\/diccionario\/wp-json\/wp\/v2\/pages\/262","targetHints":{"allow":["GET"]}}],"collection":[{"href":"https:\/\/www.appyweb.es\/diccionario\/wp-json\/wp\/v2\/pages"}],"about":[{"href":"https:\/\/www.appyweb.es\/diccionario\/wp-json\/wp\/v2\/types\/page"}],"author":[{"embeddable":true,"href":"https:\/\/www.appyweb.es\/diccionario\/wp-json\/wp\/v2\/users\/1"}],"replies":[{"embeddable":true,"href":"https:\/\/www.appyweb.es\/diccionario\/wp-json\/wp\/v2\/comments?post=262"}],"version-history":[{"count":11,"href":"https:\/\/www.appyweb.es\/diccionario\/wp-json\/wp\/v2\/pages\/262\/revisions"}],"predecessor-version":[{"id":11351,"href":"https:\/\/www.appyweb.es\/diccionario\/wp-json\/wp\/v2\/pages\/262\/revisions\/11351"}],"wp:featuredmedia":[{"embeddable":true,"href":"https:\/\/www.appyweb.es\/diccionario\/wp-json\/wp\/v2\/media\/10289"}],"wp:attachment":[{"href":"https:\/\/www.appyweb.es\/diccionario\/wp-json\/wp\/v2\/media?parent=262"}],"curies":[{"name":"wp","href":"https:\/\/api.w.org\/{rel}","templated":true}]}}