{"id":2659,"date":"2023-06-22T09:53:50","date_gmt":"2023-06-22T09:53:50","guid":{"rendered":"https:\/\/www.appyweb.es\/diccionario\/?page_id=2659"},"modified":"2024-04-24T15:55:33","modified_gmt":"2024-04-24T15:55:33","slug":"linkbuilding-en-seo","status":"publish","type":"page","link":"https:\/\/www.appyweb.es\/diccionario\/linkbuilding-en-seo\/","title":{"rendered":"Linkbuilding en SEO"},"content":{"rendered":"<figure id=\"attachment_15641\" aria-describedby=\"caption-attachment-15641\" style=\"width: 1000px\" class=\"wp-caption alignnone\"><img loading=\"lazy\" decoding=\"async\" class=\"size-full wp-image-15641\" src=\"https:\/\/www.appyweb.es\/diccionario\/wp-content\/uploads\/2024\/04\/LinkbuildingenSEO.jpg\" alt=\"Linkbuilding en SEO\" width=\"1000\" height=\"600\" srcset=\"https:\/\/www.appyweb.es\/diccionario\/wp-content\/uploads\/2024\/04\/LinkbuildingenSEO.jpg 1000w, https:\/\/www.appyweb.es\/diccionario\/wp-content\/uploads\/2024\/04\/LinkbuildingenSEO-300x180.jpg 300w, https:\/\/www.appyweb.es\/diccionario\/wp-content\/uploads\/2024\/04\/LinkbuildingenSEO-768x461.jpg 768w\" sizes=\"auto, (max-width: 1000px) 100vw, 1000px\" \/><figcaption id=\"caption-attachment-15641\" class=\"wp-caption-text\">Muchas paginas web unidas con enlaces.<\/figcaption><\/figure>\n<p>Es una estrategia que consiste en construir enlaces, de hecho, es la definici\u00f3n exacta en espa\u00f1ol de Link Building. Tiene un papel importante en el SEO porque permite <strong>generar condiciones para aumentar la autoridad del sitio web<\/strong> y escalar posiciones de forma org\u00e1nica, pero generado a partir de una pr\u00e1ctica artificial.<\/p>\n<h2>\u00bfQu\u00e9 es?<\/h2>\n<p>Es una estrategia que consiste en introducir enlaces en otros sitios web de autoridad, o incluso utilizando enlaces internos. Esta pr\u00e1ctica permite compartir lo que se conoce en <a href=\"https:\/\/www.appyweb.es\/link-building\/\">el mundo del linkbuildind<\/a> como link juice o zumo de enlaces. Es un concepto que explica que la autoridad de una p\u00e1gina se transfiere a otra que vincula, lo que mejorar\u00e1 su posicionamiento.<\/p>\n<p>En SEO, se supone que esos v\u00ednculos se generan de forma \u00abnatural\u00bb por la calidad del contenido, pero tambi\u00e9n se pueden poner en pr\u00e1cticas <strong>formas artificiales para conseguir buenos enlaces<\/strong> y disfrutar de las ventajas del posicionamiento org\u00e1nico.<\/p>\n<h2>\u00bfPara qu\u00e9 sirve?<\/h2>\n<p>En principio, se utiliza para aumentar el tr\u00e1fico de los usuarios, por ejemplo, las visitas que se obtienen en el sitio de autoridad <strong>donde se ha vinculado tambi\u00e9n har\u00e1n clic en dicho enlace<\/strong>, de forma que se ganan m\u00e1s visitas org\u00e1nicas. Pero, su funci\u00f3n principal es generar un mayor nivel de autoridad para <a href=\"https:\/\/www.appyweb.es\/posicionamiento-web\/\">mejorar el posicionamiento web<\/a> del sitio vinculado.<\/p>\n<p>Se debe tener en cuenta que puede ser un proceso un tanto complejo, por tal motivo es recomendable que sea llevado a cabo por expertos. Por supuesto, tambi\u00e9n se pueden emplear algunas herramientas, que permitan tener en claro el proceso de los enlaces.<\/p>\n<p>Algunas de las que se pueden usar son Ahrefs o Semrush, estas maravillosas herramientas permiten verificar la autoridad de la p\u00e1gina. Este factor ser\u00e1 indispensable al momento de elegir las p\u00e1ginas donde se enlazar\u00e1n y las URL de dichos enlaces. Por supuesto, este tipo de herramientas <strong>permite evaluar si vale la pena emplear esos enlaces<\/strong>. Ya que se pueden obtener resultados positivos de ella o es mejor no hacerlo, ya que no aporta nada beneficioso.<\/p>\n<h2>\u00bfC\u00f3mo hacer linkbuilding en SEO?<\/h2>\n<p>Como se mencion\u00f3 anteriormente, puede que sea necesaria la ayuda de expertos, pero con un buen repertorio de herramientas y los conocimientos necesarios cualquiera <strong>puede tener la oportunidad de mejorar el enlazado de su sitio web<\/strong>. Estos son los pasos m\u00e1s importantes para lograrlo.<\/p>\n<h3>Estudiar el nivel de autoridad del sitio web<\/h3>\n<p>Es decir, <strong>evaluar el nivel de autoridad del sitio web de la URL a enlazar<\/strong>, de esta forma, es posible saber el nivel de autoridad actual y cu\u00e1l es el nivel al que se quiere llegar. Tambi\u00e9n puede ser prudente analizar a la competencia para saber cu\u00e1l puede ser el nivel m\u00e1s apropiado para posicionarse en los primeros lugares.<\/p>\n<h3>Evaluar la calidad de los enlaces<\/h3>\n<p>Uno de los factores m\u00e1s importantes para aumentar la autoridad es a trav\u00e9s de la calidad de los enlaces, es decir, del contenido y los aspectos SEO que contenga. En este caso, es importante hacer un contenido original, interesante y con un buen potencial para posicionar. Esto puede ser suficiente para que los sitios de autoridad de animen a vincular ese material.<\/p>\n<h3>Analizar los resultados de los v\u00ednculos<\/h3>\n<p>Por \u00faltimo, es necesario <strong>visualizar cu\u00e1l fue el aumento del nivel de la autoridad<\/strong> teniendo en cuenta tambi\u00e9n el posicionamiento que se pudo conseguir en el proceso. Si el nivel de autoridad es bajo o no contribuye al link juice es necesario eliminar dicho enlace y buscar otras opciones.<\/p>\n<p><script type=\"application\/ld+json\">{\"@context\":\"https:\/\/schema.org\",\"@type\":\"FAQPage\",\"mainEntity\":[ \n{\"@type\":\"Question\",\"name\":\"\u00bfQu\u00e9 es?\",\"acceptedAnswer\":{\"@type\":\"Answer\",\"text\":\"<\/p>\n<p>Es una estrategia que consiste en introducir enlaces en otros sitios web de autoridad, o incluso utilizando enlaces internos. Esta pr\u00e1ctica permite compartir lo que se conoce en <a href='https:\/\/www.appyweb.es\/link-building\/'>el mundo del linkbuildind<\/a> como link juice o zumo de enlaces. Es un concepto que explica que la autoridad de una p\u00e1gina se transfiere a otra que vincula, lo que mejorar\u00e1 su posicionamiento.<\/p>\n<p>En SEO, se supone que esos v\u00ednculos se generan de forma 'natural' por la calidad del contenido, pero tambi\u00e9n se pueden poner en pr\u00e1cticas <strong>formas artificiales para conseguir buenos enlaces<\/strong> y disfrutar de las ventajas del posicionamiento org\u00e1nico.<\/p>\n<p>\"}},\n{\"@type\":\"Question\",\"name\":\"\u00bfPara qu\u00e9 sirve?\",\"acceptedAnswer\":{\"@type\":\"Answer\",\"text\":\"<\/p>\n<p>En principio, se utiliza para aumentar el tr\u00e1fico de los usuarios, por ejemplo, las visitas que se obtienen en el sitio de autoridad <strong>donde se ha vinculado tambi\u00e9n har\u00e1n clic en dicho enlace<\/strong>, de forma que se ganan m\u00e1s visitas org\u00e1nicas. Pero, su funci\u00f3n principal es generar un mayor nivel de autoridad para <a href='https:\/\/www.appyweb.es\/posicionamiento-web\/'>mejorar el posicionamiento web<\/a> del sitio vinculado.<\/p>\n<p>Se debe tener en cuenta que puede ser un proceso un tanto complejo, por tal motivo es recomendable que sea llevado a cabo por expertos. Por supuesto, tambi\u00e9n se pueden emplear algunas herramientas, que permitan tener en claro el proceso de los enlaces.<\/p>\n<p>Algunas de las que se pueden usar son Ahrefs o Semrush, estas maravillosas herramientas permiten verificar la autoridad de la p\u00e1gina. Este factor ser\u00e1 indispensable al momento de elegir las p\u00e1ginas donde se enlazar\u00e1n y las URL de dichos enlaces. Por supuesto, este tipo de herramientas <strong>permite evaluar si vale la pena emplear esos enlaces<\/strong>. Ya que se pueden obtener resultados positivos de ella o es mejor no hacerlo, ya que no aporta nada beneficioso.<\/p>\n<p>\"}},\n{\"@type\":\"Question\",\"name\":\"\u00bfC\u00f3mo hacer linkbuilding en SEO?\",\"acceptedAnswer\":{\"@type\":\"Answer\",\"text\":\"<\/p>\n<p>Como se mencion\u00f3 anteriormente, puede que sea necesaria la ayuda de expertos, pero con un buen repertorio de herramientas y los conocimientos necesarios cualquiera <strong>puede tener la oportunidad de mejorar el enlazado de su sitio web<\/strong>. Estos son los pasos m\u00e1s importantes para lograrlo.<\/p>\n<\/p>\n<h3>Estudiar el nivel de autoridad del sitio web<\/h3>\n<\/p>\n<p>Es decir, <strong>evaluar el nivel de autoridad del sitio web de la URL a enlazar<\/strong>, de esta forma, es posible saber el nivel de autoridad actual y cu\u00e1l es el nivel al que se quiere llegar. Tambi\u00e9n puede ser prudente analizar a la competencia para saber cu\u00e1l puede ser el nivel m\u00e1s apropiado para posicionarse en los primeros lugares.<\/p>\n<\/p>\n<h3>Evaluar la calidad de los enlaces<\/h3>\n<\/p>\n<p>Uno de los factores m\u00e1s importantes para aumentar la autoridad es a trav\u00e9s de la calidad de los enlaces, es decir, del contenido y los aspectos SEO que contenga. En este caso, es importante hacer un contenido original, interesante y con un buen potencial para posicionar. Esto puede ser suficiente para que los sitios de autoridad de animen a vincular ese material.<\/p>\n<\/p>\n<h3>Analizar los resultados de los v\u00ednculos<\/h3>\n<\/p>\n<p>Por \u00faltimo, es necesario <strong>visualizar cu\u00e1l fue el aumento del nivel de la autoridad<\/strong> teniendo en cuenta tambi\u00e9n el posicionamiento que se pudo conseguir en el proceso. Si el nivel de autoridad es bajo o no contribuye al link juice es necesario eliminar dicho enlace y buscar otras opciones.<\/p>\n<p>\"}}\n]}<\/script><\/p>\n<h2>M\u00e1s informaci\u00f3n sobre linkbuilding en SEO<\/h2>\n<p>Esto de la construcci\u00f3n de enlaces lleva tiempo y esfuerzo, pero los resultados son una maravilla, incluso podr\u00edan posicionarte por unos cuentos a\u00f1os en el primer lugar. Si quieres saber un poco m\u00e1s al respecto, mira los siguientes enlaces.<\/p>\n<ul>\n<li><a href=\"https:\/\/www.appyweb.es\/posicionar-pagina-web-primera-posicion\/\">C\u00f3mo posicionar tu p\u00e1gina web en primera posici\u00f3n<\/a><\/li>\n<li><a href=\"https:\/\/marketing4ecommerce.net\/las-9-mejores-plataformas-de-link-building-para-mejorar-la-autoridad-de-tu-web\/\" rel=\"nofollow noopener\" target=\"_blank\">Las 9 mejores plataformas de link building para mejorar la autoridad de tu web<\/a><\/li>\n<\/ul>\n<p>&nbsp;<\/p>\n","protected":false},"excerpt":{"rendered":"<p>Es una estrategia que consiste en construir enlaces, de hecho, es la definici\u00f3n exacta en espa\u00f1ol de Link Building. Tiene un papel importante en el SEO porque permite generar condiciones para aumentar la autoridad del sitio web y escalar posiciones de forma org\u00e1nica, pero generado a partir de una pr\u00e1ctica artificial. \u00bfQu\u00e9 es? Es una [&hellip;]<\/p>\n","protected":false},"author":1,"featured_media":15641,"parent":0,"menu_order":0,"comment_status":"closed","ping_status":"closed","template":"","meta":{"inline_featured_image":false,"footnotes":""},"class_list":["post-2659","page","type-page","status-publish","has-post-thumbnail","hentry"],"_links":{"self":[{"href":"https:\/\/www.appyweb.es\/diccionario\/wp-json\/wp\/v2\/pages\/2659","targetHints":{"allow":["GET"]}}],"collection":[{"href":"https:\/\/www.appyweb.es\/diccionario\/wp-json\/wp\/v2\/pages"}],"about":[{"href":"https:\/\/www.appyweb.es\/diccionario\/wp-json\/wp\/v2\/types\/page"}],"author":[{"embeddable":true,"href":"https:\/\/www.appyweb.es\/diccionario\/wp-json\/wp\/v2\/users\/1"}],"replies":[{"embeddable":true,"href":"https:\/\/www.appyweb.es\/diccionario\/wp-json\/wp\/v2\/comments?post=2659"}],"version-history":[{"count":5,"href":"https:\/\/www.appyweb.es\/diccionario\/wp-json\/wp\/v2\/pages\/2659\/revisions"}],"predecessor-version":[{"id":15652,"href":"https:\/\/www.appyweb.es\/diccionario\/wp-json\/wp\/v2\/pages\/2659\/revisions\/15652"}],"wp:featuredmedia":[{"embeddable":true,"href":"https:\/\/www.appyweb.es\/diccionario\/wp-json\/wp\/v2\/media\/15641"}],"wp:attachment":[{"href":"https:\/\/www.appyweb.es\/diccionario\/wp-json\/wp\/v2\/media?parent=2659"}],"curies":[{"name":"wp","href":"https:\/\/api.w.org\/{rel}","templated":true}]}}