{"id":276,"date":"2023-06-19T14:26:43","date_gmt":"2023-06-19T14:26:43","guid":{"rendered":"https:\/\/www.appyweb.es\/diccionario\/?page_id=276"},"modified":"2024-03-11T19:08:48","modified_gmt":"2024-03-11T19:08:48","slug":"blog-post","status":"publish","type":"page","link":"https:\/\/www.appyweb.es\/diccionario\/blog-post\/","title":{"rendered":"Blog Post"},"content":{"rendered":"<h1 class=\"entry-title main_title\"><img loading=\"lazy\" decoding=\"async\" class=\" wp-image-10304 aligncenter\" src=\"https:\/\/www.appyweb.es\/diccionario\/wp-content\/uploads\/2023\/09\/blog-post-significado-300x300.jpg\" alt=\"\" width=\"751\" height=\"751\" srcset=\"https:\/\/www.appyweb.es\/diccionario\/wp-content\/uploads\/2023\/09\/blog-post-significado-300x300.jpg 300w, https:\/\/www.appyweb.es\/diccionario\/wp-content\/uploads\/2023\/09\/blog-post-significado-1024x1024.jpg 1024w, https:\/\/www.appyweb.es\/diccionario\/wp-content\/uploads\/2023\/09\/blog-post-significado-150x150.jpg 150w, https:\/\/www.appyweb.es\/diccionario\/wp-content\/uploads\/2023\/09\/blog-post-significado-768x768.jpg 768w, https:\/\/www.appyweb.es\/diccionario\/wp-content\/uploads\/2023\/09\/blog-post-significado.jpg 1080w\" sizes=\"auto, (max-width: 751px) 100vw, 751px\" \/><\/h1>\n<p>Un blog es una plataforma que incluye contenidos con temas en com\u00fan, entonces,\u00a0<strong>un blog post se refiere a uno de esos contenidos<\/strong>.<br \/>\nSon las publicaciones que se realizan en la plataforma con cierta periodicidad, al mismo tiempo, se ordenan de forma cronol\u00f3gica y seg\u00fan la clasificaci\u00f3n del tema.<\/p>\n<h2>\u00bfQu\u00e9 es un blog post?<\/h2>\n<p>Es el texto o la noticia que publicamos a diario o con cierta periodicidad en un <a href=\"https:\/\/www.appyweb.es\/diccionario\/blog\/\">blog<\/a>, suele tener algo en com\u00fan con el tema principal de \u00e9ste, o bien, <strong>forma parte de una categor\u00eda dentro de la plataforma<\/strong>.<br \/>\nContienen un t\u00edtulo, cuerpo, fotograf\u00edas y cualquier otro elemento que permita hacer de la publicaci\u00f3n algo m\u00e1s din\u00e1mico.<\/p>\n<h2>\u00bfBlog Post Origen?<\/h2>\n<p>La palabra <em>post<\/em> viene del ingl\u00e9s, significa \u201centrada\u201d y es asociado con sitios web para describir un art\u00edculo, mensaje o publicaci\u00f3n.<br \/>\nSu utilizaci\u00f3n <strong>en el mundo digital tuvo un traspaso desde los medios tradicionales<\/strong>, como los peri\u00f3dicos.<br \/>\nMuchos medios reconocidos a nivel mundial incluyen este t\u00e9rmino en sus nombres, como The Washington Post.<\/p>\n<p>El t\u00e9rmino fue popularizado hasta en medios hispanos, que fue adquirido como sin\u00f3nimo de \u201cpublicaci\u00f3n\u201d.<br \/>\nDe esta forma, cada vez que alguien indica que va a \u201chacer un post\u201d o \u201cpostear\u201d se refiere a que realizar\u00e1 una <a href=\"https:\/\/diseno20.appyweb.es\/social-media-manager\/\" rel=\"nofollow noopener\" target=\"_blank\">publicaci\u00f3n o nueva entrada en una plataforma digital<\/a>.<\/p>\n<h2>\u00bfPara qu\u00e9 sirve blog post?<\/h2>\n<p>Sirven para que los usuarios o seguidores del portal tengan informaci\u00f3n sobre el t\u00f3pico que les interesa y que por supuesto est\u00e1 en la l\u00ednea de la plataforma.<br \/>\nPor otro lado, las empresas lo usan para <strong>ofrecer temas relacionados con su nicho de mercado<\/strong>, para resolver dudas, hacer recomendaciones o informar noticias sobre la empresa.<\/p>\n<p>Asimismo, una buena entrada debe seguir los lineamientos de posicionamiento web o SEO para lograr <a href=\"https:\/\/www.appyweb.es\/diccionario\/marketing-de-atraccion\/\">atraer m\u00e1s tr\u00e1fico desde buscadores<\/a>.<br \/>\nLas publicaciones deben contener un t\u00edtulo atractivo, una buena estrategia de palabras clave, im\u00e1genes, entre otros elementos.<\/p>\n<h2>Ejemplo Blog Post<\/h2>\n<p>Solo basta con ingresar a cualquier plataforma online para visualizar un post, al ingresar en un portal de noticias se pueden acceder a distintas publicaciones.<br \/>\nComo se indic\u00f3 anteriormente, \u00e9stos pueden dividirse en varias categor\u00edas, como noticias, pol\u00edtica, comunidad, deportes, etc.<\/p>\n<p><img loading=\"lazy\" decoding=\"async\" class=\"alignnone size-medium wp-image-10885\" src=\"https:\/\/www.appyweb.es\/diccionario\/wp-content\/uploads\/2023\/09\/blog-post-ejemplo-300x117.png\" alt=\"\" width=\"300\" height=\"117\" srcset=\"https:\/\/www.appyweb.es\/diccionario\/wp-content\/uploads\/2023\/09\/blog-post-ejemplo-300x117.png 300w, https:\/\/www.appyweb.es\/diccionario\/wp-content\/uploads\/2023\/09\/blog-post-ejemplo-1024x401.png 1024w, https:\/\/www.appyweb.es\/diccionario\/wp-content\/uploads\/2023\/09\/blog-post-ejemplo-768x301.png 768w, https:\/\/www.appyweb.es\/diccionario\/wp-content\/uploads\/2023\/09\/blog-post-ejemplo-1536x601.png 1536w, https:\/\/www.appyweb.es\/diccionario\/wp-content\/uploads\/2023\/09\/blog-post-ejemplo.png 1890w\" sizes=\"auto, (max-width: 300px) 100vw, 300px\" \/><\/p>\n<p><script type=\"application\/ld+json\">{\"@context\":\"https:\/\/schema.org\",\"@type\":\"FAQPage\",\"mainEntity\":[ \n{\"@type\":\"Question\",\"name\":\"\u00bfQu\u00e9 es un blog post?\",\"acceptedAnswer\":{\"@type\":\"Answer\",\"text\":\"<\/p>\n<\/p>\n<\/p>\n<p>Es el texto o la noticia que publicamos a diario o con cierta periodicidad en un <a href='https:\/\/www.appyweb.es\/diccionario\/blog\/'>blog<\/a>, suele tener algo en com\u00fan con el tema principal de \u00e9ste, o bien, <strong>forma parte de una categor\u00eda dentro de la plataforma<\/strong>. <br \/>Contienen un t\u00edtulo, cuerpo, fotograf\u00edas y cualquier otro elemento que permita hacer de la publicaci\u00f3n algo m\u00e1s din\u00e1mico.<\/p>\n<\/p>\n<\/p>\n<p>\"}},\n{\"@type\":\"Question\",\"name\":\"\u00bfBlog Post Origen?\",\"acceptedAnswer\":{\"@type\":\"Answer\",\"text\":\"<\/p>\n<\/p>\n<\/p>\n<p>La palabra <em>post<\/em> viene del ingl\u00e9s, significa \u201centrada\u201d y es asociado con sitios web para describir un art\u00edculo, mensaje o publicaci\u00f3n.<br \/>Su utilizaci\u00f3n <strong>en el mundo digital tuvo un traspaso desde los medios tradicionales<\/strong>, como los peri\u00f3dicos. <br \/>Muchos medios reconocidos a nivel mundial incluyen este t\u00e9rmino en sus nombres, como The Washington Post.<\/p>\n<\/p>\n<\/p>\n<\/p>\n<\/p>\n<p>El t\u00e9rmino fue popularizado hasta en medios hispanos, que fue adquirido como sin\u00f3nimo de \u201cpublicaci\u00f3n\u201d. <br \/>De esta forma, cada vez que alguien indica que va a \u201chacer un post\u201d o \u201cpostear\u201d se refiere a que realizar\u00e1 una <a href='https:\/\/diseno20.appyweb.es\/social-media-manager\/'>publicaci\u00f3n o nueva entrada en una plataforma digital<\/a>.<\/p>\n<\/p>\n<\/p>\n<p>\"}},\n{\"@type\":\"Question\",\"name\":\"\u00bfPara qu\u00e9 sirve blog post?\",\"acceptedAnswer\":{\"@type\":\"Answer\",\"text\":\"<\/p>\n<\/p>\n<\/p>\n<p>Sirven para que los usuarios o seguidores del portal tengan informaci\u00f3n sobre el t\u00f3pico que les interesa y que por supuesto est\u00e1 en la l\u00ednea de la plataforma. <br \/>Por otro lado, las empresas lo usan para <strong>ofrecer temas relacionados con su nicho de mercado<\/strong>, para resolver dudas, hacer recomendaciones o informar noticias sobre la empresa.<\/p>\n<\/p>\n<\/p>\n<\/p>\n<\/p>\n<p>Asimismo, una buena entrada debe seguir los lineamientos de posicionamiento web o SEO para lograr <a href='https:\/\/www.appyweb.es\/diccionario\/marketing-de-atraccion\/'>atraer m\u00e1s tr\u00e1fico desde buscadores<\/a>. <br \/>Las publicaciones deben contener un t\u00edtulo atractivo, una buena estrategia de palabras clave, im\u00e1genes, entre otros elementos.<\/p>\n<\/p>\n<\/p>\n<p>\"}},\n{\"@type\":\"Question\",\"name\":\"Ejemplo Blog Post\",\"acceptedAnswer\":{\"@type\":\"Answer\",\"text\":\"<\/p>\n<\/p>\n<\/p>\n<p>Solo basta con ingresar a cualquier plataforma online para visualizar un post, al ingresar en un portal de noticias se pueden acceder a distintas publicaciones. Como se indic\u00f3 anteriormente, \u00e9stos pueden dividirse en varias categor\u00edas, como noticias, pol\u00edtica, comunidad, deportes, etc.<\/p>\n<\/p>\n<\/p>\n<p>\"}}\n]}<\/script><\/p>\n<h2><span id=\"%F0%9F%93%8C_Mas_informacion_sobre_blog_post\" class=\"ez-toc-section\"><\/span>M\u00e1s informaci\u00f3n sobre blog post<\/h2>\n<ul>\n<li><a href=\"https:\/\/www.appyweb.es\/diccionario\/post-patrocinado\/\">\u00bfQu\u00e9 es el Post patrocinado y para qu\u00e9 sirve?<\/a><\/li>\n<li><a href=\"https:\/\/blog.hubspot.com\/marketing\/how-to-start-a-blog\" rel=\"nofollow noopener\" target=\"_blank\">C\u00f3mo escribir un blog post, gu\u00eda paso a paso<\/a>.<\/li>\n<\/ul>\n<p>&nbsp;<\/p>\n","protected":false},"excerpt":{"rendered":"<p>Un blog es una plataforma que incluye contenidos con temas en com\u00fan, entonces,\u00a0un blog post se refiere a uno de esos contenidos. Son las publicaciones que se realizan en la plataforma con cierta periodicidad, al mismo tiempo, se ordenan de forma cronol\u00f3gica y seg\u00fan la clasificaci\u00f3n del tema. \u00bfQu\u00e9 es un blog post? Es el [&hellip;]<\/p>\n","protected":false},"author":1,"featured_media":10304,"parent":0,"menu_order":0,"comment_status":"closed","ping_status":"closed","template":"","meta":{"inline_featured_image":false,"footnotes":""},"class_list":["post-276","page","type-page","status-publish","has-post-thumbnail","hentry"],"_links":{"self":[{"href":"https:\/\/www.appyweb.es\/diccionario\/wp-json\/wp\/v2\/pages\/276","targetHints":{"allow":["GET"]}}],"collection":[{"href":"https:\/\/www.appyweb.es\/diccionario\/wp-json\/wp\/v2\/pages"}],"about":[{"href":"https:\/\/www.appyweb.es\/diccionario\/wp-json\/wp\/v2\/types\/page"}],"author":[{"embeddable":true,"href":"https:\/\/www.appyweb.es\/diccionario\/wp-json\/wp\/v2\/users\/1"}],"replies":[{"embeddable":true,"href":"https:\/\/www.appyweb.es\/diccionario\/wp-json\/wp\/v2\/comments?post=276"}],"version-history":[{"count":9,"href":"https:\/\/www.appyweb.es\/diccionario\/wp-json\/wp\/v2\/pages\/276\/revisions"}],"predecessor-version":[{"id":11365,"href":"https:\/\/www.appyweb.es\/diccionario\/wp-json\/wp\/v2\/pages\/276\/revisions\/11365"}],"wp:featuredmedia":[{"embeddable":true,"href":"https:\/\/www.appyweb.es\/diccionario\/wp-json\/wp\/v2\/media\/10304"}],"wp:attachment":[{"href":"https:\/\/www.appyweb.es\/diccionario\/wp-json\/wp\/v2\/media?parent=276"}],"curies":[{"name":"wp","href":"https:\/\/api.w.org\/{rel}","templated":true}]}}