{"id":279,"date":"2023-06-19T14:27:57","date_gmt":"2023-06-19T14:27:57","guid":{"rendered":"https:\/\/www.appyweb.es\/diccionario\/?page_id=279"},"modified":"2024-03-11T21:01:55","modified_gmt":"2024-03-11T21:01:55","slug":"blog-spam","status":"publish","type":"page","link":"https:\/\/www.appyweb.es\/diccionario\/blog-spam\/","title":{"rendered":"Blog spam"},"content":{"rendered":"<h1 class=\"entry-title main_title\"><img loading=\"lazy\" decoding=\"async\" class=\" wp-image-10308 aligncenter\" src=\"https:\/\/www.appyweb.es\/diccionario\/wp-content\/uploads\/2023\/09\/blog-spam-significado-300x200.jpg\" alt=\"\" width=\"895\" height=\"597\" srcset=\"https:\/\/www.appyweb.es\/diccionario\/wp-content\/uploads\/2023\/09\/blog-spam-significado-300x200.jpg 300w, https:\/\/www.appyweb.es\/diccionario\/wp-content\/uploads\/2023\/09\/blog-spam-significado-1024x683.jpg 1024w, https:\/\/www.appyweb.es\/diccionario\/wp-content\/uploads\/2023\/09\/blog-spam-significado-768x512.jpg 768w, https:\/\/www.appyweb.es\/diccionario\/wp-content\/uploads\/2023\/09\/blog-spam-significado.jpg 1080w\" sizes=\"auto, (max-width: 895px) 100vw, 895px\" \/><\/h1>\n<p>El correo basura es un concepto frecuente que hace referencia a los\u00a0<strong>contenidos que son enviados a cuentas personales sin autorizaciones.<\/strong><br \/>\nPero cu\u00e1ndo se trata de sitios web, es m\u00e1s apropiado utilizar el t\u00e9rmino\u00a0<em>blog spam<\/em>, que es una t\u00e9cnica invasiva de publicidad dentro de esas plataformas.<\/p>\n<h2>\u00bfQu\u00e9 es un blog spam?<\/h2>\n<p>Es un portal digital donde se inserta informaci\u00f3n deliberadamente <strong>para promover otras p\u00e1ginas online<\/strong>, ya sea por dinero o por alianzas estrat\u00e9gicas.<br \/>\nLa mayor\u00eda de las veces, estos enlaces no cumplen con las debidas <a href=\"https:\/\/diseno20.appyweb.es\/link-building\/\" rel=\"nofollow noopener\" target=\"_blank\">t\u00e9cnicas de optimizaci\u00f3n de link building<\/a>, por lo que terminan siendo invasivos, promocionando informaci\u00f3n que muchas veces no tiene nada que ver con la plataforma de origen.<\/p>\n<h2>\u00bfOrigen del blog spam?<\/h2>\n<p>Comenzaron a proliferar, como era l\u00f3gico, <strong>porque los blogs son un reservorio de clientes potenciales<\/strong>.<br \/>\nAnteriormente, esta t\u00e9cnica de promoci\u00f3n no era penalizada por los buscadores, al igual que otras estrategias invasivas como el keyword stuffing.<\/p>\n<p>De esta forma, ambas partes pod\u00edan obtener un beneficio econ\u00f3mico con los anuncios, as\u00ed que implement\u00f3 sin medidas hasta el punto en que los consumidores evitaban al m\u00e1ximo esas plataformas.<\/p>\n<p>Una vez que Google y otros algoritmos realizaron sus <a href=\"https:\/\/diseno20.appyweb.es\/optimizacion-velocidad-web\/\" rel=\"nofollow noopener\" target=\"_blank\">actualizaciones para el posicionamiento web<\/a>, el uso de esta pr\u00e1ctica empez\u00f3 a disminuir.<br \/>\nAunque se mantienen en cierta medida, pese a la penalizaci\u00f3n que ello acarrea, pero con algunas t\u00e9cnicas de <a href=\"https:\/\/www.appyweb.es\/diccionario\/Black%20Hat%20SEO\/\">Black Hat SEO<\/a> puede ser interesante para promocionar.<\/p>\n<h2>\u00bfPara qu\u00e9 sirve blog spam?<\/h2>\n<p>Los <strong>blogs spam sirven para hacer promoci\u00f3n de otras p\u00e1ginas<\/strong>, con la finalidad de obtener beneficios econ\u00f3micos en detrimento de sus lectores.<\/p>\n<p>Normalmente, esos sitios web cuentan con una buena reputaci\u00f3n en el mercado, de forma que pueden ofrecer mejores alternativas publicitarias por su alta tasa de tr\u00e1fico en Internet.<br \/>\nDe esta forma, <strong>incluyen espacios publicitarios sin optimizar para ganar un poco de dinero<\/strong>. Las plataformas que m\u00e1s se dedican a esta pr\u00e1ctica son los medios de comunicaci\u00f3n digitales.<\/p>\n<h2>Ejemplo Blog spam<\/h2>\n<p>Existen muchos m\u00e9todos de hacer blog spam, el primero es incluir enlaces dentro del dise\u00f1o de la plataforma, mayormente a trav\u00e9s de banners o anuncios gr\u00e1ficos. Otro m\u00e9todo a\u00fan m\u00e1s utilizado son los enlaces en el texto, suelen hacerse pasar por enlaces \u201cnaturales\u201d que incluso van al ritmo de la lectura, pretenden camuflarse con un link para que el usuario ampl\u00ede la informaci\u00f3n, pero en realidad es un anuncio.<\/p>\n<p>Otra forma popular, que suele ser a\u00fan m\u00e1s perjudicial porque incluso <strong>el blogger propietario puede no estar recibiendo compensaci\u00f3n<\/strong>, es introducir el anuncio o enlace en los comentarios de los post.<\/p>\n<p><script type=\"application\/ld+json\">{\"@context\":\"https:\/\/schema.org\",\"@type\":\"FAQPage\",\"mainEntity\":[ \n{\"@type\":\"Question\",\"name\":\"\u00bfQu\u00e9 es un blog spam?\",\"acceptedAnswer\":{\"@type\":\"Answer\",\"text\":\"<\/p>\n<\/p>\n<\/p>\n<\/p>\n<\/p>\n<p>Es un portal digital donde se inserta informaci\u00f3n deliberadamente <strong>para promover otras p\u00e1ginas online<\/strong>, ya sea por dinero o por alianzas estrat\u00e9gicas. <br \/>La mayor\u00eda de las veces, estos enlaces no cumplen con las debidas <a href='https:\/\/diseno20.appyweb.es\/link-building\/'>t\u00e9cnicas de optimizaci\u00f3n de link building<\/a>, por lo que terminan siendo invasivos, promocionando informaci\u00f3n que muchas veces no tiene nada que ver con la plataforma de origen.<\/p>\n<\/p>\n<\/p>\n<\/p>\n<\/p>\n<p>\"}},\n{\"@type\":\"Question\",\"name\":\"\u00bfOrigen del blog spam?\",\"acceptedAnswer\":{\"@type\":\"Answer\",\"text\":\"<\/p>\n<\/p>\n<\/p>\n<\/p>\n<\/p>\n<p>Comenzaron a proliferar, como era l\u00f3gico, <strong>porque los blogs son un reservorio de clientes potenciales<\/strong>. <br \/>Anteriormente, esta t\u00e9cnica de promoci\u00f3n no era penalizada por los buscadores, al igual que otras estrategias invasivas como el keyword stuffing.<\/p>\n<\/p>\n<\/p>\n<\/p>\n<\/p>\n<\/p>\n<\/p>\n<\/p>\n<\/p>\n<p>De esta forma, ambas partes pod\u00edan obtener un beneficio econ\u00f3mico con los anuncios, as\u00ed que implement\u00f3 sin medidas hasta el punto en que los consumidores evitaban al m\u00e1ximo esas plataformas.<\/p>\n<\/p>\n<\/p>\n<\/p>\n<\/p>\n<\/p>\n<\/p>\n<\/p>\n<\/p>\n<p>Una vez que Google y otros algoritmos realizaron sus <a href='https:\/\/diseno20.appyweb.es\/optimizacion-velocidad-web\/'>actualizaciones para el posicionamiento web<\/a>, el uso de esta pr\u00e1ctica empez\u00f3 a disminuir. <br \/>Aunque se mantienen en cierta medida, pese a la penalizaci\u00f3n que ello acarrea, pero con algunas t\u00e9cnicas de <a href='https:\/\/www.appyweb.es\/diccionario\/Black%20Hat%20SEO\/'>Black Hat SEO<\/a> puede ser interesante para promocionar.<\/p>\n<\/p>\n<\/p>\n<\/p>\n<\/p>\n<p>\"}},\n{\"@type\":\"Question\",\"name\":\"\u00bfPara qu\u00e9 sirve blog spam?\",\"acceptedAnswer\":{\"@type\":\"Answer\",\"text\":\"<\/p>\n<\/p>\n<\/p>\n<\/p>\n<\/p>\n<p>Los <strong>blogs spam sirven para hacer promoci\u00f3n de otras p\u00e1ginas<\/strong>, con la finalidad de obtener beneficios econ\u00f3micos en detrimento de sus lectores.<\/p>\n<\/p>\n<\/p>\n<\/p>\n<\/p>\n<\/p>\n<\/p>\n<\/p>\n<\/p>\n<p>Normalmente, esos sitios web cuentan con una buena reputaci\u00f3n en el mercado, de forma que pueden ofrecer mejores alternativas publicitarias por su alta tasa de tr\u00e1fico en Internet. <br \/>De esta forma, <strong>incluyen espacios publicitarios sin optimizar para ganar un poco de dinero<\/strong>. Las plataformas que m\u00e1s se dedican a esta pr\u00e1ctica son los medios de comunicaci\u00f3n digitales.<\/p>\n<\/p>\n<\/p>\n<\/p>\n<\/p>\n<p>\"}},\n{\"@type\":\"Question\",\"name\":\"Ejemplo Blog spam\",\"acceptedAnswer\":{\"@type\":\"Answer\",\"text\":\"<\/p>\n<\/p>\n<\/p>\n<\/p>\n<\/p>\n<p>Existen muchos m\u00e9todos de hacer blog spam, el primero es incluir enlaces dentro del dise\u00f1o de la plataforma, mayormente a trav\u00e9s de banners o anuncios gr\u00e1ficos. Otro m\u00e9todo a\u00fan m\u00e1s utilizado son los enlaces en el texto, suelen hacerse pasar por enlaces \u201cnaturales\u201d que incluso van al ritmo de la lectura, pretenden camuflarse con un link para que el usuario ampl\u00ede la informaci\u00f3n, pero en realidad es un anuncio.<\/p>\n<\/p>\n<\/p>\n<\/p>\n<\/p>\n<\/p>\n<\/p>\n<\/p>\n<\/p>\n<p>Otra forma popular, que suele ser a\u00fan m\u00e1s perjudicial porque incluso <strong>el blogger propietario puede no estar recibiendo compensaci\u00f3n<\/strong>, es introducir el anuncio o enlace en los comentarios de los post.<\/p>\n<\/p>\n<\/p>\n<\/p>\n<\/p>\n<p>\"}}\n]}<\/script><\/p>\n<h2><span id=\"%F0%9F%93%8C_Mas_informacion_de_blog_spam\" class=\"ez-toc-section\"><\/span>M\u00e1s informaci\u00f3n de blog spam<\/h2>\n<ul>\n<li><a href=\"https:\/\/es.wikipedia.org\/wiki\/Spam#Spam_en_publicaciones\" rel=\"nofollow noopener\" target=\"_blank\">Spam en publicaciones<\/a>.<\/li>\n<\/ul>\n<p>&nbsp;<\/p>\n","protected":false},"excerpt":{"rendered":"<p>El correo basura es un concepto frecuente que hace referencia a los\u00a0contenidos que son enviados a cuentas personales sin autorizaciones. Pero cu\u00e1ndo se trata de sitios web, es m\u00e1s apropiado utilizar el t\u00e9rmino\u00a0blog spam, que es una t\u00e9cnica invasiva de publicidad dentro de esas plataformas. \u00bfQu\u00e9 es un blog spam? Es un portal digital donde [&hellip;]<\/p>\n","protected":false},"author":1,"featured_media":10308,"parent":0,"menu_order":0,"comment_status":"closed","ping_status":"closed","template":"","meta":{"inline_featured_image":false,"footnotes":""},"class_list":["post-279","page","type-page","status-publish","has-post-thumbnail","hentry"],"_links":{"self":[{"href":"https:\/\/www.appyweb.es\/diccionario\/wp-json\/wp\/v2\/pages\/279","targetHints":{"allow":["GET"]}}],"collection":[{"href":"https:\/\/www.appyweb.es\/diccionario\/wp-json\/wp\/v2\/pages"}],"about":[{"href":"https:\/\/www.appyweb.es\/diccionario\/wp-json\/wp\/v2\/types\/page"}],"author":[{"embeddable":true,"href":"https:\/\/www.appyweb.es\/diccionario\/wp-json\/wp\/v2\/users\/1"}],"replies":[{"embeddable":true,"href":"https:\/\/www.appyweb.es\/diccionario\/wp-json\/wp\/v2\/comments?post=279"}],"version-history":[{"count":9,"href":"https:\/\/www.appyweb.es\/diccionario\/wp-json\/wp\/v2\/pages\/279\/revisions"}],"predecessor-version":[{"id":11368,"href":"https:\/\/www.appyweb.es\/diccionario\/wp-json\/wp\/v2\/pages\/279\/revisions\/11368"}],"wp:featuredmedia":[{"embeddable":true,"href":"https:\/\/www.appyweb.es\/diccionario\/wp-json\/wp\/v2\/media\/10308"}],"wp:attachment":[{"href":"https:\/\/www.appyweb.es\/diccionario\/wp-json\/wp\/v2\/media?parent=279"}],"curies":[{"name":"wp","href":"https:\/\/api.w.org\/{rel}","templated":true}]}}