{"id":2865,"date":"2023-06-22T11:19:12","date_gmt":"2023-06-22T11:19:12","guid":{"rendered":"https:\/\/www.appyweb.es\/diccionario\/?page_id=2865"},"modified":"2024-04-29T07:31:52","modified_gmt":"2024-04-29T07:31:52","slug":"marketing-3-0","status":"publish","type":"page","link":"https:\/\/www.appyweb.es\/diccionario\/marketing-3-0\/","title":{"rendered":"Marketing 3.0"},"content":{"rendered":"<figure id=\"attachment_15865\" aria-describedby=\"caption-attachment-15865\" style=\"width: 1000px\" class=\"wp-caption alignnone\"><img loading=\"lazy\" decoding=\"async\" class=\"size-full wp-image-15865\" src=\"https:\/\/www.appyweb.es\/diccionario\/wp-content\/uploads\/2024\/04\/Marketing3.0.jpg\" alt=\"Marketing 3.0\" width=\"1000\" height=\"600\" srcset=\"https:\/\/www.appyweb.es\/diccionario\/wp-content\/uploads\/2024\/04\/Marketing3.0.jpg 1000w, https:\/\/www.appyweb.es\/diccionario\/wp-content\/uploads\/2024\/04\/Marketing3.0-300x180.jpg 300w, https:\/\/www.appyweb.es\/diccionario\/wp-content\/uploads\/2024\/04\/Marketing3.0-768x461.jpg 768w\" sizes=\"auto, (max-width: 1000px) 100vw, 1000px\" \/><figcaption id=\"caption-attachment-15865\" class=\"wp-caption-text\">Chico con un megafono alado de un movil con un iman y una red social.<\/figcaption><\/figure>\n<p>Es una filosof\u00eda que se basa en las necesidades emocionales y en la construcci\u00f3n de una relaci\u00f3n m\u00e1s profunda con el cliente. En el <strong>marketing 3.0 el objetivo va m\u00e1s all\u00e1 que solo cubrir sus necesidades<\/strong> o darle respuestas personalizadas, se trata de crear un v\u00ednculo espiritual.<\/p>\n<h2>\u00bfQu\u00e9 es?<\/h2>\n<p>Las empresas han entendido que sus consumidores son personas que <strong>tienen necesidades m\u00e1s complejas que solo adquirir un producto<\/strong>, que forman parte de una sociedad y un sistema dentro de un mundo en el que todos habitan. En este sentido, el marketing 3.0 hace saber al cliente que sus necesidades emocionales y colectivas deben ser satisfechas, no s\u00f3lo a trav\u00e9s de un producto.<\/p>\n<p>De esta forma, estrategias como el neuromarketing o el social marketing empiezan a tener cada vez m\u00e1s relevancia, se centra en lograr que la marca empiece a formar parte del c\u00edrculo de afecto del cliente. Por esto, no se centran en las ventas, sino en la fidelizaci\u00f3n, algunas <a href=\"https:\/\/www.appyweb.es\/embudo-ventas-e-commerce\/\">estrategias como el embudo de ventas<\/a> contienen una etapa que se vuelcan a esta premisa.<\/p>\n<h2>\u00bfC\u00f3mo funciona el marketing 3.0?<\/h2>\n<p>Usan los medios tradicionales y digitales, no s\u00f3lo para hacer promoci\u00f3n y tener contacto con los consumidores, sino para <strong>reflejar la responsabilidad social de la empresa hacia otros<\/strong>.<\/p>\n<p>Sus valores, visi\u00f3n y misi\u00f3n, as\u00ed como sus planes se centran en fortalecer las causas que se abogan hacia problemas que realmente afectan a las sociedades, sin distinguir entre sistemas de creencias o ideolog\u00edas. En este sentido, tanto los procesos internos de las empresas como las campa\u00f1as de publicidad se enfocan en ser amigables con el ambiente o destinar un porcentaje de sus ingresos a razones que beneficien comunidades.<\/p>\n<h2>Ventajas del marketing 3.0<\/h2>\n<p>Esta filosof\u00eda surgi\u00f3 de <strong>las nuevas tendencias del comportamiento del ser humano<\/strong>, que van m\u00e1s all\u00e1 del consumo y de su entorno personal o familiar. Consiste en hacer que las estrategias no solo est\u00e9n <a href=\"https:\/\/www.appyweb.es\/conversion-web\/\">enfocadas a una conversi\u00f3n web<\/a>, sino tambi\u00e9n a la responsabilidad con los usuarios. Otras de sus ventajas son las siguientes.<\/p>\n<ul>\n<li>Vende experiencias y satisfacci\u00f3n al tener una raz\u00f3n por el bien com\u00fan de los clientes.<\/li>\n<li>Se enfoca en <strong>que sus trabajadores est\u00e9n satisfechos en lo personal y profesional<\/strong>.<\/li>\n<li>Garantiza la incorporaci\u00f3n de un sistema comercial m\u00e1s consiente y colaborativo.<\/li>\n<li>Se enfoca en los nuevos consumidores, esos que tienen nuevas necesidades, m\u00e1s all\u00e1 del consumo en s\u00ed.<\/li>\n<\/ul>\n<h2>Pilares del marketing 3.0<\/h2>\n<p>Estos son algunos de ellos:<\/p>\n<ul>\n<li>Amar a sus clientes y tener respeto al mercado (evitar la competencia da\u00f1ina)<\/li>\n<li>Ofrecer productos y servicios de calidad a precios accesibles.<\/li>\n<li>Tener una identidad clara como empresa.<\/li>\n<li>Ser precavidos ante los futuros cambios.<\/li>\n<\/ul>\n<p><script type=\"application\/ld+json\">{\"@context\":\"https:\/\/schema.org\",\"@type\":\"FAQPage\",\"mainEntity\":[ \n{\"@type\":\"Question\",\"name\":\"\u00bfQu\u00e9 es?\",\"acceptedAnswer\":{\"@type\":\"Answer\",\"text\":\"<\/p>\n<p>Las empresas han entendido que sus consumidores son personas que <strong>tienen necesidades m\u00e1s complejas que solo adquirir un producto<\/strong>, que forman parte de una sociedad y un sistema dentro de un mundo en el que todos habitan. En este sentido, el marketing 3.0 hace saber al cliente que sus necesidades emocionales y colectivas deben ser satisfechas, no s\u00f3lo a trav\u00e9s de un producto.<\/p>\n<p>De esta forma, estrategias como el neuromarketing o el social marketing empiezan a tener cada vez m\u00e1s relevancia, se centra en lograr que la marca empiece a formar parte del c\u00edrculo de afecto del cliente. Por esto, no se centran en las ventas, sino en la fidelizaci\u00f3n, algunas <a href='https:\/\/www.appyweb.es\/embudo-ventas-e-commerce\/'>estrategias como el embudo de ventas<\/a> contienen una etapa que se vuelcan a esta premisa.<\/p>\n<p>\"}},\n{\"@type\":\"Question\",\"name\":\"\u00bfC\u00f3mo funciona el marketing 3.0?\",\"acceptedAnswer\":{\"@type\":\"Answer\",\"text\":\"<\/p>\n<p>Usan los medios tradicionales y digitales, no s\u00f3lo para hacer promoci\u00f3n y tener contacto con los consumidores, sino para <strong>reflejar la responsabilidad social de la empresa hacia otros<\/strong>.<\/p>\n<p>Sus valores, visi\u00f3n y misi\u00f3n, as\u00ed como sus planes se centran en fortalecer las causas que se abogan hacia problemas que realmente afectan a las sociedades, sin distinguir entre sistemas de creencias o ideolog\u00edas. En este sentido, tanto los procesos internos de las empresas como las campa\u00f1as de publicidad se enfocan en ser amigables con el ambiente o destinar un porcentaje de sus ingresos a razones que beneficien comunidades.<\/p>\n<p>\"}},\n{\"@type\":\"Question\",\"name\":\"Ventajas del marketing 3.0\",\"acceptedAnswer\":{\"@type\":\"Answer\",\"text\":\"<\/p>\n<p>Esta filosof\u00eda surgi\u00f3 de <strong>las nuevas tendencias del comportamiento del ser humano<\/strong>, que van m\u00e1s all\u00e1 del consumo y de su entorno personal o familiar. Consiste en hacer que las estrategias no solo est\u00e9n <a href='https:\/\/www.appyweb.es\/conversion-web\/'>enfocadas a una conversi\u00f3n web<\/a>, sino tambi\u00e9n a la responsabilidad con los usuarios. Otras de sus ventajas son las siguientes.<\/p>\n<\/p>\n<\/p>\n<ul>\n<\/p>\n<\/p>\n<li>Vende experiencias y satisfacci\u00f3n al tener una raz\u00f3n por el bien com\u00fan de los clientes.<\/li>\n<\/p>\n<\/p>\n<\/p>\n<li>Se enfoca en <strong>que sus trabajadores est\u00e9n satisfechos en lo personal y profesional<\/strong>.<\/li>\n<\/p>\n<\/p>\n<\/p>\n<li>Garantiza la incorporaci\u00f3n de un sistema comercial m\u00e1s consiente y colaborativo.<\/li>\n<\/p>\n<\/p>\n<\/p>\n<li>Se enfoca en los nuevos consumidores, esos que tienen nuevas necesidades, m\u00e1s all\u00e1 del consumo en s\u00ed.<\/li>\n<\/p>\n<\/ul>\n<\/p>\n<p>\"}},\n{\"@type\":\"Question\",\"name\":\"Pilares del marketing 3.0\",\"acceptedAnswer\":{\"@type\":\"Answer\",\"text\":\"<\/p>\n<p>Estos son algunos de ellos:<\/p>\n<\/p>\n<\/p>\n<ul>\n<\/p>\n<\/p>\n<li>Amar a sus clientes y tener respeto al mercado (evitar la competencia da\u00f1ina)<\/li>\n<\/p>\n<\/p>\n<\/p>\n<li>Ofrecer productos y servicios de calidad a precios accesibles.<\/li>\n<\/p>\n<\/p>\n<\/p>\n<li>Tener una identidad clara como empresa.<\/li>\n<\/p>\n<\/p>\n<\/p>\n<li>Ser precavidos ante los futuros cambios.<\/li>\n<\/p>\n<\/ul>\n<\/p>\n<p>\"}}\n]}<\/script><\/p>\n<h2>M\u00e1s informaci\u00f3n sobre Marketing 3.0<\/h2>\n<p>Puede ser un poco dif\u00edcil cambiar toda una filosof\u00eda de empresa a una enfocada a este concepto, pero, es el futuro del comercio. Si quieres un poco m\u00e1s sobre esto mira estos enlaces.<\/p>\n<ul>\n<li><a href=\"https:\/\/www.appyweb.es\/9-claves-neuromarketing-seo-conversion\/\">9 claves infalibles del neuromarketing aplicados al SEO<\/a><\/li>\n<li><a href=\"https:\/\/www.marketingdirecto.com\/punto-de-vista\/la-columna\/marketing-3-0-en-5-pasos\" rel=\"nofollow noopener\" target=\"_blank\">Marketing 3.0 en 5 pasos<\/a><\/li>\n<\/ul>\n<p>&nbsp;<\/p>\n","protected":false},"excerpt":{"rendered":"<p>Es una filosof\u00eda que se basa en las necesidades emocionales y en la construcci\u00f3n de una relaci\u00f3n m\u00e1s profunda con el cliente. En el marketing 3.0 el objetivo va m\u00e1s all\u00e1 que solo cubrir sus necesidades o darle respuestas personalizadas, se trata de crear un v\u00ednculo espiritual. \u00bfQu\u00e9 es? Las empresas han entendido que sus [&hellip;]<\/p>\n","protected":false},"author":1,"featured_media":15865,"parent":0,"menu_order":0,"comment_status":"closed","ping_status":"closed","template":"","meta":{"inline_featured_image":false,"footnotes":""},"class_list":["post-2865","page","type-page","status-publish","has-post-thumbnail","hentry"],"_links":{"self":[{"href":"https:\/\/www.appyweb.es\/diccionario\/wp-json\/wp\/v2\/pages\/2865","targetHints":{"allow":["GET"]}}],"collection":[{"href":"https:\/\/www.appyweb.es\/diccionario\/wp-json\/wp\/v2\/pages"}],"about":[{"href":"https:\/\/www.appyweb.es\/diccionario\/wp-json\/wp\/v2\/types\/page"}],"author":[{"embeddable":true,"href":"https:\/\/www.appyweb.es\/diccionario\/wp-json\/wp\/v2\/users\/1"}],"replies":[{"embeddable":true,"href":"https:\/\/www.appyweb.es\/diccionario\/wp-json\/wp\/v2\/comments?post=2865"}],"version-history":[{"count":6,"href":"https:\/\/www.appyweb.es\/diccionario\/wp-json\/wp\/v2\/pages\/2865\/revisions"}],"predecessor-version":[{"id":15868,"href":"https:\/\/www.appyweb.es\/diccionario\/wp-json\/wp\/v2\/pages\/2865\/revisions\/15868"}],"wp:featuredmedia":[{"embeddable":true,"href":"https:\/\/www.appyweb.es\/diccionario\/wp-json\/wp\/v2\/media\/15865"}],"wp:attachment":[{"href":"https:\/\/www.appyweb.es\/diccionario\/wp-json\/wp\/v2\/media?parent=2865"}],"curies":[{"name":"wp","href":"https:\/\/api.w.org\/{rel}","templated":true}]}}