{"id":2927,"date":"2023-06-22T13:07:05","date_gmt":"2023-06-22T13:07:05","guid":{"rendered":"https:\/\/www.appyweb.es\/diccionario\/?post_type=project&#038;p=2927"},"modified":"2024-04-29T08:17:03","modified_gmt":"2024-04-29T08:17:03","slug":"marketing-b2c","status":"publish","type":"page","link":"https:\/\/www.appyweb.es\/diccionario\/marketing-b2c\/","title":{"rendered":"Marketing B2C"},"content":{"rendered":"<figure id=\"attachment_15885\" aria-describedby=\"caption-attachment-15885\" style=\"width: 1000px\" class=\"wp-caption alignnone\"><img loading=\"lazy\" decoding=\"async\" class=\"size-full wp-image-15885\" src=\"https:\/\/www.appyweb.es\/diccionario\/wp-content\/uploads\/2024\/04\/MarketingB2C.jpg\" alt=\"Marketing B2C\" width=\"1000\" height=\"600\" srcset=\"https:\/\/www.appyweb.es\/diccionario\/wp-content\/uploads\/2024\/04\/MarketingB2C.jpg 1000w, https:\/\/www.appyweb.es\/diccionario\/wp-content\/uploads\/2024\/04\/MarketingB2C-300x180.jpg 300w, https:\/\/www.appyweb.es\/diccionario\/wp-content\/uploads\/2024\/04\/MarketingB2C-768x461.jpg 768w\" sizes=\"auto, (max-width: 1000px) 100vw, 1000px\" \/><figcaption id=\"caption-attachment-15885\" class=\"wp-caption-text\">Ejemplo de marketing Marketing B2C.<\/figcaption><\/figure>\n<p>Business To Consumer es un anglicismo que se traduce como \u201cnegocio a consumidor\u201d, B2C son las siglas para este t\u00e9rmino. En este caso, el <strong>marketing B2C son las estrategias de promoci\u00f3n que se utilizan para atraer a los consumidores<\/strong>.<\/p>\n<h2>\u00bfQu\u00e9 es?<\/h2>\n<p>Son las estrategias de marketing que emplea una empresa <strong>para atraer consumidores y potenciales clientes<\/strong>, estos suelen pertenecer a una audiencia m\u00e1s individual, a diferencia de los negocios B2B que se promocionan para otros negocios. Sin embargo, las estrategias son muy similares, se emplean <a href=\"https:\/\/www.appyweb.es\/posicionamiento-web\/\">t\u00e9cnicas digitales como el posicionamiento web<\/a> y las redes sociales.<\/p>\n<p>Esta estrategia se concentra en el consumidor final, por lo que en este caso el objetivo no son las cualidades del producto. Sino atraer al usuario con un mensaje llamativo, que apele a sus emociones y le haga saber que tiene la necesidad de adquirir lo que se le est\u00e1 ofreciendo.<\/p>\n<h2>\u00bfC\u00f3mo funciona el marketing B2C?<\/h2>\n<p>La intenci\u00f3n es conectar con la mentalidad del consumidor, que se pueda sentir atra\u00eddo hacia el producto y as\u00ed convertirse en un comprador. Deben ser <strong>estrategias efectivas que motiven al usuario<\/strong>, ya que son per\u00edodos de tiempo muy cortos en los que puede decidir comprar o desistir.<\/p>\n<p>Existen <a href=\"https:\/\/www.appyweb.es\/embudo-ventas-e-commerce\/\">t\u00e9cnicas como el embudo de ventas<\/a> que abarcan todas esas etapas previas a la compra. Pero tambi\u00e9n es necesario involucrar t\u00e9cnicas tradicionales o que al menos permitan que el usuario pueda participar activamente, como en las estrategias de storytelling.<\/p>\n<h2>Estrategias de marketing B2C<\/h2>\n<p>El mundo virtual juega un papel crucial a la hora de hacer campa\u00f1as de marketing B2C, entre las estrategias de publicidad m\u00e1s populares en el sector se pueden mencionar las siguientes.<\/p>\n<ul>\n<li>Recursos como los ads en plataformas de redes sociales, <strong>fomentan la captaci\u00f3n de leads y futuros compradores<\/strong>.<\/li>\n<li>Usar descuentos para la fidelizaci\u00f3n de sus consumidores, es otra estrategia usada en este tipo de publicidad.<\/li>\n<li>El marketing de contenidos es imprescindible para posicionar en buscadores y dar a conocer la marca en el sector.<\/li>\n<li>La automatizaci\u00f3n tambi\u00e9n es importante, ya que permite ofrecer contenidos m\u00e1s personalizado y ajustado a los intereses del cliente.<\/li>\n<\/ul>\n<h2>Ejemplos<\/h2>\n<p>Las campa\u00f1as de contenidos de la aplicaci\u00f3n Grammarly son un ejemplo exitoso de marketing B2C, suelen utilizar mucho humor y comedia en sus publicaciones, por ejemplo, un art\u00edculo con el t\u00edtulo \u00abHow to talk like a pirate\u00bb o \u00abC\u00f3mo hablar como un pirata\u00bb explica los beneficios y desventajas de estudiar la gram\u00e1tica de las oraciones y tiempos verbales en ingl\u00e9s.<\/p>\n<p><script type=\"application\/ld+json\">{\"@context\":\"https:\/\/schema.org\",\"@type\":\"FAQPage\",\"mainEntity\":[ \n{\"@type\":\"Question\",\"name\":\"\ud83d\udccc \u00bfQu\u00e9 es?\",\"acceptedAnswer\":{\"@type\":\"Answer\",\"text\":\"<\/p>\n<p>Son las estrategias de marketing que emplea una empresa <strong>para atraer consumidores y potenciales clientes<\/strong>, estos suelen pertenecer a una audiencia m\u00e1s individual, a diferencia de los negocios B2B que se promocionan para otros negocios. Sin embargo, las estrategias son muy similares, se emplean <a href='https:\/\/www.appyweb.es\/posicionamiento-web\/'>t\u00e9cnicas digitales como el posicionamiento web<\/a> y las redes sociales.<\/p>\n<p>Esta estrategia se concentra en el consumidor final, por lo que en este caso el objetivo no son las cualidades del producto. Sino atraer al usuario con un mensaje llamativo, que apele a sus emociones y le haga saber que tiene la necesidad de adquirir lo que se le est\u00e1 ofreciendo.<\/p>\n<p>\"}},\n{\"@type\":\"Question\",\"name\":\"\ud83d\udccc \u00bfC\u00f3mo funciona el marketing B2C?\",\"acceptedAnswer\":{\"@type\":\"Answer\",\"text\":\"<\/p>\n<p>La intenci\u00f3n es conectar con la mentalidad del consumidor, que se pueda sentir atra\u00eddo hacia el producto y as\u00ed convertirse en un comprador. Deben ser <strong>estrategias efectivas que motiven al usuario<\/strong>, ya que son per\u00edodos de tiempo muy cortos en los que puede decidir comprar o desistir. <\/p>\n<p>Existen <a href='https:\/\/www.appyweb.es\/embudo-ventas-e-commerce\/'>t\u00e9cnicas como el embudo de ventas<\/a> que abarcan todas esas etapas previas a la compra. Pero tambi\u00e9n es necesario involucrar t\u00e9cnicas tradicionales o que al menos permitan que el usuario pueda participar activamente, como en las estrategias de storytelling.<\/p>\n<p>\"}},\n{\"@type\":\"Question\",\"name\":\"\ud83d\udccc Estrategias de marketing B2C\",\"acceptedAnswer\":{\"@type\":\"Answer\",\"text\":\"<\/p>\n<p>El mundo virtual juega un papel crucial a la hora de hacer campa\u00f1as de marketing B2C, entre las estrategias de publicidad m\u00e1s populares en el sector se pueden mencionar las siguientes.<\/p>\n<\/p>\n<\/p>\n<ul>\n<\/p>\n<\/p>\n<li>Recursos como los ads en plataformas de redes sociales, <strong>fomentan la captaci\u00f3n de leads y futuros compradores<\/strong>.<\/li>\n<\/p>\n<\/p>\n<\/p>\n<\/p>\n<\/p>\n<\/p>\n<\/p>\n<li>Usar descuentos para la fidelizaci\u00f3n de sus consumidores, es otra estrategia usada en este tipo de publicidad.<\/li>\n<\/p>\n<\/p>\n<\/p>\n<\/p>\n<\/p>\n<\/p>\n<\/p>\n<li>El marketing de contenidos es imprescindible para posicionar en buscadores y dar a conocer la marca en el sector.<\/li>\n<\/p>\n<\/p>\n<\/p>\n<\/p>\n<\/p>\n<\/p>\n<\/p>\n<li>La automatizaci\u00f3n tambi\u00e9n es importante, ya que permite ofrecer contenidos m\u00e1s personalizado y ajustado a los intereses del cliente.<\/li>\n<\/p>\n<\/p>\n<\/p>\n<\/p>\n<\/p>\n<\/ul>\n<\/p>\n<\/p>\n<\/p>\n<\/p>\n<\/p>\n<p>\"}},\n{\"@type\":\"Question\",\"name\":\"\ud83d\udccc Ejemplos\",\"acceptedAnswer\":{\"@type\":\"Answer\",\"text\":\"<\/p>\n<p>Las campa\u00f1as de contenidos de la aplicaci\u00f3n Grammarly son un ejemplo exitoso de marketing B2C, suelen utilizar mucho humor y comedia en sus publicaciones, por ejemplo, un art\u00edculo con el t\u00edtulo 'How to talk like a pirate' o 'C\u00f3mo hablar como un pirata' explica los beneficios y desventajas de estudiar la gram\u00e1tica de las oraciones y tiempos verbales en ingl\u00e9s.<\/p>\n<p>\"}}\n]}<\/script><\/p>\n<h2>M\u00e1s informaci\u00f3n sobre marketing B2C<\/h2>\n<p>Puede que esta sea <strong>la estrategia m\u00e1s variada en lo que respecta al marketing digital<\/strong>, \u00bfquieres saber un poco m\u00e1s sobre ella? mira los siguientes enlaces.<\/p>\n<ul>\n<li style=\"list-style-type: none;\">\n<ul>\n<li style=\"list-style-type: none;\">\n<ul>\n<li><a href=\"https:\/\/www.appyweb.es\/15-habilidades-crecer-negocio-online-2020\/\">15 habilidades para hacer crecer tu negocio online<\/a><\/li>\n<li><a href=\"https:\/\/www.gestion.org\/b2c-del-negocio-al-consumidor\/\" rel=\"nofollow noopener\" target=\"_blank\">Los negocios B2C y sus estrategias de marketing novedosas<\/a><\/li>\n<\/ul>\n<\/li>\n<\/ul>\n<\/li>\n<\/ul>\n<p>&nbsp;<\/p>\n","protected":false},"excerpt":{"rendered":"<p>Business To Consumer es un anglicismo que se traduce como \u201cnegocio a consumidor\u201d, B2C son las siglas para este t\u00e9rmino. En este caso, el marketing B2C son las estrategias de promoci\u00f3n que se utilizan para atraer a los consumidores. \u00bfQu\u00e9 es? Son las estrategias de marketing que emplea una empresa para atraer consumidores y potenciales [&hellip;]<\/p>\n","protected":false},"author":1,"featured_media":15885,"parent":0,"menu_order":0,"comment_status":"open","ping_status":"closed","template":"","meta":{"inline_featured_image":false,"footnotes":""},"class_list":["post-2927","page","type-page","status-publish","has-post-thumbnail","hentry"],"_links":{"self":[{"href":"https:\/\/www.appyweb.es\/diccionario\/wp-json\/wp\/v2\/pages\/2927","targetHints":{"allow":["GET"]}}],"collection":[{"href":"https:\/\/www.appyweb.es\/diccionario\/wp-json\/wp\/v2\/pages"}],"about":[{"href":"https:\/\/www.appyweb.es\/diccionario\/wp-json\/wp\/v2\/types\/page"}],"author":[{"embeddable":true,"href":"https:\/\/www.appyweb.es\/diccionario\/wp-json\/wp\/v2\/users\/1"}],"replies":[{"embeddable":true,"href":"https:\/\/www.appyweb.es\/diccionario\/wp-json\/wp\/v2\/comments?post=2927"}],"version-history":[{"count":6,"href":"https:\/\/www.appyweb.es\/diccionario\/wp-json\/wp\/v2\/pages\/2927\/revisions"}],"predecessor-version":[{"id":15890,"href":"https:\/\/www.appyweb.es\/diccionario\/wp-json\/wp\/v2\/pages\/2927\/revisions\/15890"}],"wp:featuredmedia":[{"embeddable":true,"href":"https:\/\/www.appyweb.es\/diccionario\/wp-json\/wp\/v2\/media\/15885"}],"wp:attachment":[{"href":"https:\/\/www.appyweb.es\/diccionario\/wp-json\/wp\/v2\/media?parent=2927"}],"curies":[{"name":"wp","href":"https:\/\/api.w.org\/{rel}","templated":true}]}}