{"id":2960,"date":"2023-06-22T13:19:24","date_gmt":"2023-06-22T13:19:24","guid":{"rendered":"https:\/\/www.appyweb.es\/diccionario\/?post_type=project&#038;p=2960"},"modified":"2024-04-29T09:22:13","modified_gmt":"2024-04-29T09:22:13","slug":"marketing-de-las-emociones","status":"publish","type":"page","link":"https:\/\/www.appyweb.es\/diccionario\/marketing-de-las-emociones\/","title":{"rendered":"Marketing de las emociones"},"content":{"rendered":"<figure id=\"attachment_15932\" aria-describedby=\"caption-attachment-15932\" style=\"width: 1000px\" class=\"wp-caption alignnone\"><img loading=\"lazy\" decoding=\"async\" class=\"size-full wp-image-15932\" src=\"https:\/\/www.appyweb.es\/diccionario\/wp-content\/uploads\/2024\/04\/Marketingdelasemociones.jpg\" alt=\"Marketing de las emociones\" width=\"1000\" height=\"600\" srcset=\"https:\/\/www.appyweb.es\/diccionario\/wp-content\/uploads\/2024\/04\/Marketingdelasemociones.jpg 1000w, https:\/\/www.appyweb.es\/diccionario\/wp-content\/uploads\/2024\/04\/Marketingdelasemociones-300x180.jpg 300w, https:\/\/www.appyweb.es\/diccionario\/wp-content\/uploads\/2024\/04\/Marketingdelasemociones-768x461.jpg 768w\" sizes=\"auto, (max-width: 1000px) 100vw, 1000px\" \/><figcaption id=\"caption-attachment-15932\" class=\"wp-caption-text\">Huevos con caras y ojos.<\/figcaption><\/figure>\n<p>El ser humano es un ser racional, hasta que se deja dominar por sus sentimientos. Pues estas cuando est\u00e1n a flor de piel, controlan su raz\u00f3n. Para el autor Jorge Zentner, hay cuatro que b\u00e1sicas que mueven a todo ser humano: alegr\u00eda, miedo, tristeza y enojo. <strong>El marketing de las emociones apela a la primera<\/strong>, pero son muchos estados de \u00e1nimo con los que suele jugar.<\/p>\n<h2>\u00bfQu\u00e9 es?<\/h2>\n<p>Es un t\u00e9rmino que se utiliza para definir todos esos <strong>recursos publicitarios que permiten crear un v\u00ednculo sentimental <\/strong>con los consumidores de una marca. Este v\u00ednculo debe ser afectivo, el usuario debe sentirse parte de la marca. El marketing emocional naci\u00f3 con la intenci\u00f3n de resolver un problema al que se est\u00e1n enfrentando la mayor\u00eda de las empresas, destacar respecto a su competencia.<\/p>\n<p>Debido a la globalizaci\u00f3n, los usuarios tienen cada vez m\u00e1s opciones de marcas y productos para consumir, es por eso que tienen en cuenta las opciones que les atraigan sentimentalmente, que les permitan vincularse a un producto. Muchas <a href=\"https:\/\/www.appyweb.es\/marketing-de-atraccion\/\">estrategias del marketing de atracci\u00f3n<\/a> utilizan t\u00e9cnicas sensibles para llamar la atenci\u00f3n de los usuarios.<\/p>\n<h2>Marketing de las emociones \u00bfpara qu\u00e9 sirve?<\/h2>\n<p>En primer lugar, sirve para generar m\u00e1s ventas, con una campa\u00f1a emocional es posible convertir clientes con rapidez. Por ejemplo, las <a href=\"https:\/\/www.appyweb.es\/videos-para-empresas\/\">ideas de los v\u00eddeos publicitarios<\/a> para el Super Bowl intentan <strong>aprovechar al m\u00e1ximo los sentimientos del p\u00fablico<\/strong>. Con esto, una de sus ventajas m\u00e1s importantes para las empresas es el impacto que provoca a largo plazo, si durante la experiencia de compra el usuario tuvo completa satisfacci\u00f3n podr\u00e1 ser fidelizado y construir una relaci\u00f3n duradera con la marca, es decir, volver\u00e1 a comprar.<\/p>\n<p>A partir de esto, se pueden desarrollar otras estrategias como la publicidad boca a boca, donde un usuario satisfecho <strong>recomienda la marca a sus amigos y familiares cercanos<\/strong>, lo que tambi\u00e9n atrae clientes con caracter\u00edsticas similares.<\/p>\n<h2>\u00bfC\u00f3mo funciona el marketing de las emociones?<\/h2>\n<p>Puede ser dif\u00edcil de interpretar, porque los sentimientos suelen ser complicados, es por eso que la mayor\u00eda de <strong>las empresas se enfocan en las sensaciones que causen felicidad o alegr\u00eda<\/strong>. Pero, la estrategia final suele estar muy relacionada con el tipo de p\u00fablico que se quiere atraer. Es por eso que lo m\u00e1s recomendado es hacer un informe del buyer persona.<\/p>\n<p>Con este documento, es m\u00e1s f\u00e1cil entender cu\u00e1les son sus preocupaciones, necesidades, intereses, etc. Son caracter\u00edsticas a trav\u00e9s de las cuales se pueden <strong>determinar una serie de sentimientos y situaciones <\/strong>que las pueden despertar. As\u00ed se establecen t\u00e9cnicas m\u00e1s efectivas y adecuadas al sector.<\/p>\n<h2>Marketing emocional ejemplo<\/h2>\n<p>Una de las sensaciones a las que m\u00e1s acuden las empresas es al humor, como <strong>la estrategia que utiliz\u00f3 Panasonic para promocionar su l\u00ednea de televisores VIERA,<\/strong> que cuentan con sistema 3D. En la imagen se puede ver como si uno de los dinosaurios mostrados en la TV hubiera salido de la pantalla y una madre oblig\u00e1ndolo a regresar por haber roto una maceta.<\/p>\n<p><script type=\"application\/ld+json\">{\"@context\":\"https:\/\/schema.org\",\"@type\":\"FAQPage\",\"mainEntity\":[ \n{\"@type\":\"Question\",\"name\":\"\ud83d\udccc \u00bfQu\u00e9 es?\",\"acceptedAnswer\":{\"@type\":\"Answer\",\"text\":\"<\/p>\n<p>Es un t\u00e9rmino que se utiliza para definir todos esos <strong>recursos publicitarios que permiten crear un v\u00ednculo sentimental <\/strong>con los consumidores de una marca. Este v\u00ednculo debe ser afectivo, el usuario debe sentirse parte de la marca. El marketing emocional naci\u00f3 con la intenci\u00f3n de resolver un problema al que se est\u00e1n enfrentando la mayor\u00eda de las empresas, destacar respecto a su competencia.<\/p>\n<p>Debido a la globalizaci\u00f3n, los usuarios tienen cada vez m\u00e1s opciones de marcas y productos para consumir, es por eso que tienen en cuenta las opciones que les atraigan sentimentalmente, que les permitan vincularse a un producto. Muchas <a href='https:\/\/www.appyweb.es\/marketing-de-atraccion\/'>estrategias del marketing de atracci\u00f3n<\/a> utilizan t\u00e9cnicas sensibles para llamar la atenci\u00f3n de los usuarios.<\/p>\n<p>\"}},\n{\"@type\":\"Question\",\"name\":\"\ud83d\udccc Marketing de las emociones \u00bfpara qu\u00e9 sirve?\",\"acceptedAnswer\":{\"@type\":\"Answer\",\"text\":\"<\/p>\n<p>En primer lugar, sirve para generar m\u00e1s ventas, con una campa\u00f1a emocional es posible convertir clientes con rapidez. Por ejemplo, las <a href='https:\/\/www.appyweb.es\/videos-para-empresas\/'>ideas de los v\u00eddeos publicitarios<\/a> para el Super Bowl intentan <strong>aprovechar al m\u00e1ximo los sentimientos del p\u00fablico<\/strong>. Con esto, una de sus ventajas m\u00e1s importantes para las empresas es el impacto que provoca a largo plazo, si durante la experiencia de compra el usuario tuvo completa satisfacci\u00f3n podr\u00e1 ser fidelizado y construir una relaci\u00f3n duradera con la marca, es decir, volver\u00e1 a comprar.<\/p>\n<p>A partir de esto, se pueden desarrollar otras estrategias como la publicidad boca a boca, donde un usuario satisfecho <strong>recomienda la marca a sus amigos y familiares cercanos<\/strong>, lo que tambi\u00e9n atrae clientes con caracter\u00edsticas similares.<\/p>\n<p>\"}},\n{\"@type\":\"Question\",\"name\":\"\ud83d\udccc \u00bfC\u00f3mo funciona el marketing de las emociones?\",\"acceptedAnswer\":{\"@type\":\"Answer\",\"text\":\"<\/p>\n<p>Puede ser dif\u00edcil de interpretar, porque los sentimientos suelen ser complicados, es por eso que la mayor\u00eda de <strong>las empresas se enfocan en las sensaciones que causen felicidad o alegr\u00eda<\/strong>. Pero, la estrategia final suele estar muy relacionada con el tipo de p\u00fablico que se quiere atraer. Es por eso que lo m\u00e1s recomendado es hacer un informe del buyer persona.<\/p>\n<p>Con este documento, es m\u00e1s f\u00e1cil entender cu\u00e1les son sus preocupaciones, necesidades, intereses, etc. Son caracter\u00edsticas a trav\u00e9s de las cuales se pueden <strong>determinar una serie de sentimientos y situaciones <\/strong>que las pueden despertar. As\u00ed se establecen t\u00e9cnicas m\u00e1s efectivas y adecuadas al sector.<\/p>\n<p>\"}},\n{\"@type\":\"Question\",\"name\":\"\ud83d\udccc Marketing emocional ejemplo\",\"acceptedAnswer\":{\"@type\":\"Answer\",\"text\":\"<\/p>\n<p>Una de las sensaciones a las que m\u00e1s acuden las empresas es al humor, como <strong>la estrategia que utiliz\u00f3 Panasonic para promocionar su l\u00ednea de televisores VIERA,<\/strong> que cuentan con sistema 3D. En la imagen se puede ver como si uno de los dinosaurios mostrados en la TV hubiera salido de la pantalla y una madre oblig\u00e1ndolo a regresar por haber roto una maceta.<\/p>\n<p>\"}}\n]}<\/script><\/p>\n<p>&nbsp;<\/p>\n<h2>M\u00e1s informaci\u00f3n sobre marketing de las emociones<\/h2>\n<p>En la actualidad existen muchas t\u00e9cnicas para <strong>llamar la atenci\u00f3n de los usuarios a trav\u00e9s de sus sensaciones<\/strong>, obt\u00e9n m\u00e1s informaci\u00f3n al respecto en estos enlaces.<\/p>\n<ul>\n<li><a href=\"https:\/\/www.appyweb.es\/diccionario\/lovemark\/\">\u00bfQu\u00e9 es Lovemark y para qu\u00e9 sirve?<\/a><\/li>\n<li><a href=\"https:\/\/www.elmundofinanciero.com\/noticia\/92080\/empresas\/branding:-como-entrar-en-la-mente-y-la-emocion-del-consumidor.html\" rel=\"nofollow noopener\" target=\"_blank\">Branding: C\u00f3mo entrar en la mente y la emoci\u00f3n del consumidor<\/a><\/li>\n<\/ul>\n<p>&nbsp;<\/p>\n","protected":false},"excerpt":{"rendered":"<p>El ser humano es un ser racional, hasta que se deja dominar por sus sentimientos. Pues estas cuando est\u00e1n a flor de piel, controlan su raz\u00f3n. Para el autor Jorge Zentner, hay cuatro que b\u00e1sicas que mueven a todo ser humano: alegr\u00eda, miedo, tristeza y enojo. El marketing de las emociones apela a la primera, [&hellip;]<\/p>\n","protected":false},"author":1,"featured_media":15932,"parent":0,"menu_order":0,"comment_status":"open","ping_status":"closed","template":"","meta":{"inline_featured_image":false,"footnotes":""},"class_list":["post-2960","page","type-page","status-publish","has-post-thumbnail","hentry"],"_links":{"self":[{"href":"https:\/\/www.appyweb.es\/diccionario\/wp-json\/wp\/v2\/pages\/2960","targetHints":{"allow":["GET"]}}],"collection":[{"href":"https:\/\/www.appyweb.es\/diccionario\/wp-json\/wp\/v2\/pages"}],"about":[{"href":"https:\/\/www.appyweb.es\/diccionario\/wp-json\/wp\/v2\/types\/page"}],"author":[{"embeddable":true,"href":"https:\/\/www.appyweb.es\/diccionario\/wp-json\/wp\/v2\/users\/1"}],"replies":[{"embeddable":true,"href":"https:\/\/www.appyweb.es\/diccionario\/wp-json\/wp\/v2\/comments?post=2960"}],"version-history":[{"count":5,"href":"https:\/\/www.appyweb.es\/diccionario\/wp-json\/wp\/v2\/pages\/2960\/revisions"}],"predecessor-version":[{"id":15934,"href":"https:\/\/www.appyweb.es\/diccionario\/wp-json\/wp\/v2\/pages\/2960\/revisions\/15934"}],"wp:featuredmedia":[{"embeddable":true,"href":"https:\/\/www.appyweb.es\/diccionario\/wp-json\/wp\/v2\/media\/15932"}],"wp:attachment":[{"href":"https:\/\/www.appyweb.es\/diccionario\/wp-json\/wp\/v2\/media?parent=2960"}],"curies":[{"name":"wp","href":"https:\/\/api.w.org\/{rel}","templated":true}]}}