{"id":3082,"date":"2023-06-22T14:04:05","date_gmt":"2023-06-22T14:04:05","guid":{"rendered":"https:\/\/www.appyweb.es\/diccionario\/?post_type=project&#038;p=3082"},"modified":"2024-05-09T11:01:13","modified_gmt":"2024-05-09T11:01:13","slug":"metadatos","status":"publish","type":"page","link":"https:\/\/www.appyweb.es\/diccionario\/metadatos\/","title":{"rendered":"Metadatos"},"content":{"rendered":"<figure id=\"attachment_16305\" aria-describedby=\"caption-attachment-16305\" style=\"width: 1000px\" class=\"wp-caption alignnone\"><img loading=\"lazy\" decoding=\"async\" class=\"size-full wp-image-16305\" src=\"https:\/\/www.appyweb.es\/diccionario\/wp-content\/uploads\/2024\/05\/Metadatos-1.jpg\" alt=\"Metadatos\" width=\"1000\" height=\"600\" srcset=\"https:\/\/www.appyweb.es\/diccionario\/wp-content\/uploads\/2024\/05\/Metadatos-1.jpg 1000w, https:\/\/www.appyweb.es\/diccionario\/wp-content\/uploads\/2024\/05\/Metadatos-1-300x180.jpg 300w, https:\/\/www.appyweb.es\/diccionario\/wp-content\/uploads\/2024\/05\/Metadatos-1-768x461.jpg 768w\" sizes=\"auto, (max-width: 1000px) 100vw, 1000px\" \/><figcaption id=\"caption-attachment-16305\" class=\"wp-caption-text\">Persona con muchos datos como graficas, rese\u00f1as, imagenes, etc.<\/figcaption><\/figure>\n<p>Es una palabra que significa \u00absobre datos\u00bb, se puede interpretar como la informaci\u00f3n que de describe en otros datos. Tradicionalmente, se conocen como fichas de archivos, pero actualmente <strong>los metadatos se utilizan para organizar mejor las bases de datos<\/strong> de empresas en Internet.<\/p>\n<h2>\u00bfQu\u00e9 son los metadatos?<\/h2>\n<p>Son conocidos popularmente \u201cdatos que escriben o describen otros datos\u201d, <strong>son utilizados para organizar la informaci\u00f3n de los recursos en Internet<\/strong>. Por ejemplo, un archivo que contenga la informaci\u00f3n de una p\u00e1gina web se denomina metadato. Son <a href=\"https:\/\/www.appyweb.es\/diseno-web\/\">muy utilizados en dise\u00f1o web<\/a> por que permiten organizar toda la informaci\u00f3n del sitio de forma m\u00e1s amigable para los que quieran buscar alg\u00fan dato en espec\u00edfico en el futuro.<\/p>\n<p>Es algo muy similar a una ficha que contiene una peque\u00f1a descripci\u00f3n de todos los documentos relevantes o no relevantes. Incluye informaci\u00f3n como el contenido de los documentos, el nombre, formato, etc. De hecho, tienen su origen en los <strong>ficheros que utilizan las bibliotecas para organizar los libros<\/strong> de cada secci\u00f3n.<\/p>\n<h2>\u00bfSon \u00fatiles los metadatos?<\/h2>\n<p>Son muy \u00fatiles ya que <strong>engloban todos los datos que describen al archivo<\/strong>, como lo es informaci\u00f3n de inter\u00e9s, la hora de guardado o modificaci\u00f3n, el tama\u00f1o del archivo, el nombre del escritor, entre otros. Se pueden nombrar varias ventajas que presentan los metadatos y que ayudan a la administraci\u00f3n de los mismos, como las siguientes.<\/p>\n<ol>\n<li>Facilita la b\u00fasqueda y el an\u00e1lisis de todos los datos de cualquier archivo.<\/li>\n<li>Son <a href=\"https:\/\/www.appyweb.es\/gestion-newsletters\/\">necesarios en la gesti\u00f3n de newsletters<\/a>, ya que se pueden personalizar <strong>seg\u00fan la vista previa de los segmentos de una base de datos de contactos<\/strong>.<\/li>\n<li>Ayuda a la integraci\u00f3n, combina los datos proporcionados entre el usuario y la empresa.<\/li>\n<li>Facilita a la estandarizaci\u00f3n y ayuda a eliminar errores.<\/li>\n<li>Son m\u00e1s seguros debido a que hay un previo an\u00e1lisis de los cambios antes de integrarlos.<\/li>\n<\/ol>\n<h2>\u00bfCu\u00e1les son los tipos de metadatos?<\/h2>\n<ul>\n<li><strong>Descriptivos<\/strong>: Se utilizan para encontrar la fuente de informaci\u00f3n de un archivo en espec\u00edfico.<\/li>\n<li><strong>Estructurales<\/strong>: Incluye algunas secciones que se relacionan entre s\u00ed dentro del archivo.<\/li>\n<li><strong>T\u00e9cnicos<\/strong>: Incluyen c\u00f3digos y sirven para representar archivos.<\/li>\n<li><strong>Preservaci\u00f3n<\/strong>: Son los datos destinados a almacenamiento, puede que no se utilicen en largo tiempo.<\/li>\n<li><strong>De derechos<\/strong>: Incluye la especificaci\u00f3n de los derechos de propiedad intelectual de cada archivo.<\/li>\n<li><strong>Lenguaje marcado<\/strong>: Cuenta con algunas se\u00f1ales sem\u00e1nticas que pueden ser relevantes en el contenido del archivo.<\/li>\n<\/ul>\n<h2>Ejemplo de los metadatos<\/h2>\n<p>Debido a la abundancia excesiva de informaci\u00f3n en Internet <strong>los metadatos son cada vez m\u00e1s necesarios<\/strong>. De hecho, los c\u00f3digos HTML de los sitios web incluyen una variante que ayuda a los buscadores, como Google, a posicionar resultados relevantes para la consulta de un usuario, son conocidas como metatags o meta-etiquetas.<\/p>\n<p>Algunas de ellas indican el t\u00edtulo, la URL, la descripci\u00f3n, pero tambi\u00e9n cumplen con otras funciones como informar sobre las p\u00e1ginas disponibles para posicionar, como las canonical, otras muestran el mapa de navegaci\u00f3n del sitio, entre otros. En la siguiente imagen <strong>puedes ver un ejemplo donde se indican las etiquetas<\/strong> \u00abkeywords\u00bb o palabras clave del sitio, entre otros datos.<\/p>\n<p><script type=\"application\/ld+json\">{\"@context\":\"https:\/\/schema.org\",\"@type\":\"FAQPage\",\"mainEntity\":[ \n{\"@type\":\"Question\",\"name\":\"\ud83d\udccc \u00bfQu\u00e9 son los metadatos?\",\"acceptedAnswer\":{\"@type\":\"Answer\",\"text\":\"<\/p>\n<p>Son conocidos popularmente \u201cdatos que escriben o describen otros datos\u201d, <strong>son utilizados para organizar la informaci\u00f3n de los recursos en Internet<\/strong>. Por ejemplo, un archivo que contenga la informaci\u00f3n de una p\u00e1gina web se denomina metadato. Son <a href='https:\/\/www.appyweb.es\/diseno-web\/'>muy utilizados en dise\u00f1o web<\/a> por que permiten organizar toda la informaci\u00f3n del sitio de forma m\u00e1s amigable para los que quieran buscar alg\u00fan dato en espec\u00edfico en el futuro.<\/p>\n<p>Es algo muy similar a una ficha que contiene una peque\u00f1a descripci\u00f3n de todos los documentos relevantes o no relevantes. Incluye informaci\u00f3n como el contenido de los documentos, el nombre, formato, etc. De hecho, tienen su origen en los <strong>ficheros que utilizan las bibliotecas para organizar los libros<\/strong> de cada secci\u00f3n.<\/p>\n<p>\"}},\n{\"@type\":\"Question\",\"name\":\"\ud83d\udccc \u00bfSon \u00fatiles los metadatos?\",\"acceptedAnswer\":{\"@type\":\"Answer\",\"text\":\"<\/p>\n<p>Son muy \u00fatiles ya que <strong>engloban todos los datos que describen al archivo<\/strong>, como lo es informaci\u00f3n de inter\u00e9s, la hora de guardado o modificaci\u00f3n, el tama\u00f1o del archivo, el nombre del escritor, entre otros. Se pueden nombrar varias ventajas que presentan los metadatos y que ayudan a la administraci\u00f3n de los mismos, como las siguientes.<\/p>\n<\/p>\n<\/p>\n<\/p>\n<\/p>\n<ol>\n<\/p>\n<\/p>\n<\/p>\n<\/p>\n<li>Facilita la b\u00fasqueda y el an\u00e1lisis de todos los datos de cualquier archivo.<\/li>\n<\/p>\n<\/p>\n<\/p>\n<\/p>\n<\/p>\n<\/p>\n<\/p>\n<\/p>\n<\/p>\n<\/p>\n<\/p>\n<\/p>\n<\/p>\n<\/p>\n<\/p>\n<li>Son <a href='https:\/\/www.appyweb.es\/gestion-newsletters\/'>necesarios en la gesti\u00f3n de newsletters<\/a>, ya que se pueden personalizar <strong>seg\u00fan la vista previa de los segmentos de una base de datos de contactos<\/strong>.<\/li>\n<\/p>\n<\/p>\n<\/p>\n<\/p>\n<\/p>\n<\/p>\n<\/p>\n<\/p>\n<\/p>\n<\/p>\n<\/p>\n<\/p>\n<\/p>\n<\/p>\n<\/p>\n<li>Ayuda a la integraci\u00f3n, combina los datos proporcionados entre el usuario y la empresa.<\/li>\n<\/p>\n<\/p>\n<\/p>\n<\/p>\n<\/p>\n<\/p>\n<\/p>\n<\/p>\n<\/p>\n<\/p>\n<\/p>\n<\/p>\n<\/p>\n<\/p>\n<\/p>\n<li>Facilita a la estandarizaci\u00f3n y ayuda a eliminar errores.<\/li>\n<\/p>\n<\/p>\n<\/p>\n<\/p>\n<\/p>\n<\/p>\n<\/p>\n<\/p>\n<\/p>\n<\/p>\n<\/p>\n<\/p>\n<\/p>\n<\/p>\n<\/p>\n<li>Son m\u00e1s seguros debido a que hay un previo an\u00e1lisis de los cambios antes de integrarlos.<\/li>\n<\/p>\n<\/p>\n<\/p>\n<\/p>\n<\/p>\n<\/p>\n<\/p>\n<\/p>\n<\/p>\n<\/p>\n<\/p>\n<\/ol>\n<\/p>\n<\/p>\n<\/p>\n<\/p>\n<\/p>\n<\/p>\n<\/p>\n<\/p>\n<\/p>\n<\/p>\n<\/p>\n<p>\"}},\n{\"@type\":\"Question\",\"name\":\"\ud83d\udccc \u00bfCu\u00e1les son los tipos de metadatos?\",\"acceptedAnswer\":{\"@type\":\"Answer\",\"text\":\"<\/p>\n<\/p>\n<\/p>\n<\/p>\n<\/p>\n<ul>\n<\/p>\n<\/p>\n<\/p>\n<\/p>\n<li><strong>Descriptivos<\/strong>: Se utilizan para encontrar la fuente de informaci\u00f3n de un archivo en espec\u00edfico.<\/li>\n<\/p>\n<\/p>\n<\/p>\n<\/p>\n<\/p>\n<\/p>\n<\/p>\n<\/p>\n<\/p>\n<\/p>\n<\/p>\n<\/p>\n<\/p>\n<\/p>\n<\/p>\n<li><strong>Estructurales<\/strong>: Incluye algunas secciones que se relacionan entre s\u00ed dentro del archivo.<\/li>\n<\/p>\n<\/p>\n<\/p>\n<\/p>\n<\/p>\n<\/p>\n<\/p>\n<\/p>\n<\/p>\n<\/p>\n<\/p>\n<\/p>\n<\/p>\n<\/p>\n<\/p>\n<li><strong>T\u00e9cnicos<\/strong>: Incluyen c\u00f3digos y sirven para representar archivos.<\/li>\n<\/p>\n<\/p>\n<\/p>\n<\/p>\n<\/p>\n<\/p>\n<\/p>\n<\/p>\n<\/p>\n<\/p>\n<\/p>\n<\/p>\n<\/p>\n<\/p>\n<\/p>\n<li><strong>Preservaci\u00f3n<\/strong>: Son los datos destinados a almacenamiento, puede que no se utilicen en largo tiempo.<\/li>\n<\/p>\n<\/p>\n<\/p>\n<\/p>\n<\/p>\n<\/p>\n<\/p>\n<\/p>\n<\/p>\n<\/p>\n<\/p>\n<\/p>\n<\/p>\n<\/p>\n<\/p>\n<li><strong>De derechos<\/strong>: Incluye la especificaci\u00f3n de los derechos de propiedad intelectual de cada archivo.<\/li>\n<\/p>\n<\/p>\n<\/p>\n<\/p>\n<\/p>\n<\/p>\n<\/p>\n<\/p>\n<\/p>\n<\/p>\n<\/p>\n<\/p>\n<\/p>\n<\/p>\n<\/p>\n<li><strong>Lenguaje marcado<\/strong>: Cuenta con algunas se\u00f1ales sem\u00e1nticas que pueden ser relevantes en el contenido del archivo.<\/li>\n<\/p>\n<\/p>\n<\/p>\n<\/p>\n<\/p>\n<\/p>\n<\/p>\n<\/p>\n<\/p>\n<\/p>\n<\/p>\n<\/ul>\n<\/p>\n<\/p>\n<\/p>\n<\/p>\n<\/p>\n<\/p>\n<\/p>\n<\/p>\n<\/p>\n<\/p>\n<\/p>\n<p>\"}},\n{\"@type\":\"Question\",\"name\":\"\ud83d\udccc Ejemplo de los metadatos\",\"acceptedAnswer\":{\"@type\":\"Answer\",\"text\":\"<\/p>\n<p>Debido a la abundancia excesiva de informaci\u00f3n en Internet <strong>los metadatos son cada vez m\u00e1s necesarios<\/strong>. De hecho, los c\u00f3digos HTML de los sitios web incluyen una variante que ayuda a los buscadores, como Google, a posicionar resultados relevantes para la consulta de un usuario, son conocidas como metatags o meta-etiquetas. <\/p>\n<p>Algunas de ellas indican el t\u00edtulo, la URL, la descripci\u00f3n, pero tambi\u00e9n cumplen con otras  funciones como informar sobre las p\u00e1ginas disponibles para posicionar, como las canonical, otras muestran el mapa de navegaci\u00f3n del sitio, entre otros. En la siguiente imagen <strong>puedes ver un ejemplo donde se indican las etiquetas<\/strong> 'keywords' o palabras clave del sitio, entre otros datos.<\/p>\n<p>\"}}\n]}<\/script><\/p>\n<h2>M\u00e1s informaci\u00f3n sobre metadatos<\/h2>\n<p>Actualmente y m\u00e1s que nunca <strong>los metadatos est\u00e1n teniendo una relevancia incomparable<\/strong>, especialmente para el an\u00e1lisis de big data. \u00bfQuieres saber m\u00e1s sobre el tema? Mira los siguientes enlaces.<\/p>\n<ul>\n<li><a href=\"https:\/\/www.appyweb.es\/diccionario\/canonical\/\">\u00bfQu\u00e9 es Canonical y para qu\u00e9 sirve?<\/a><\/li>\n<li><a href=\"https:\/\/es.wikipedia.org\/wiki\/Metadatos#Almacenamiento\" rel=\"nofollow noopener\" target=\"_blank\">\u00bfC\u00f3mo se almacenan los metadatos?<\/a><\/li>\n<\/ul>\n<p>&nbsp;<\/p>\n","protected":false},"excerpt":{"rendered":"<p>Es una palabra que significa \u00absobre datos\u00bb, se puede interpretar como la informaci\u00f3n que de describe en otros datos. Tradicionalmente, se conocen como fichas de archivos, pero actualmente los metadatos se utilizan para organizar mejor las bases de datos de empresas en Internet. \u00bfQu\u00e9 son los metadatos? Son conocidos popularmente \u201cdatos que escriben o describen [&hellip;]<\/p>\n","protected":false},"author":1,"featured_media":16305,"parent":0,"menu_order":0,"comment_status":"open","ping_status":"closed","template":"","meta":{"inline_featured_image":false,"footnotes":""},"class_list":["post-3082","page","type-page","status-publish","has-post-thumbnail","hentry"],"_links":{"self":[{"href":"https:\/\/www.appyweb.es\/diccionario\/wp-json\/wp\/v2\/pages\/3082","targetHints":{"allow":["GET"]}}],"collection":[{"href":"https:\/\/www.appyweb.es\/diccionario\/wp-json\/wp\/v2\/pages"}],"about":[{"href":"https:\/\/www.appyweb.es\/diccionario\/wp-json\/wp\/v2\/types\/page"}],"author":[{"embeddable":true,"href":"https:\/\/www.appyweb.es\/diccionario\/wp-json\/wp\/v2\/users\/1"}],"replies":[{"embeddable":true,"href":"https:\/\/www.appyweb.es\/diccionario\/wp-json\/wp\/v2\/comments?post=3082"}],"version-history":[{"count":7,"href":"https:\/\/www.appyweb.es\/diccionario\/wp-json\/wp\/v2\/pages\/3082\/revisions"}],"predecessor-version":[{"id":16308,"href":"https:\/\/www.appyweb.es\/diccionario\/wp-json\/wp\/v2\/pages\/3082\/revisions\/16308"}],"wp:featuredmedia":[{"embeddable":true,"href":"https:\/\/www.appyweb.es\/diccionario\/wp-json\/wp\/v2\/media\/16305"}],"wp:attachment":[{"href":"https:\/\/www.appyweb.es\/diccionario\/wp-json\/wp\/v2\/media?parent=3082"}],"curies":[{"name":"wp","href":"https:\/\/api.w.org\/{rel}","templated":true}]}}