{"id":3087,"date":"2023-06-22T14:04:55","date_gmt":"2023-06-22T14:04:55","guid":{"rendered":"https:\/\/www.appyweb.es\/diccionario\/?post_type=project&#038;p=3087"},"modified":"2024-05-09T11:09:07","modified_gmt":"2024-05-09T11:09:07","slug":"metrica-accionable","status":"publish","type":"page","link":"https:\/\/www.appyweb.es\/diccionario\/metrica-accionable\/","title":{"rendered":"M\u00e9trica Accionable"},"content":{"rendered":"<figure id=\"attachment_16309\" aria-describedby=\"caption-attachment-16309\" style=\"width: 1000px\" class=\"wp-caption alignnone\"><img loading=\"lazy\" decoding=\"async\" class=\"size-full wp-image-16309\" src=\"https:\/\/www.appyweb.es\/diccionario\/wp-content\/uploads\/2024\/05\/MetricaAccionable.jpg\" alt=\"M\u00e9trica Accionable\" width=\"1000\" height=\"600\" srcset=\"https:\/\/www.appyweb.es\/diccionario\/wp-content\/uploads\/2024\/05\/MetricaAccionable.jpg 1000w, https:\/\/www.appyweb.es\/diccionario\/wp-content\/uploads\/2024\/05\/MetricaAccionable-300x180.jpg 300w, https:\/\/www.appyweb.es\/diccionario\/wp-content\/uploads\/2024\/05\/MetricaAccionable-768x461.jpg 768w\" sizes=\"auto, (max-width: 1000px) 100vw, 1000px\" \/><figcaption id=\"caption-attachment-16309\" class=\"wp-caption-text\">Dos personas analizando una grafica.<\/figcaption><\/figure>\n<p>Se trata de un recurso del an\u00e1lisis de marketing digital que consiste en estudiar si los resultados de alguna campa\u00f1a est\u00e1n siendo efectivos. <strong>Las m\u00e9tricas accionables son las conocidas KPI<\/strong>, permiten demostrar si las acciones de publicidad son beneficiosas para la empresa o no.<\/p>\n<h2>\u00bfQu\u00e9 es una m\u00e9trica accionable?<\/h2>\n<p>Una m\u00e9trica accionable o tambi\u00e9n conocida KPI (Indicador clave de desempe\u00f1o, por sus siglas en ingl\u00e9s), es un t\u00e9rmino que indica una serie de <strong>an\u00e1lisis que permiten conocer los resultados de campa\u00f1as de marketing<\/strong> desde diferentes \u00e1ngulos. Suelen ser <a href=\"https:\/\/www.appyweb.es\/auditoria-seo\/\">utilizadas con frecuencia en las auditor\u00edas SEO<\/a> para conocer el rendimiento de las estrategias de posicionamiento.<\/p>\n<p>Pero, tambi\u00e9n son indispensables para conocer si dichos resultados son directamente beneficiosos para la empresa, para determinar datos cuantitativos y las ganancias monetarias o probabilidad de ganancia de clientes. De esta forma, <strong>las KPI eval\u00faan casi todos los campos del marketing<\/strong>, contenidos, posicionamiento, redes sociales, landing pages, etc.<\/p>\n<h2>\u00bfPara qu\u00e9 sirve una m\u00e9trica accionable?<\/h2>\n<p>En primer lugar, les permite a los profesionales del marketing conocer <strong>qu\u00e9 tan efectivas son las t\u00e9cnicas que se est\u00e1n aplicando<\/strong>. Pero tambi\u00e9n son indispensables para facilitar la toma de decisiones, eliminar recursos que est\u00e1n haciendo perder tiempo y dinero, as\u00ed como reforzar aquellos que est\u00e1n sobrepasando las expectativas o modificar los que cuentan con un buen potencial.<\/p>\n<p>Las m\u00e9tricas accionables tambi\u00e9n suelen estar relacionadas con el tr\u00e1fico web y las plataformas que utilizan para llegar a encontrar un sitio web, lo que <a href=\"https:\/\/www.appyweb.es\/posicionamiento-web\/\">tambi\u00e9n se conoce como posicionamiento web<\/a>. Permiten conocer cu\u00e1l es la cantidad de personas que estar\u00e1n al alcance y <strong>cu\u00e1ntas de ellas pueden convertirse en posibles clientes<\/strong>, o bien cumplir con los objetivos de cada campa\u00f1a.<\/p>\n<h2>M\u00e9tricas accionables vs indicadores vanidosos<\/h2>\n<p>Debido a la variedad de las KPI, se ha levantado un constante debate sobre cu\u00e1les son los indicadores que de verdad ofrecen datos invariables a los responsables del marketing. Por un lado, est\u00e1n las <em>m\u00e9tricas accionables<\/em>, que <strong>suelen ofrecer resultados reales sobre una situaci\u00f3n<\/strong>, es decir, se analizan las causas y efectos de la acci\u00f3n tal cual como se plantean.<\/p>\n<p>Por otro lado, est\u00e1n los <em>indicadores vanidosos<\/em>, que son todo lo contrario a lo anterior, ya que inciden en el ego de la empresa. Los resultados solo son analizados para verificar que la empresa ha ganado \u00abalgo\u00bb de valor, pero, al conocer sus resultados no permiten accionar cambios o conocer defectos de la campa\u00f1a. Un ejemplo de las vanity metrics es la cantidad de seguidores en redes sociales.<\/p>\n<h2>Ejemplo de una m\u00e9trica accionable<\/h2>\n<p>Aunque bien en la mayor\u00eda de las estrategias para redes sociales se eval\u00faan indicadores vanidosos, existen <strong>algunas m\u00e9tricas accionables a las que se puede sacar provecho<\/strong>. Un ejemplo claro de esto es la cantidad de tr\u00e1fico que se obtiene desde las redes sociales hacia un blog o sitio web.<\/p>\n<p>Tambi\u00e9n se puede analizar el nivel de autoridad del sitio web, es decir, cu\u00e1l es la relevancia del mismo en el sector, ya que esto mejorar\u00e1 su posicionamiento en buscadores. La evaluaci\u00f3n de la calidad de vida del usuario tambi\u00e9n es una KPI muy \u00fatil, hay una gran variedad de ellas en el mundo de la anal\u00edtica web.<\/p>\n<p><script type=\"application\/ld+json\">{\"@context\":\"https:\/\/schema.org\",\"@type\":\"FAQPage\",\"mainEntity\":[ \n{\"@type\":\"Question\",\"name\":\"\ud83d\udccc \u00bfQu\u00e9 es una m\u00e9trica accionable?\",\"acceptedAnswer\":{\"@type\":\"Answer\",\"text\":\"<\/p>\n<p>Una m\u00e9trica accionable o tambi\u00e9n conocida KPI (Indicador clave de desempe\u00f1o, por sus siglas en ingl\u00e9s), es un t\u00e9rmino que indica una serie de <strong>an\u00e1lisis que permiten conocer los resultados de campa\u00f1as de marketing<\/strong> desde diferentes \u00e1ngulos. Suelen ser <a href='https:\/\/www.appyweb.es\/auditoria-seo\/'>utilizadas con frecuencia en las auditor\u00edas SEO<\/a> para conocer el rendimiento de las estrategias de posicionamiento.<\/p>\n<p>Pero, tambi\u00e9n son indispensables para conocer si dichos resultados son directamente beneficiosos para la empresa, para determinar datos cuantitativos y las ganancias monetarias o probabilidad de ganancia de clientes. De esta forma, <strong>las KPI eval\u00faan casi todos los campos del marketing<\/strong>, contenidos, posicionamiento, redes sociales, landing pages, etc.<\/p>\n<p>\"}},\n{\"@type\":\"Question\",\"name\":\"\ud83d\udccc \u00bfPara qu\u00e9 sirve una m\u00e9trica accionable?\",\"acceptedAnswer\":{\"@type\":\"Answer\",\"text\":\"<\/p>\n<p>En primer lugar, les permite a los profesionales del marketing conocer <strong>qu\u00e9 tan efectivas son las t\u00e9cnicas que se est\u00e1n aplicando<\/strong>. Pero tambi\u00e9n son indispensables para facilitar la toma de decisiones, eliminar recursos que est\u00e1n haciendo perder tiempo y dinero, as\u00ed como reforzar aquellos que est\u00e1n sobrepasando las expectativas o modificar los que cuentan con un buen potencial.<\/p>\n<p>Las m\u00e9tricas accionables tambi\u00e9n suelen estar relacionadas con el tr\u00e1fico web y las plataformas que utilizan para llegar a encontrar un sitio web, lo que <a href='https:\/\/www.appyweb.es\/posicionamiento-web\/'>tambi\u00e9n se conoce como posicionamiento web<\/a>. Permiten conocer cu\u00e1l es la cantidad de personas que estar\u00e1n al alcance y <strong>cu\u00e1ntas de ellas pueden convertirse en posibles clientes<\/strong>, o bien cumplir con los objetivos de cada campa\u00f1a.<\/p>\n<p>\"}},\n{\"@type\":\"Question\",\"name\":\"\ud83d\udccc M\u00e9tricas accionables vs indicadores vanidosos\",\"acceptedAnswer\":{\"@type\":\"Answer\",\"text\":\"<\/p>\n<p>Debido a la variedad de las KPI, se ha levantado un constante debate sobre cu\u00e1les son los indicadores que de verdad ofrecen datos invariables a los responsables del marketing. Por un lado, est\u00e1n las <em>m\u00e9tricas accionables<\/em>, que <strong>suelen ofrecer resultados reales sobre una situaci\u00f3n<\/strong>, es decir, se analizan las causas y efectos de la acci\u00f3n tal cual como se plantean.<\/p>\n<p>Por otro lado, est\u00e1n los <em>indicadores vanidosos<\/em>, que son todo lo contrario a lo anterior, ya que inciden en el ego de la empresa. Los resultados solo son analizados para verificar que la empresa ha ganado 'algo' de valor, pero, al conocer sus resultados no permiten accionar cambios o conocer defectos de la campa\u00f1a. Un ejemplo de las vanity metrics es la cantidad de seguidores en redes sociales.<\/p>\n<p>\"}},\n{\"@type\":\"Question\",\"name\":\"\ud83d\udccc Ejemplo de una m\u00e9trica accionable\",\"acceptedAnswer\":{\"@type\":\"Answer\",\"text\":\"<\/p>\n<p>Aunque bien en la mayor\u00eda de las estrategias para redes sociales se eval\u00faan indicadores vanidosos, existen <strong>algunas m\u00e9tricas accionables a las que se puede sacar provecho<\/strong>. Un ejemplo claro de esto es la cantidad de tr\u00e1fico que se obtiene desde las redes sociales hacia un blog o sitio web.<\/p>\n<p>Tambi\u00e9n se puede analizar el nivel de autoridad del sitio web, es decir, cu\u00e1l es la relevancia del mismo en el sector, ya que esto mejorar\u00e1 su posicionamiento en buscadores. La evaluaci\u00f3n de la calidad de vida del usuario tambi\u00e9n es una KPI muy \u00fatil, hay una gran variedad de ellas en el mundo de la anal\u00edtica web.<\/p>\n<p>\"}}\n]}<\/script><\/p>\n<h2>M\u00e1s informaci\u00f3n sobre m\u00e9tricas accionables<\/h2>\n<p>Sin dudas debes llevar a cabo estos indicadores con cada campa\u00f1a que realices en Internet. Si a\u00fan no conoces mucho sobre el tema, aqu\u00ed tienes un par de enlaces para ampliar tu informaci\u00f3n.<\/p>\n<ul>\n<li><a href=\"https:\/\/www.appyweb.es\/analiza-pagina-web-crecer-negocio-online\/\">Analiza tu web para hacer crecer tu negocio online<\/a><\/li>\n<li><a href=\"https:\/\/www.iprofesional.com\/tecnologia\/325084-ecommerce-las-10-metricas-mas-importantes\" rel=\"nofollow noopener\" target=\"_blank\">Ecommerce: Las 10 m\u00e9tricas m\u00e1s importantes<\/a><\/li>\n<\/ul>\n<p>&nbsp;<\/p>\n","protected":false},"excerpt":{"rendered":"<p>Se trata de un recurso del an\u00e1lisis de marketing digital que consiste en estudiar si los resultados de alguna campa\u00f1a est\u00e1n siendo efectivos. Las m\u00e9tricas accionables son las conocidas KPI, permiten demostrar si las acciones de publicidad son beneficiosas para la empresa o no. \u00bfQu\u00e9 es una m\u00e9trica accionable? Una m\u00e9trica accionable o tambi\u00e9n conocida [&hellip;]<\/p>\n","protected":false},"author":1,"featured_media":16309,"parent":0,"menu_order":0,"comment_status":"open","ping_status":"closed","template":"","meta":{"inline_featured_image":false,"footnotes":""},"class_list":["post-3087","page","type-page","status-publish","has-post-thumbnail","hentry"],"_links":{"self":[{"href":"https:\/\/www.appyweb.es\/diccionario\/wp-json\/wp\/v2\/pages\/3087","targetHints":{"allow":["GET"]}}],"collection":[{"href":"https:\/\/www.appyweb.es\/diccionario\/wp-json\/wp\/v2\/pages"}],"about":[{"href":"https:\/\/www.appyweb.es\/diccionario\/wp-json\/wp\/v2\/types\/page"}],"author":[{"embeddable":true,"href":"https:\/\/www.appyweb.es\/diccionario\/wp-json\/wp\/v2\/users\/1"}],"replies":[{"embeddable":true,"href":"https:\/\/www.appyweb.es\/diccionario\/wp-json\/wp\/v2\/comments?post=3087"}],"version-history":[{"count":5,"href":"https:\/\/www.appyweb.es\/diccionario\/wp-json\/wp\/v2\/pages\/3087\/revisions"}],"predecessor-version":[{"id":16311,"href":"https:\/\/www.appyweb.es\/diccionario\/wp-json\/wp\/v2\/pages\/3087\/revisions\/16311"}],"wp:featuredmedia":[{"embeddable":true,"href":"https:\/\/www.appyweb.es\/diccionario\/wp-json\/wp\/v2\/media\/16309"}],"wp:attachment":[{"href":"https:\/\/www.appyweb.es\/diccionario\/wp-json\/wp\/v2\/media?parent=3087"}],"curies":[{"name":"wp","href":"https:\/\/api.w.org\/{rel}","templated":true}]}}