{"id":3099,"date":"2023-06-22T14:07:59","date_gmt":"2023-06-22T14:07:59","guid":{"rendered":"https:\/\/www.appyweb.es\/diccionario\/?post_type=project&#038;p=3099"},"modified":"2024-05-09T11:24:53","modified_gmt":"2024-05-09T11:24:53","slug":"microcopy","status":"publish","type":"page","link":"https:\/\/www.appyweb.es\/diccionario\/microcopy\/","title":{"rendered":"Microcopy"},"content":{"rendered":"<figure id=\"attachment_16327\" aria-describedby=\"caption-attachment-16327\" style=\"width: 1000px\" class=\"wp-caption alignnone\"><img loading=\"lazy\" decoding=\"async\" class=\"size-full wp-image-16327\" src=\"https:\/\/www.appyweb.es\/diccionario\/wp-content\/uploads\/2024\/05\/Microcopy.jpg\" alt=\"Microcopy\" width=\"1000\" height=\"600\" srcset=\"https:\/\/www.appyweb.es\/diccionario\/wp-content\/uploads\/2024\/05\/Microcopy.jpg 1000w, https:\/\/www.appyweb.es\/diccionario\/wp-content\/uploads\/2024\/05\/Microcopy-300x180.jpg 300w, https:\/\/www.appyweb.es\/diccionario\/wp-content\/uploads\/2024\/05\/Microcopy-768x461.jpg 768w\" sizes=\"auto, (max-width: 1000px) 100vw, 1000px\" \/><figcaption id=\"caption-attachment-16327\" class=\"wp-caption-text\">Dos personas mirando una pagina web con un dise\u00f1o muy intuitivo.<\/figcaption><\/figure>\n<p>Es un t\u00e9rmino que se refiere a las oraciones, frases o palabras que invitan al usuario a la acci\u00f3n. <strong>Un microcopy es como un texto copy<\/strong>, pero m\u00e1s corto, directo y conciso. Tambi\u00e9n es cualquier texto corto que busca promocionar una imagen o marca.<\/p>\n<h2>\u00bfQu\u00e9 es un microcopy?<\/h2>\n<p>Son b\u00e1sicamente <strong>fragmentos de texto que buscan indicar una acci\u00f3n al usuario<\/strong>, usualmente los microcopys garantizan que la experiencia del usuario en un sitio web o plataforma sea m\u00e1s intuitiva. Es por eso que se utilizan con frecuencia en los conceptos de UX (experiencia del usuario) para los <a href=\"https:\/\/www.appyweb.es\/diseno-web\/\">dise\u00f1os web y ajustes de SEO on page<\/a>.<\/p>\n<p>Suelen ser utilizados con frecuencia como anchor texts, es decir, la frase donde se incluir\u00e1 un hiperv\u00ednculo, pero es m\u00e1s com\u00fan verlos como un CTA (call to action o llamada a la acci\u00f3n) donde indica cu\u00e1l es el siguiente paso que debe realizar el usuario. Se relaciona m\u00e1s con las estrategias de marketing dentro de la plataforma.<\/p>\n<h2>\u00bfPara qu\u00e9 sirve el microcopy?<\/h2>\n<p>Se utiliza para <strong>llamar la atenci\u00f3n de los usuarios dentro de un sitio web<\/strong>, con frecuencia sirven para aprovechar los \u00abpuntos de calor\u00bb dentro del <em>heat map<\/em> de navegaci\u00f3n de un sitio web. Es decir, el lugar donde los usuarios pasan m\u00e1s tiempo o indican su puntero con mayor frecuencia, es algo esencial para la <a href=\"https:\/\/www.appyweb.es\/rediseno-web\/\">toma de decisiones en el redise\u00f1o web<\/a> y mejorar la experiencia de usuario.<\/p>\n<p>Igualmente, se puede decir que es un recurso que ayuda a los usuarios a entender los elementos de un sitio web, mientras que permite <strong>generar una mayor cantidad de visitas y conversiones<\/strong>. Por ejemplo, un simple \u00abcont\u00e1ctanos\u00bb es un excelente nanocopy que acompa\u00f1a a los formularios de la empresa.<\/p>\n<h2>\u00bfY cu\u00e1l es su diferencia con el UX Writing?<\/h2>\n<p>Esta otra t\u00e9cnica es muy similar, cualquier principiante pensar\u00eda que se trata de la misma estrategia de nanocopy, pero, algunos expertos indican que el <strong>UX Writing debe utilizarse como un concepto m\u00e1s general<\/strong>, que incluye las t\u00e9cnicas de copywriting. Para hacer esta diferencia a\u00fan m\u00e1s clara se puede decir que el UX Writing es una pr\u00e1ctica, mientras que el microcopy es un tipo de texto.<\/p>\n<p>En este sentido, un UX writer debe conocer todas las t\u00e9cnicas de nano-escritura, marketing, CTA o call to action, entre otras estrategias propias de la escritura publicitaria.<\/p>\n<h2>Ejemplo de microcopy<\/h2>\n<p>Detectar uno de estos es muy f\u00e1cil, solo tienes que tener en cuenta sus caracter\u00edsticas, si indica una acci\u00f3n y esa acci\u00f3n es de valor para la empresa, entonces <strong>estar\u00e1s en presencia de uno de estos elementos<\/strong>. Algunos de los ejemplos m\u00e1s claros son las aclaraciones, textos de formularios, mensajes de error, frases cortas que explican una funci\u00f3n, texto de un bot\u00f3n, etc.<\/p>\n<p>Por ejemplo, en la siguiente imagen puedes ver un mensaje que aparece despu\u00e9s de descargar un curso sobre copywriting de Ivo Fiz. Lo primero que indica es una frase corta muy comercial, lo que se reconoce como un microcopy.<\/p>\n<p><script type=\"application\/ld+json\">{\"@context\":\"https:\/\/schema.org\",\"@type\":\"FAQPage\",\"mainEntity\":[ \n{\"@type\":\"Question\",\"name\":\"\ud83d\udccc \u00bfQu\u00e9 es un microcopy?\",\"acceptedAnswer\":{\"@type\":\"Answer\",\"text\":\"<\/p>\n<p>Son b\u00e1sicamente <strong>fragmentos de texto que buscan indicar una acci\u00f3n al usuario<\/strong>, usualmente los microcopys garantizan que la experiencia del usuario en un sitio web o plataforma sea m\u00e1s intuitiva. Es por eso que se utilizan con frecuencia en los conceptos de UX (experiencia del usuario) para los <a href='https:\/\/www.appyweb.es\/diseno-web\/'>dise\u00f1os web y ajustes de SEO on page<\/a>.<\/p>\n<p>Suelen ser utilizados con frecuencia como anchor texts, es decir, la frase donde se incluir\u00e1 un hiperv\u00ednculo, pero es m\u00e1s com\u00fan verlos como un CTA (call to action o llamada a la acci\u00f3n) donde indica cu\u00e1l es el siguiente paso que debe realizar el usuario. Se relaciona m\u00e1s con las estrategias de marketing dentro de la plataforma.<\/p>\n<p>\"}},\n{\"@type\":\"Question\",\"name\":\"\ud83d\udccc \u00bfPara qu\u00e9 sirve el microcopy?\",\"acceptedAnswer\":{\"@type\":\"Answer\",\"text\":\"<\/p>\n<p>Se utiliza para <strong>llamar la atenci\u00f3n de los usuarios dentro de un sitio web<\/strong>, con frecuencia sirven para aprovechar los 'puntos de calor' dentro del <em>heat map<\/em> de navegaci\u00f3n de un sitio web. Es decir, el lugar donde los usuarios pasan m\u00e1s tiempo o indican su puntero con mayor frecuencia, es algo esencial para la <a href='https:\/\/www.appyweb.es\/rediseno-web\/'>toma de decisiones en el redise\u00f1o web<\/a> y mejorar la experiencia de usuario.<\/p>\n<p>Igualmente, se puede decir que es un recurso que ayuda a los usuarios a entender los elementos de un sitio web, mientras que permite <strong>generar una mayor cantidad de visitas y conversiones<\/strong>. Por ejemplo, un simple 'cont\u00e1ctanos' es un excelente nanocopy que acompa\u00f1a a los formularios de la empresa.<\/p>\n<p>\"}},\n{\"@type\":\"Question\",\"name\":\"\ud83d\udccc \u00bfY cu\u00e1l es su diferencia con el UX Writing?\",\"acceptedAnswer\":{\"@type\":\"Answer\",\"text\":\"<\/p>\n<p>Esta otra t\u00e9cnica es muy similar, cualquier principiante pensar\u00eda que se trata de la misma estrategia de nanocopy, pero, algunos expertos indican que el <strong>UX Writing debe utilizarse como un concepto m\u00e1s general<\/strong>, que incluye las t\u00e9cnicas de copywriting. Para hacer esta diferencia a\u00fan m\u00e1s clara se puede decir que el UX Writing es una pr\u00e1ctica, mientras que el microcopy es un tipo de texto.<\/p>\n<p>En este sentido, un UX writer debe conocer todas las t\u00e9cnicas de nano-escritura, marketing, CTA o call to action, entre otras estrategias propias de la escritura publicitaria.<\/p>\n<p>\"}},\n{\"@type\":\"Question\",\"name\":\"\ud83d\udccc Ejemplo de microcopy\",\"acceptedAnswer\":{\"@type\":\"Answer\",\"text\":\"<\/p>\n<p>Detectar uno de estos es muy f\u00e1cil, solo tienes que tener en cuenta sus caracter\u00edsticas, si indica una acci\u00f3n y esa acci\u00f3n es de valor para la empresa, entonces <strong>estar\u00e1s en presencia de uno de estos elementos<\/strong>. Algunos de los ejemplos m\u00e1s claros son las aclaraciones, textos de formularios, mensajes de error, frases cortas que explican una funci\u00f3n, texto de un bot\u00f3n, etc.<\/p>\n<p>Por ejemplo, en la siguiente imagen puedes ver un mensaje que aparece despu\u00e9s de descargar un curso sobre copywriting de Ivo Fiz. Lo primero que indica es una frase corta muy comercial, lo que se reconoce como un microcopy.<\/p>\n<p>\"}}\n]}<\/script><\/p>\n<h2>M\u00e1s informaci\u00f3n sobre microcopy<\/h2>\n<p>Hacer estas peque\u00f1as frases comerciales para llamar la atenci\u00f3n del usuario no es tan f\u00e1cil como parece, si quieres saber un poco m\u00e1s sobre c\u00f3mo redactarlas mira los siguientes enlaces.<\/p>\n<ul>\n<li><a href=\"https:\/\/www.appyweb.es\/7-formulas-copywriting-efectivas\/\">7 f\u00f3rmulas de copywriting efectivas<\/a><\/li>\n<li><a href=\"https:\/\/www.elpublicista.es\/profesion\/microcopy-clave-para-aumentar-experiencia-usuario-marketing\" rel=\"nofollow noopener\" target=\"_blank\">El microcopy, clave para aumentar la experiencia de usuario<\/a>microcopy<\/li>\n<\/ul>\n<p>&nbsp;<\/p>\n","protected":false},"excerpt":{"rendered":"<p>Es un t\u00e9rmino que se refiere a las oraciones, frases o palabras que invitan al usuario a la acci\u00f3n. Un microcopy es como un texto copy, pero m\u00e1s corto, directo y conciso. Tambi\u00e9n es cualquier texto corto que busca promocionar una imagen o marca. \u00bfQu\u00e9 es un microcopy? Son b\u00e1sicamente fragmentos de texto que buscan [&hellip;]<\/p>\n","protected":false},"author":1,"featured_media":16327,"parent":0,"menu_order":0,"comment_status":"open","ping_status":"closed","template":"","meta":{"inline_featured_image":false,"footnotes":""},"class_list":["post-3099","page","type-page","status-publish","has-post-thumbnail","hentry"],"_links":{"self":[{"href":"https:\/\/www.appyweb.es\/diccionario\/wp-json\/wp\/v2\/pages\/3099","targetHints":{"allow":["GET"]}}],"collection":[{"href":"https:\/\/www.appyweb.es\/diccionario\/wp-json\/wp\/v2\/pages"}],"about":[{"href":"https:\/\/www.appyweb.es\/diccionario\/wp-json\/wp\/v2\/types\/page"}],"author":[{"embeddable":true,"href":"https:\/\/www.appyweb.es\/diccionario\/wp-json\/wp\/v2\/users\/1"}],"replies":[{"embeddable":true,"href":"https:\/\/www.appyweb.es\/diccionario\/wp-json\/wp\/v2\/comments?post=3099"}],"version-history":[{"count":5,"href":"https:\/\/www.appyweb.es\/diccionario\/wp-json\/wp\/v2\/pages\/3099\/revisions"}],"predecessor-version":[{"id":16330,"href":"https:\/\/www.appyweb.es\/diccionario\/wp-json\/wp\/v2\/pages\/3099\/revisions\/16330"}],"wp:featuredmedia":[{"embeddable":true,"href":"https:\/\/www.appyweb.es\/diccionario\/wp-json\/wp\/v2\/media\/16327"}],"wp:attachment":[{"href":"https:\/\/www.appyweb.es\/diccionario\/wp-json\/wp\/v2\/media?parent=3099"}],"curies":[{"name":"wp","href":"https:\/\/api.w.org\/{rel}","templated":true}]}}