{"id":3134,"date":"2023-06-22T14:17:13","date_gmt":"2023-06-22T14:17:13","guid":{"rendered":"https:\/\/www.appyweb.es\/diccionario\/?post_type=project&#038;p=3134"},"modified":"2024-05-09T13:26:42","modified_gmt":"2024-05-09T13:26:42","slug":"modelo-navegacion-aleatorio","status":"publish","type":"page","link":"https:\/\/www.appyweb.es\/diccionario\/modelo-navegacion-aleatorio\/","title":{"rendered":"Modelo de Navegaci\u00f3n Aleatorio"},"content":{"rendered":"<figure id=\"attachment_16367\" aria-describedby=\"caption-attachment-16367\" style=\"width: 1000px\" class=\"wp-caption alignnone\"><img loading=\"lazy\" decoding=\"async\" class=\"size-full wp-image-16367\" src=\"https:\/\/www.appyweb.es\/diccionario\/wp-content\/uploads\/2024\/05\/ModeloDeNavegacionAleatorio.jpg\" alt=\"Modelo de Navegaci\u00f3n Aleatorio\" width=\"1000\" height=\"600\" srcset=\"https:\/\/www.appyweb.es\/diccionario\/wp-content\/uploads\/2024\/05\/ModeloDeNavegacionAleatorio.jpg 1000w, https:\/\/www.appyweb.es\/diccionario\/wp-content\/uploads\/2024\/05\/ModeloDeNavegacionAleatorio-300x180.jpg 300w, https:\/\/www.appyweb.es\/diccionario\/wp-content\/uploads\/2024\/05\/ModeloDeNavegacionAleatorio-768x461.jpg 768w\" sizes=\"auto, (max-width: 1000px) 100vw, 1000px\" \/><figcaption id=\"caption-attachment-16367\" class=\"wp-caption-text\">Personas en una pantalla conectadas a internet.<\/figcaption><\/figure>\n<p>Es un m\u00e9todo que <strong>proporciona informaci\u00f3n sobre el comportamiento de los usuarios en internet<\/strong>, el modelo de navegaci\u00f3n aleatorio era un aspecto que el Page Rank ten\u00eda en cuenta para posicionar un sitio web. En la actualidad, el algoritmo utiliza otras caracter\u00edsticas del usuario para ordenar los resultados de b\u00fasqueda.<\/p>\n<h2>\u00bfQu\u00e9 es?<\/h2>\n<p>Es el c\u00e1lculo de las probabilidades que tiene un usuario para visitar un site a trav\u00e9s de enlaces al azar. En otras palabras, <strong>las posibilidades que tiene un sitio de ser visitado por un usuario<\/strong>, que quiz\u00e1s inici\u00f3 su b\u00fasqueda en otra. El modelo de navegaci\u00f3n cuenta con dos vertientes, basadas en que existen dos formas en las que el usuario navega en Internet, accede escribiendo la URL directamente o hace clic en un enlace aleatorio dentro de un contenido.<\/p>\n<p>Es aleatorio porque no sigue una l\u00ednea de b\u00fasqueda espec\u00edfica, a diferencia de otros modelos de navegaci\u00f3n presentes en los sitios, que tienen objetivos espec\u00edficos para predecir las b\u00fasquedas de sus usuarios. En este caso, se deja al azar la llegada del usuario, pero se eval\u00faan esas posibilidades a trav\u00e9s de este m\u00e9todo. Era un aspecto importante a evaluar para <a href=\"https:\/\/www.appyweb.es\/posicionamiento-web\/\">alcanzar un posicionamiento web m\u00e1s notorio<\/a> en las SERP\\&#8217;s.<\/p>\n<h2>\u00bfPara qu\u00e9 sirve?<\/h2>\n<p>Este c\u00e1lculo de probabilidades permit\u00eda que los expertos en marketing digital<a href=\"https:\/\/www.appyweb.es\/auditoria-seo\/\"> dise\u00f1aran estrategias SEO<\/a> m\u00e1s efectivas. El modelo de navegaci\u00f3n aleatorio se sustenta en el Page Rank de Google, es decir, en la calificaci\u00f3n de la autoridad de un sitio dado por Google. Pero, ha perdido su utilidad, pues la mayor\u00eda de los usuarios <strong>ya no terminan en un sitio de forma casual con tanta frecuencia<\/strong>. El usuario actual conoce lo que busca, por lo que hoy es m\u00e1s efectivo predecir c\u00f3mo ser\u00e1 la b\u00fasqueda.<\/p>\n<p>Esto no significa que Google haya dejado de incluir esta probabilidad, sino que m\u00e1s bien en la actualidad no es com\u00fan que un usuario navegue al azar, sin al menos tener una idea sobre lo que le interesa. Sin embargo, <strong>siempre ser\u00e1 \u00fatil prestar atenci\u00f3n a c\u00f3mo la autoridad de dominio influye<\/strong> en que una p\u00e1gina pueda ser visualizada.<\/p>\n<h2>\u00bfC\u00f3mo funciona el modelo de navegaci\u00f3n aleatoria?<\/h2>\n<p>En pocas palabras, es como un m\u00e9todo de adivinaci\u00f3n, se estudian las probabilidades de que un usuario acceda a una URL en espec\u00edfico, teniendo en cuenta la cantidad de URL disponibles en las que puede hacer clic. Por ejemplo, si una persona accede a un blog para leer un post y en ese texto hay 5 enlaces anclados, el m\u00e9todo estudiar\u00e1 cu\u00e1l es la probabilidad de que entre a un sitio web en espec\u00edfico desde esos 5 enlaces.<\/p>\n<p>Esto depender\u00e1 de lo que le interesa al usuario, la relaci\u00f3n del tema en esos enlaces con la b\u00fasqueda que est\u00e1 haciendo, la autoridad de esas URL, entre otros aspectos. Es por eso que el algoritmo anteriormente posicionaba mejor a los sitios web que conten\u00edan menos enlaces, porque la probabilidad de conocer d\u00f3nde el usuario har\u00eda clic era m\u00e1s alta.<\/p>\n<h2>\u00bfCu\u00e1l es la relevancia del modelo de navegaci\u00f3n para las b\u00fasquedas<\/h2>\n<p>Como se mencion\u00f3 arriba, actualmente <strong>este m\u00e9todo ya no es utilizado por los buscadores<\/strong> para determinar el posicionamiento de un sitio web en las b\u00fasquedas. Sin embargo, ten\u00eda relevancia porque con \u00e9l los expertos pod\u00edan analizar la calidad de sus back link. Aparte, anteriormente era relativamente m\u00e1s f\u00e1cil entender c\u00f3mo funcionaba el algoritmo y obtener probabilidades m\u00e1s certeras.<\/p>\n<p>Pero, con el paso del tiempo Google y otros motores de b\u00fasqueda relevantes empezaron a ser m\u00e1s herm\u00e9ticos con respecto a c\u00f3mo funcionaban sus algoritmos. Aun as\u00ed, varios expertos han determinado que el modelo ya no es tan relevante, que la \u00fanica forma de <strong>evaluar la calidad de los enlaces es a trav\u00e9s de su nivel de autoridad <\/strong>y relevancia con la b\u00fasqueda del usuario.<\/p>\n<p><script type=\"application\/ld+json\">{\"@context\":\"https:\/\/schema.org\",\"@type\":\"FAQPage\",\"mainEntity\":[ \n{\"@type\":\"Question\",\"name\":\"\ud83d\udccc \u00bfQu\u00e9 es?\",\"acceptedAnswer\":{\"@type\":\"Answer\",\"text\":\"<\/p>\n<p>Es el c\u00e1lculo de las probabilidades que tiene un usuario para visitar un site a trav\u00e9s de enlaces al azar. En otras palabras, <strong>las posibilidades que tiene un sitio de ser visitado por un usuario<\/strong>, que quiz\u00e1s inici\u00f3 su b\u00fasqueda en otra. El modelo de navegaci\u00f3n cuenta con dos vertientes, basadas en que existen dos formas en las que el usuario navega en Internet, accede escribiendo la URL directamente o hace clic en un enlace aleatorio dentro de un contenido.<\/p>\n<p>Es aleatorio porque no sigue una l\u00ednea de b\u00fasqueda espec\u00edfica, a diferencia de otros modelos de navegaci\u00f3n presentes en los sitios, que tienen objetivos espec\u00edficos para predecir las b\u00fasquedas de sus usuarios. En este caso, se deja al azar la llegada del usuario, pero se eval\u00faan esas posibilidades a trav\u00e9s de este m\u00e9todo. Era un aspecto importante a evaluar para <a href='https:\/\/www.appyweb.es\/posicionamiento-web\/'>alcanzar un posicionamiento web m\u00e1s notorio<\/a> en las SERP\\'s.<\/p>\n<p>\"}},\n{\"@type\":\"Question\",\"name\":\"\ud83d\udccc \u00bfPara qu\u00e9 sirve?\",\"acceptedAnswer\":{\"@type\":\"Answer\",\"text\":\"<\/p>\n<p>Este c\u00e1lculo de probabilidades permit\u00eda que los expertos en marketing digital<a href='https:\/\/www.appyweb.es\/auditoria-seo\/'> dise\u00f1aran estrategias SEO<\/a> m\u00e1s efectivas. El modelo de navegaci\u00f3n aleatorio se sustenta en el Page Rank de Google, es decir, en la calificaci\u00f3n de la autoridad de un sitio dado por Google. Pero, ha perdido su utilidad, pues la mayor\u00eda de los usuarios <strong>ya no terminan en un sitio de forma casual con tanta frecuencia<\/strong>. El usuario actual conoce lo que busca, por lo que hoy es m\u00e1s efectivo predecir c\u00f3mo ser\u00e1 la b\u00fasqueda.<\/p>\n<p>Esto no significa que Google haya dejado de incluir esta probabilidad, sino que m\u00e1s bien en la actualidad no es com\u00fan que un usuario navegue al azar, sin al menos tener una idea sobre lo que le interesa. Sin embargo, <strong>siempre ser\u00e1 \u00fatil prestar atenci\u00f3n a c\u00f3mo la autoridad de dominio influye<\/strong> en que una p\u00e1gina pueda ser visualizada.<\/p>\n<p>\"}},\n{\"@type\":\"Question\",\"name\":\"\ud83d\udccc \u00bfC\u00f3mo funciona el modelo de navegaci\u00f3n aleatoria?\",\"acceptedAnswer\":{\"@type\":\"Answer\",\"text\":\"<\/p>\n<p>En pocas palabras, es como un m\u00e9todo de adivinaci\u00f3n, se estudian las probabilidades de que un usuario acceda a una URL en espec\u00edfico, teniendo en cuenta la cantidad de URL disponibles en las que puede hacer clic. Por ejemplo, si una persona accede a un blog para leer un post y en ese texto hay 5 enlaces anclados, el m\u00e9todo estudiar\u00e1 cu\u00e1l es la probabilidad de que entre a un sitio web en espec\u00edfico desde esos 5 enlaces.<\/p>\n<p>Esto depender\u00e1 de lo que le interesa al usuario, la relaci\u00f3n del tema en esos enlaces con la b\u00fasqueda que est\u00e1 haciendo, la autoridad de esas URL, entre otros aspectos. Es por eso que el algoritmo anteriormente posicionaba mejor a los sitios web que conten\u00edan menos enlaces, porque la probabilidad de conocer d\u00f3nde el usuario har\u00eda clic era m\u00e1s alta.<\/p>\n<p>\"}},\n{\"@type\":\"Question\",\"name\":\"\ud83d\udccc \u00bfCu\u00e1l es la relevancia del modelo de navegaci\u00f3n para las b\u00fasquedas\",\"acceptedAnswer\":{\"@type\":\"Answer\",\"text\":\"<\/p>\n<p>Como se mencion\u00f3 arriba, actualmente <strong>este m\u00e9todo ya no es utilizado por los buscadores<\/strong> para determinar el posicionamiento de un sitio web en las b\u00fasquedas. Sin embargo, ten\u00eda relevancia porque con \u00e9l los expertos pod\u00edan analizar la calidad de sus back link. Aparte, anteriormente era relativamente m\u00e1s f\u00e1cil entender c\u00f3mo funcionaba el algoritmo y obtener probabilidades m\u00e1s certeras.<\/p>\n<p>Pero, con el paso del tiempo Google y otros motores de b\u00fasqueda relevantes empezaron a ser m\u00e1s herm\u00e9ticos con respecto a c\u00f3mo funcionaban sus algoritmos. Aun as\u00ed, varios expertos han determinado que el modelo ya no es tan relevante, que la \u00fanica forma de <strong>evaluar la calidad de los enlaces es a trav\u00e9s de su nivel de autoridad <\/strong>y relevancia con la b\u00fasqueda del usuario.<\/p>\n<p>\"}}\n]}<\/script><\/p>\n<h2>M\u00e1s informaci\u00f3n sobre modelo de navegaci\u00f3n aleatorio<\/h2>\n<p>Hoy en d\u00eda tienes a la orden una gran lista de caracter\u00edsticas para optimizar y mejorar tu posicionamiento, no solo en c\u00f3mo funcionan tus enlaces, aunque bien s\u00ed son una parte relevante para tu SEO, mira estos enlaces.<\/p>\n<ul>\n<li><a href=\"https:\/\/www.appyweb.es\/diccionario\/breadcrumb\/\">\u00bfQu\u00e9 es Breadcrumb y para qu\u00e9 sirve?<\/a><\/li>\n<li><a href=\"https:\/\/www.inboundcycle.com\/blog-de-inbound-marketing\/como-medir-la-calidad-de-un-enlace\" rel=\"nofollow noopener\" target=\"_blank\">C\u00f3mo medir la calidad de un enlace<\/a><\/li>\n<\/ul>\n<p>&nbsp;<\/p>\n","protected":false},"excerpt":{"rendered":"<p>Es un m\u00e9todo que proporciona informaci\u00f3n sobre el comportamiento de los usuarios en internet, el modelo de navegaci\u00f3n aleatorio era un aspecto que el Page Rank ten\u00eda en cuenta para posicionar un sitio web. En la actualidad, el algoritmo utiliza otras caracter\u00edsticas del usuario para ordenar los resultados de b\u00fasqueda. \u00bfQu\u00e9 es? Es el c\u00e1lculo [&hellip;]<\/p>\n","protected":false},"author":1,"featured_media":16367,"parent":0,"menu_order":0,"comment_status":"open","ping_status":"closed","template":"","meta":{"inline_featured_image":false,"footnotes":""},"class_list":["post-3134","page","type-page","status-publish","has-post-thumbnail","hentry"],"_links":{"self":[{"href":"https:\/\/www.appyweb.es\/diccionario\/wp-json\/wp\/v2\/pages\/3134","targetHints":{"allow":["GET"]}}],"collection":[{"href":"https:\/\/www.appyweb.es\/diccionario\/wp-json\/wp\/v2\/pages"}],"about":[{"href":"https:\/\/www.appyweb.es\/diccionario\/wp-json\/wp\/v2\/types\/page"}],"author":[{"embeddable":true,"href":"https:\/\/www.appyweb.es\/diccionario\/wp-json\/wp\/v2\/users\/1"}],"replies":[{"embeddable":true,"href":"https:\/\/www.appyweb.es\/diccionario\/wp-json\/wp\/v2\/comments?post=3134"}],"version-history":[{"count":5,"href":"https:\/\/www.appyweb.es\/diccionario\/wp-json\/wp\/v2\/pages\/3134\/revisions"}],"predecessor-version":[{"id":16370,"href":"https:\/\/www.appyweb.es\/diccionario\/wp-json\/wp\/v2\/pages\/3134\/revisions\/16370"}],"wp:featuredmedia":[{"embeddable":true,"href":"https:\/\/www.appyweb.es\/diccionario\/wp-json\/wp\/v2\/media\/16367"}],"wp:attachment":[{"href":"https:\/\/www.appyweb.es\/diccionario\/wp-json\/wp\/v2\/media?parent=3134"}],"curies":[{"name":"wp","href":"https:\/\/api.w.org\/{rel}","templated":true}]}}