{"id":3151,"date":"2023-06-22T14:20:33","date_gmt":"2023-06-22T14:20:33","guid":{"rendered":"https:\/\/www.appyweb.es\/diccionario\/?post_type=project&#038;p=3151"},"modified":"2023-09-04T09:31:53","modified_gmt":"2023-09-04T09:31:53","slug":"morgan-media","status":"publish","type":"page","link":"https:\/\/www.appyweb.es\/diccionario\/morgan-media\/","title":{"rendered":"Morgan Media"},"content":{"rendered":"<h1><\/h1>\n<p>Es una agencia de marketing est\u00e1 ubicada en la ciudad de Madrid y extiende sus servicios a Asturias. El <strong>principal objetivo de Morgan Media es captar clientes y fidelizarlos<\/strong> con ayuda de sus recursos en SEO y SEM.<\/p>\n<h2>\u00bfQu\u00e9 es Morgan Media?<\/h2>\n<p>Es una agencia que se dedica a <a href=\"https:\/\/www.appyweb.es\/posicionamiento-web\/\">ofrecer servicios de posicionamiento web SEO y SEM<\/a>. Es decir, utilizan sus recursos y conocimiento para <strong>ayudar a sus clientes a posicionarse en buscadores de forma org\u00e1nica<\/strong> y con m\u00e9todos de pago. Tambi\u00e9n combina elementos de comunicaci\u00f3n para fortalecer las campa\u00f1as de sus clientes.<\/p>\n<p>En cuanto a sus estrategias, se enfocan en la fidelizaci\u00f3n y gesti\u00f3n de los clientes, de forma que el negocio pueda tener una imagen m\u00e1s confiable y tambi\u00e9n pueda desarrollar t\u00e9cnicas que le permitan generar ganancias con mayor efectividad.<\/p>\n<h2>\u00bfPara qu\u00e9 sirve?<\/h2>\n<p>Su principal funci\u00f3n es <strong>ofrecer un mejor posicionamiento a sus clientes<\/strong>, utilizan estrategias como Keyword Research para adaptar las palabras clave a los nichos de mercado a los que se dirigen los clientes. Igualmente, ponen en pr\u00e1ctica diferentes m\u00e9todos publicitarios, como los <a href=\"https:\/\/www.appyweb.es\/campanas-google-adwords\/\">anuncios en Google Ads<\/a> o en redes sociales.<\/p>\n<p>Cuentan con un servicio personalizado, pueden adaptar sus estrategias a las necesidades de sus clientes. Tienen una <strong>buena reputaci\u00f3n por que realizan un plan de marketing<\/strong> que se adec\u00fae a los objetivos del proyecto sin tener que solicitar facturas extra.<\/p>\n<h2>Servicios de Morgan Media<\/h2>\n<ul>\n<li><strong>Posicionamiento SEO<\/strong>: Ayudan a los clientes a subir de posici\u00f3n y aumentar el tr\u00e1fico de posibles consumidores.<\/li>\n<li><strong>Campa\u00f1a de Ads<\/strong>: Emplean diferentes plataformas, como Google para llevar a cabo campa\u00f1as de anuncios.<\/li>\n<li><strong>Contenido RRSS<\/strong>: Realizan una labor de community management y coordinan un calendario de contenidos.<\/li>\n<li><strong>CRM<\/strong>: Captan a los leads y los gestionan con un recurso de CRM o customer relationship management.<\/li>\n<\/ul>\n<h2>Opiniones de Morgan Media<\/h2>\n<p>La empresa fue calificada 38 veces con un promedio de 4 estrellas, seg\u00fan las opiniones de Google, los usuarios est\u00e1n satisfechos con la <strong>atenci\u00f3n y la cercan\u00eda de los profesionales de esta agencia<\/strong>. Aparte, alaban sus servicios en posicionamiento, dando a entender que los clientes lograron alcanzar los objetivos planteados para posicionarse y aumentar su tasa de tr\u00e1fico.<\/p>\n<p>Tambi\u00e9n se destacan por sus servicios en mantenimiento y auditor\u00edas SEO, incluso para aquellas empresas que nunca han llevado a cabo una de estas evaluaciones, son pacientes y muy cercanos, capaces de explicar hasta el m\u00ednimo detalle de cada proyecto.<\/p>\n<p><script type=\"application\/ld+json\">{\"@context\":\"https:\/\/schema.org\",\"@type\":\"FAQPage\",\"mainEntity\":[ \n{\"@type\":\"Question\",\"name\":\"\ud83d\udccc \u00bfQu\u00e9 es Morgan Media?\",\"acceptedAnswer\":{\"@type\":\"Answer\",\"text\":\"<\/p>\n<p>Es una agencia que se dedica a <a href='https:\/\/www.appyweb.es\/posicionamiento-web\/'>ofrecer servicios de posicionamiento web SEO y SEM<\/a>. Es decir, utilizan sus recursos y conocimiento para <strong>ayudar a sus clientes a posicionarse en buscadores de forma org\u00e1nica<\/strong> y con m\u00e9todos de pago. Tambi\u00e9n combina elementos de comunicaci\u00f3n para fortalecer las campa\u00f1as de sus clientes.<\/p>\n<p>En cuanto a sus estrategias, se enfocan en la fidelizaci\u00f3n y gesti\u00f3n de los clientes, de forma que el negocio pueda tener una imagen m\u00e1s confiable y tambi\u00e9n pueda desarrollar t\u00e9cnicas que le permitan generar ganancias con mayor efectividad.<\/p>\n<p>\"}},\n{\"@type\":\"Question\",\"name\":\"\ud83d\udccc \u00bfPara qu\u00e9 sirve?\",\"acceptedAnswer\":{\"@type\":\"Answer\",\"text\":\"<\/p>\n<p>Su principal funci\u00f3n es <strong>ofrecer un mejor posicionamiento a sus clientes<\/strong>, utilizan estrategias como Keyword Research para adaptar las palabras clave a los nichos de mercado a los que se dirigen los clientes. Igualmente, ponen en pr\u00e1ctica diferentes m\u00e9todos publicitarios, como los <a href='https:\/\/www.appyweb.es\/campanas-google-adwords\/'>anuncios en Google Ads<\/a> o en redes sociales.<\/p>\n<p>Cuentan con un servicio personalizado, pueden adaptar sus estrategias a las necesidades de sus clientes. Tienen una <strong>buena reputaci\u00f3n por que realizan un plan de marketing<\/strong> que se adec\u00fae a los objetivos del proyecto sin tener que solicitar facturas extra.<\/p>\n<p>\"}},\n{\"@type\":\"Question\",\"name\":\"\ud83d\udccc Servicios de Morgan Media\",\"acceptedAnswer\":{\"@type\":\"Answer\",\"text\":\"<\/p>\n<ul>\n<li><strong>Posicionamiento SEO<\/strong>: Ayudan a los clientes a subir de posici\u00f3n y aumentar el tr\u00e1fico de posibles consumidores.<\/li>\n<\/p>\n<li><strong>Campa\u00f1a de Ads<\/strong>: Emplean diferentes plataformas, como Google para llevar a cabo campa\u00f1as de anuncios.<\/li>\n<\/p>\n<li><strong>Contenido RRSS<\/strong>: Realizan una labor de community management y coordinan un calendario de contenidos.<\/li>\n<\/p>\n<li><strong>CRM<\/strong>: Captan a los leads y los gestionan con un recurso de CRM o customer relationship management.<\/li>\n<\/p>\n<\/ul>\n<\/p>\n<p>\"}},\n{\"@type\":\"Question\",\"name\":\"\ud83d\udccc Opiniones de Morgan Media\",\"acceptedAnswer\":{\"@type\":\"Answer\",\"text\":\"<\/p>\n<p>La empresa fue calificada 38 veces con un promedio de 4 estrellas, seg\u00fan las opiniones de Google, los usuarios est\u00e1n satisfechos con la <strong>atenci\u00f3n y la cercan\u00eda de los profesionales de esta agencia<\/strong>. Aparte, alaban sus servicios en posicionamiento, dando a entender que los clientes lograron alcanzar los objetivos planteados para posicionarse y aumentar su tasa de tr\u00e1fico.<\/p>\n<p>Tambi\u00e9n se destacan por sus servicios en mantenimiento y auditor\u00edas SEO, incluso para aquellas empresas que nunca han llevado a cabo una de estas evaluaciones, son pacientes y muy cercanos, capaces de explicar hasta el m\u00ednimo detalle de cada proyecto.<\/p>\n<p>\"}}\n]}<\/script><\/p>\n<h2>M\u00e1s informaci\u00f3n sobre Morgan Media<\/h2>\n<p>\u00bfTe interesa lo que esta agencia ofrece? recuerda que tienes muchas opciones en el mercado, aprende cu\u00e1l escoger con los siguientes enlaces.<\/p>\n<ul>\n<li><a href=\"https:\/\/www.appyweb.es\/diccionario\/agencia-inbound-marketing\/\">\u00bfQu\u00e9 es la Agencia de Inbound Marketing y para qu\u00e9 sirve?<\/a><\/li>\n<li><a href=\"http:\/\/huellas.mx\/tecnologia\/2021\/02\/09\/que-hacen-realmente-las-empresas-de-seo\/\" rel=\"nofollow noopener\" target=\"_blank\">\u00bfQu\u00e9 hacen realmente las empresas de SEO?<\/a><\/li>\n<\/ul>\n<p>&nbsp;<\/p>\n","protected":false},"excerpt":{"rendered":"<p>Es una agencia de marketing est\u00e1 ubicada en la ciudad de Madrid y extiende sus servicios a Asturias. El principal objetivo de Morgan Media es captar clientes y fidelizarlos con ayuda de sus recursos en SEO y SEM. \u00bfQu\u00e9 es Morgan Media? Es una agencia que se dedica a ofrecer servicios de posicionamiento web SEO [&hellip;]<\/p>\n","protected":false},"author":1,"featured_media":0,"parent":0,"menu_order":0,"comment_status":"open","ping_status":"closed","template":"","meta":{"inline_featured_image":false,"footnotes":""},"class_list":["post-3151","page","type-page","status-publish","hentry"],"_links":{"self":[{"href":"https:\/\/www.appyweb.es\/diccionario\/wp-json\/wp\/v2\/pages\/3151","targetHints":{"allow":["GET"]}}],"collection":[{"href":"https:\/\/www.appyweb.es\/diccionario\/wp-json\/wp\/v2\/pages"}],"about":[{"href":"https:\/\/www.appyweb.es\/diccionario\/wp-json\/wp\/v2\/types\/page"}],"author":[{"embeddable":true,"href":"https:\/\/www.appyweb.es\/diccionario\/wp-json\/wp\/v2\/users\/1"}],"replies":[{"embeddable":true,"href":"https:\/\/www.appyweb.es\/diccionario\/wp-json\/wp\/v2\/comments?post=3151"}],"version-history":[{"count":3,"href":"https:\/\/www.appyweb.es\/diccionario\/wp-json\/wp\/v2\/pages\/3151\/revisions"}],"predecessor-version":[{"id":9293,"href":"https:\/\/www.appyweb.es\/diccionario\/wp-json\/wp\/v2\/pages\/3151\/revisions\/9293"}],"wp:attachment":[{"href":"https:\/\/www.appyweb.es\/diccionario\/wp-json\/wp\/v2\/media?parent=3151"}],"curies":[{"name":"wp","href":"https:\/\/api.w.org\/{rel}","templated":true}]}}