{"id":3245,"date":"2023-06-22T14:46:48","date_gmt":"2023-06-22T14:46:48","guid":{"rendered":"https:\/\/www.appyweb.es\/diccionario\/?post_type=project&#038;p=3245"},"modified":"2023-09-04T09:34:46","modified_gmt":"2023-09-04T09:34:46","slug":"objetivo-smart","status":"publish","type":"page","link":"https:\/\/www.appyweb.es\/diccionario\/objetivo-smart\/","title":{"rendered":"Objetivo Smart"},"content":{"rendered":"<h1><\/h1>\n<p>Se trata de una estrategia para definir ideas de negocio o proyectos de marketing que sean relevantes, medibles y realistas. Los <strong>objetivos SMART permiten coordinar ideas<\/strong> de forma m\u00e1s inteligente.<\/p>\n<h2>Origen<\/h2>\n<p>Proviene del ingl\u00e9s que significa \u201cinteligente\u201d. Las metas deben ser espec\u00edficos, medibles, realizables, reales y temporales o con l\u00edmite de tiempo. De all\u00ed que la palabra <em>smart<\/em> es un acr\u00f3nimo de las palabras en ingl\u00e9s \u201cspecific, measurable, achievable, realistic y time bound\u201d.<\/p>\n<p>Este conjunto de estrategias <strong>es muy \u00fatil para fijar las metas en un proyecto<\/strong>, tanto en lo personal como empresarial, por ejemplo, para <a href=\"https:\/\/www.appyweb.es\/link-building\/\">planificar estrategias de linkbuilding<\/a>, sin embargo, es importante saber c\u00f3mo interpretar sus etapas para desarrollar bien las ideas.<\/p>\n<h2>\u00bfCu\u00e1les son los objetivos Smart?<\/h2>\n<p>Los objetivos Smart deben ser espec\u00edficos, se debe fijar una meta clara de lo que se quiere lograr. Con esto, es necesario que se puedan medir, es decir, que sean cuantificables, realizables y reales para un l\u00edmite de tiempo establecido. Son utilizados con frecuencia en <a href=\"https:\/\/www.appyweb.es\/embudo-ventas-e-commerce\/\">estrategias del embudo de ventas<\/a> o t\u00e9cnicas de marketing.<\/p>\n<p>Como se mencion\u00f3 anteriormente, el acronimo contiene varias <strong>caracter\u00edsticas para hacer metas m\u00e1s inteligentes<\/strong>, son las siguientes.<\/p>\n<ul>\n<li><strong>Specific (espec\u00edfico)<\/strong>: Es decir, deben ser muy puntuales, se deben dejar de lado los conceptos generalistas de la empresa y planificar una meta espec\u00edfica.<\/li>\n<li><strong>Measurable (medible)<\/strong>: Que puedan ser cuantificados y analizados a detalle, para saber qu\u00e9 funcion\u00f3 o no con numeros reales.<\/li>\n<li><strong>Achievable (realista)<\/strong>: Aunque los objetivos deben ser ambiciosos, esta vez se deben <strong>planificar con un toque de realismo u honestidad<\/strong>, que realmente puedan ser alcanzados teniendo en cuenta los recursos y situaci\u00f3n del negocio.<\/li>\n<li><strong>Relevant (relevante)<\/strong>: Tienen que estar ligados a los valores y la meta principal de la empresa, donde el negocio y los clientes se vean beneficiados.<\/li>\n<li><strong>Time-bound (l\u00edmite de tiempo)<\/strong>: Estos deben tener un tiempo l\u00edmite de tiempo, donde deber\u00e1n ser puestos en marcha para su posterior an\u00e1lisis.<\/li>\n<\/ul>\n<h2>Consejos para redactar objetivos SMART<\/h2>\n<ul>\n<li>Para redactar un buen objetivo se debe tener presente lo siguiente, qu\u00e9 se quiere lograr, cu\u00e1les son las dificultades que se tiene para lograrlo, qui\u00e9n o quienes son los responsables de hacer que se cumpla, en qu\u00e9 tiempo y espacio.<\/li>\n<li>Su redacci\u00f3n debe ser cuidadosa y que cumpla con una metodolog\u00eda del acr\u00f3nimo.<\/li>\n<li>Tiene como funci\u00f3n principal establecer recursos econ\u00f3micos y humanos, as\u00ed como determinar el per\u00edodo de tiempo de la realizaci\u00f3n del mismo.<\/li>\n<li>Debe <strong>planificarse para ahorrar tiempo y dinero<\/strong>, tambi\u00e9n para optimizar el recurso humano. Al plantear las metas de forma concisa y concretas, se puede trabajar de forma organizada y se optimizan los recursos.<\/li>\n<\/ul>\n<h2>Ejemplos de objetivo SMART<\/h2>\n<p>Se puede utilizar esta metodolog\u00eda en muchos \u00e1mbitos, por ejemplo, para <strong>mejorar las palabras clave utilizadas en posicionamiento web<\/strong> o para resolver problemas espec\u00edficos, como la bajada de tr\u00e1fico repentina desde redes sociales. Teniendo en cuenta este \u00faltimo ejemplo, se desglosan las siglas respondiendo a cada una, de la siguiente forma.<\/p>\n<ul>\n<li>S: Aumentar el tr\u00e1fico desde redes sociales.<\/li>\n<li>M: Subir el tr\u00e1fico desde 10% a 20%.<\/li>\n<li>A: Utilizar herramientas de marketing y Ads.<\/li>\n<li>R: Mejorar la imagen de marca y la administraci\u00f3n de comunidades en redes.<\/li>\n<li>T: Lograrlo para el pr\u00f3ximo trimestre.<\/li>\n<\/ul>\n<p><script type=\"application\/ld+json\">{\"@context\":\"https:\/\/schema.org\",\"@type\":\"FAQPage\",\"mainEntity\":[ \n{\"@type\":\"Question\",\"name\":\"\ud83d\udccc Origen\",\"acceptedAnswer\":{\"@type\":\"Answer\",\"text\":\"<\/p>\n<p>Proviene del ingl\u00e9s que significa \u201cinteligente\u201d. Las metas deben ser espec\u00edficos, medibles, realizables, reales y temporales o con l\u00edmite de tiempo. De all\u00ed que la palabra <em>smart<\/em> es un acr\u00f3nimo de las palabras en ingl\u00e9s \u201cspecific, measurable, achievable, realistic y time bound\u201d.<\/p>\n<p>Este conjunto de estrategias <strong>es muy \u00fatil para fijar las metas en un proyecto<\/strong>, tanto en lo personal como empresarial, por ejemplo, para <a href='https:\/\/www.appyweb.es\/link-building\/'>planificar estrategias de linkbuilding<\/a>, sin embargo, es importante saber c\u00f3mo interpretar sus etapas para desarrollar bien las ideas.<\/p>\n<p>\"}},\n{\"@type\":\"Question\",\"name\":\"\ud83d\udccc \u00bfCu\u00e1les son los objetivos Smart?\",\"acceptedAnswer\":{\"@type\":\"Answer\",\"text\":\"<\/p>\n<p>Los objetivos Smart deben ser espec\u00edficos, se debe fijar una meta clara de lo que se quiere lograr. Con esto, es necesario que se puedan medir, es decir, que sean cuantificables, realizables y reales para un l\u00edmite de tiempo establecido. Son utilizados con frecuencia en <a href='https:\/\/www.appyweb.es\/embudo-ventas-e-commerce\/'>estrategias del embudo de ventas<\/a> o t\u00e9cnicas de marketing.<\/p>\n<p>Como se mencion\u00f3 anteriormente, el acronimo contiene varias <strong>caracter\u00edsticas para hacer metas m\u00e1s inteligentes<\/strong>, son las siguientes.<\/p>\n<ul>\n<li><strong>Specific (espec\u00edfico)<\/strong>: Es decir, deben ser muy puntuales, se deben dejar de lado los conceptos generalistas de la empresa y planificar una meta espec\u00edfica.<\/li>\n<\/p>\n<li><strong>Measurable (medible)<\/strong>: Que puedan ser cuantificados y analizados a detalle, para saber qu\u00e9 funcion\u00f3 o no con numeros reales.<\/li>\n<\/p>\n<li><strong>Achievable (realista)<\/strong>: Aunque los objetivos deben ser ambiciosos, esta vez se deben <strong>planificar con un toque de realismo u honestidad<\/strong>, que realmente puedan ser alcanzados teniendo en cuenta los recursos y situaci\u00f3n del negocio.<\/li>\n<\/p>\n<li><strong>Relevant (relevante)<\/strong>: Tienen que estar ligados a los valores y la meta principal de la empresa, donde el negocio y los clientes se vean beneficiados.<\/li>\n<\/p>\n<li><strong>Time-bound (l\u00edmite de tiempo)<\/strong>: Estos deben tener un tiempo l\u00edmite de tiempo, donde deber\u00e1n ser puestos en marcha para su posterior an\u00e1lisis.<\/li>\n<\/p>\n<\/ul>\n<\/p>\n<p>\"}},\n{\"@type\":\"Question\",\"name\":\"\ud83d\udccc Consejos para redactar objetivos SMART\",\"acceptedAnswer\":{\"@type\":\"Answer\",\"text\":\"<\/p>\n<ul>\n<li>Para redactar un buen objetivo se debe tener presente lo siguiente, qu\u00e9 se quiere lograr, cu\u00e1les son las dificultades que se tiene para lograrlo, qui\u00e9n o quienes son los responsables de hacer que se cumpla, en qu\u00e9 tiempo y espacio.<\/li>\n<\/p>\n<li>Su redacci\u00f3n debe ser cuidadosa y que cumpla con una metodolog\u00eda del acr\u00f3nimo.<\/li>\n<\/p>\n<li>Tiene como funci\u00f3n principal establecer recursos econ\u00f3micos y humanos, as\u00ed como determinar el per\u00edodo de tiempo de la realizaci\u00f3n del mismo.<\/li>\n<\/p>\n<li>Debe <strong>planificarse para ahorrar tiempo y dinero<\/strong>, tambi\u00e9n para optimizar el recurso humano. Al plantear las metas de forma concisa y concretas, se puede trabajar de forma organizada y se optimizan los recursos.<\/li>\n<\/p>\n<\/ul>\n<\/p>\n<p>\"}},\n{\"@type\":\"Question\",\"name\":\"\ud83d\udccc Ejemplos de objetivo SMART\",\"acceptedAnswer\":{\"@type\":\"Answer\",\"text\":\"<\/p>\n<p>Se puede utilizar esta metodolog\u00eda en muchos \u00e1mbitos, por ejemplo, para <strong>mejorar las palabras clave utilizadas en posicionamiento web<\/strong> o para resolver problemas espec\u00edficos, como la bajada de tr\u00e1fico repentina desde redes sociales. Teniendo en cuenta este \u00faltimo ejemplo, se desglosan las siglas respondiendo a cada una, de la siguiente forma.<\/p>\n<ul>\n<li>S: Aumentar el tr\u00e1fico desde redes sociales.<\/li>\n<\/p>\n<li>M: Subir el tr\u00e1fico desde 10% a 20%.<\/li>\n<\/p>\n<li>A: Utilizar herramientas de marketing y Ads.<\/li>\n<\/p>\n<li>R: Mejorar la imagen de marca y la administraci\u00f3n de comunidades en redes.<\/li>\n<\/p>\n<li>T: Lograrlo para el pr\u00f3ximo trimestre.<\/li>\n<\/p>\n<\/ul>\n<\/p>\n<p>\"}}\n]}<\/script><\/p>\n<h2>M\u00e1s informaci\u00f3n sobre objetivo SMART<\/h2>\n<p>Una vez que lo conoces, ya no querr\u00e1s hacer nada m\u00e1s sin esta metodolog\u00eda de planificaci\u00f3n \u00bfquieres saber m\u00e1s? mira los siguientes enlaces.<\/p>\n<ul>\n<li><a href=\"https:\/\/www.appyweb.es\/diccionario\/modelo-race\/\">\u00bfQu\u00e9 es el Modelo RACE y para qu\u00e9 sirve?<\/a><\/li>\n<li><a href=\"https:\/\/cincodias.elpais.com\/cincodias\/2020\/11\/25\/extras\/1606296683_447931.html\" rel=\"nofollow noopener\" target=\"_blank\">C\u00f3mo ahorrar con los objetivos SMART del \u2018marketing\u2019<\/a><\/li>\n<\/ul>\n<p>&nbsp;<\/p>\n","protected":false},"excerpt":{"rendered":"<p>Se trata de una estrategia para definir ideas de negocio o proyectos de marketing que sean relevantes, medibles y realistas. Los objetivos SMART permiten coordinar ideas de forma m\u00e1s inteligente. Origen Proviene del ingl\u00e9s que significa \u201cinteligente\u201d. Las metas deben ser espec\u00edficos, medibles, realizables, reales y temporales o con l\u00edmite de tiempo. De all\u00ed que [&hellip;]<\/p>\n","protected":false},"author":1,"featured_media":0,"parent":0,"menu_order":0,"comment_status":"open","ping_status":"closed","template":"","meta":{"inline_featured_image":false,"footnotes":""},"class_list":["post-3245","page","type-page","status-publish","hentry"],"_links":{"self":[{"href":"https:\/\/www.appyweb.es\/diccionario\/wp-json\/wp\/v2\/pages\/3245","targetHints":{"allow":["GET"]}}],"collection":[{"href":"https:\/\/www.appyweb.es\/diccionario\/wp-json\/wp\/v2\/pages"}],"about":[{"href":"https:\/\/www.appyweb.es\/diccionario\/wp-json\/wp\/v2\/types\/page"}],"author":[{"embeddable":true,"href":"https:\/\/www.appyweb.es\/diccionario\/wp-json\/wp\/v2\/users\/1"}],"replies":[{"embeddable":true,"href":"https:\/\/www.appyweb.es\/diccionario\/wp-json\/wp\/v2\/comments?post=3245"}],"version-history":[{"count":3,"href":"https:\/\/www.appyweb.es\/diccionario\/wp-json\/wp\/v2\/pages\/3245\/revisions"}],"predecessor-version":[{"id":9320,"href":"https:\/\/www.appyweb.es\/diccionario\/wp-json\/wp\/v2\/pages\/3245\/revisions\/9320"}],"wp:attachment":[{"href":"https:\/\/www.appyweb.es\/diccionario\/wp-json\/wp\/v2\/media?parent=3245"}],"curies":[{"name":"wp","href":"https:\/\/api.w.org\/{rel}","templated":true}]}}