{"id":3329,"date":"2023-06-22T15:09:20","date_gmt":"2023-06-22T15:09:20","guid":{"rendered":"https:\/\/www.appyweb.es\/diccionario\/?post_type=project&#038;p=3329"},"modified":"2024-03-21T15:58:25","modified_gmt":"2024-03-21T15:58:25","slug":"paid-media","status":"publish","type":"page","link":"https:\/\/www.appyweb.es\/diccionario\/paid-media\/","title":{"rendered":"Paid Media"},"content":{"rendered":"<h1><img loading=\"lazy\" decoding=\"async\" class=\"alignnone  wp-image-12136\" src=\"https:\/\/www.appyweb.es\/diccionario\/wp-content\/uploads\/2024\/03\/paid-media-300x180.jpg\" alt=\"Paid Media\" width=\"970\" height=\"582\" srcset=\"https:\/\/www.appyweb.es\/diccionario\/wp-content\/uploads\/2024\/03\/paid-media-300x180.jpg 300w, https:\/\/www.appyweb.es\/diccionario\/wp-content\/uploads\/2024\/03\/paid-media-768x461.jpg 768w, https:\/\/www.appyweb.es\/diccionario\/wp-content\/uploads\/2024\/03\/paid-media.jpg 1000w\" sizes=\"auto, (max-width: 970px) 100vw, 970px\" \/><\/h1>\n<p>En el siglo pasado, los grandes\u00a0 medios de comunicaci\u00f3n, se concentraban en tres sectores: la televisi\u00f3n, la radio y la prensa. En la actualidad, estos medios se siguen utilizando para publicidad de pago, pero con la llegada de Internet, <strong>el Paid Media tambi\u00e9n empez\u00f3 a dirigirse a otros sectores<\/strong>.<\/p>\n<h2>\u00bfQu\u00e9 es el Paid Media?<\/h2>\n<p>Es la inversi\u00f3n financiera que se hace en los medios de comunicaci\u00f3n <strong>para llevar a cabo campa\u00f1as de anuncios<\/strong>, ya sea en televisi\u00f3n, radio, peri\u00f3dicos o en plataformas digitales de pago. Algunos de los canales m\u00e1s utilizados para <a href=\"https:\/\/www.appyweb.es\/campanas-google-adwords\/\">hacer Paid Media son Google Ads<\/a>, su herramienta de Display o Google Adsense (para ofrecer espacios de publicidad a terceros)<\/p>\n<p>Este concepto cobra importancia debido a que existen muchas formas de hacer publicidad en Internet, sin necesidad de hacer una inversi\u00f3n a terceros, como la optimizaci\u00f3n para posicionamiento org\u00e1nico, las publicaciones en redes sociales, linkbuilding, etc. Pero, los \u00abmedios de pago\u201d cobran para difundir las campa\u00f1as.<\/p>\n<h2>\u00bfCu\u00e1l es su utilidad?<\/h2>\n<p>El principal objetivo del Paid Media, es conseguir mayor visibilidad para una marca, normalmente se utiliza para <strong>aumentar el nivel de tr\u00e1fico desde Internet de forma r\u00e1pida y eficiente<\/strong>. Como es usual, las campa\u00f1as de pago siempre tendr\u00e1n mayor visibilidad que las org\u00e1nicas, pero su desventaja es que no tendr\u00e1n una larga duraci\u00f3n.<\/p>\n<p>Aun as\u00ed, son efectivas para plataformas como redes sociales, debido a que el posicionamiento org\u00e1nico es muy dif\u00edcil de mantener aqu\u00ed (debido a que el algoritmo le da protagonismo a los amigos y familiares antes que las empresas), aparte, los m\u00e9todos de pago ofrecen m\u00e1s beneficios. Por ejemplo, en <a href=\"https:\/\/www.appyweb.es\/campanas-facebook-ads\/\">Facebook Ads permite segmentar la audiencia<\/a> al m\u00e1ximo.<\/p>\n<h2>Ventajas del Paid Media<\/h2>\n<ul>\n<li>Se puede utilizar para promover productos y servicios a buen precio.<\/li>\n<li>Es ideal para promover no solo promociones, sino tambi\u00e9n contenidos y otros tipos de campa\u00f1as de atracci\u00f3n.<\/li>\n<li>Son f\u00e1ciles de configurar y se pueden detener las campa\u00f1as o actualizar sin costes adicionales.<\/li>\n<li>Algunas plataformas <strong>permiten elegir el m\u00e9todo de pago<\/strong>, como PPC o pago por clic.<\/li>\n<li>Muchos medios sociales ofrecen herramientas muy avanzadas para llevar a cabo estas campa\u00f1as.<\/li>\n<li>Se pueden complementar con campa\u00f1as org\u00e1nicas.<\/li>\n<\/ul>\n<h2>\u00bfQu\u00e9 hace el Paid Media Manager?<\/h2>\n<p>Bien en cierto que las estrategias de marketing digital <strong>requieren de la direcci\u00f3n de verdaderos expertos<\/strong>, algunos de los m\u00e1s famosos con el Social Media Manager o el Community Manager. La verdad es que este grupo de profesionales tienen un \u00e1rea de trabajo en com\u00fan, pero no se especializan en lo mismo.<\/p>\n<p>En este caso, el Paid Media Manager es un profesional que <strong>se enfoca en optimizar, gestionar y generar campa\u00f1as solo en medios de pago<\/strong>, bien sea tradicional o digital. Mientras que el Social Media Manager se encarga de gestionar campa\u00f1as org\u00e1nicas y tambi\u00e9n de pago solo en redes sociales.<\/p>\n<p>Por \u00faltimo, el Community Manager gestiona las comunidades de una marca en redes sociales y otras plataformas, por lo tanto, colabora y trabaja en conjunto con los profesionales nombrados anteriormente.<\/p>\n<p><script type=\"application\/ld+json\">{\"@context\":\"https:\/\/schema.org\",\"@type\":\"FAQPage\",\"mainEntity\":[ \n{\"@type\":\"Question\",\"name\":\"\ud83d\udccc \u00bfQu\u00e9 es el Paid Media?\",\"acceptedAnswer\":{\"@type\":\"Answer\",\"text\":\"<\/p>\n<p>Es la inversi\u00f3n financiera que se hace en los medios de comunicaci\u00f3n <strong>para llevar a cabo campa\u00f1as de anuncios<\/strong>, ya sea en televisi\u00f3n, radio, peri\u00f3dicos o en plataformas digitales de pago. Algunos de los canales m\u00e1s utilizados para <a href='https:\/\/www.appyweb.es\/campanas-google-adwords\/'>hacer Paid Media son Google Ads<\/a>, su herramienta de Display o Google Adsense (para ofrecer espacios de publicidad a terceros)<\/p>\n<p>Este concepto cobra importancia debido a que existen muchas formas de hacer publicidad en Internet, sin necesidad de hacer una inversi\u00f3n a terceros, como la optimizaci\u00f3n para posicionamiento org\u00e1nico, las publicaciones en redes sociales, linkbuilding, etc. Pero, los 'medios de pago\u201d cobran para difundir las campa\u00f1as.<\/p>\n<p>\"}},\n{\"@type\":\"Question\",\"name\":\"\ud83d\udccc \u00bfCu\u00e1l es su utilidad?\",\"acceptedAnswer\":{\"@type\":\"Answer\",\"text\":\"<\/p>\n<p>El principal objetivo del Paid Media, es conseguir mayor visibilidad para una marca, normalmente se utiliza para <strong>aumentar el nivel de tr\u00e1fico desde Internet de forma r\u00e1pida y eficiente<\/strong>. Como es usual, las campa\u00f1as de pago siempre tendr\u00e1n mayor visibilidad que las org\u00e1nicas, pero su desventaja es que no tendr\u00e1n una larga duraci\u00f3n.<\/p>\n<p>Aun as\u00ed, son efectivas para plataformas como redes sociales, debido a que el posicionamiento org\u00e1nico es muy dif\u00edcil de mantener aqu\u00ed (debido a que el algoritmo le da protagonismo a los amigos y familiares antes que las empresas), aparte, los m\u00e9todos de pago ofrecen m\u00e1s beneficios. Por ejemplo, en <a href='https:\/\/www.appyweb.es\/campanas-facebook-ads\/'>Facebook Ads permite segmentar la audiencia<\/a> al m\u00e1ximo.<\/p>\n<p>\"}},\n{\"@type\":\"Question\",\"name\":\"\ud83d\udccc Ventajas del Paid Media\",\"acceptedAnswer\":{\"@type\":\"Answer\",\"text\":\"<\/p>\n<\/p>\n<ul>\n<\/p>\n<li>Se puede utilizar para promover productos y servicios a buen precio.<\/li>\n<\/p>\n<\/p>\n<\/p>\n<li>Es ideal para promover no solo promociones, sino tambi\u00e9n contenidos y otros tipos de campa\u00f1as de atracci\u00f3n.<\/li>\n<\/p>\n<\/p>\n<\/p>\n<li>Son f\u00e1ciles de configurar y se pueden detener las campa\u00f1as o actualizar sin costes adicionales.<\/li>\n<\/p>\n<\/p>\n<\/p>\n<li>Algunas plataformas <strong>permiten elegir el m\u00e9todo de pago<\/strong>, como PPC o pago por clic.<\/li>\n<\/p>\n<\/p>\n<\/p>\n<li>Muchos medios sociales ofrecen herramientas muy avanzadas para llevar a cabo estas campa\u00f1as.<\/li>\n<\/p>\n<\/p>\n<\/p>\n<li>Se pueden complementar con campa\u00f1as org\u00e1nicas.<\/li>\n<\/p>\n<\/p>\n<\/ul>\n<\/p>\n<\/p>\n<p>\"}},\n{\"@type\":\"Question\",\"name\":\"\ud83d\udccc \u00bfQu\u00e9 hace el Paid Media Manager?\",\"acceptedAnswer\":{\"@type\":\"Answer\",\"text\":\"<\/p>\n<p>Bien en cierto que las estrategias de marketing digital <strong>requieren de la direcci\u00f3n de verdaderos expertos<\/strong>, algunos de los m\u00e1s famosos con el Social Media Manager o el Community Manager. La verdad es que este grupo de profesionales tienen un \u00e1rea de trabajo en com\u00fan, pero no se especializan en lo mismo.<\/p>\n<p>En este caso, el Paid Media Manager es un profesional que <strong>se enfoca en optimizar, gestionar y generar campa\u00f1as solo en medios de pago<\/strong>, bien sea tradicional o digital. Mientras que el Social Media Manager se encarga de gestionar campa\u00f1as org\u00e1nicas y tambi\u00e9n de pago solo en redes sociales. <\/p>\n<p>Por \u00faltimo, el Community Manager gestiona las comunidades de una marca en redes sociales y otras plataformas, por lo tanto, colabora y trabaja en conjunto con los profesionales nombrados anteriormente.<\/p>\n<p>\"}}\n]}<\/script><\/p>\n<h2>M\u00e1s informaci\u00f3n sobre Paid Media<\/h2>\n<p>\u00bfEst\u00e1s listo para poner en marcha tus estrategias de publicidad de pago? mira estos enlaces y conoce m\u00e1s sobre los medios de pago.<\/p>\n<ul>\n<li><a href=\"https:\/\/www.appyweb.es\/diccionario\/especialistas-sem\/\">\u00bfQu\u00e9 son los Especialistas SEM y para qu\u00e9 sirven?<\/a><\/li>\n<li><a href=\"https:\/\/inprofit.es\/es\/blog\/como-crear-campanas-exitosas-de-paid-media-y-social-ads\" rel=\"nofollow noopener\" target=\"_blank\">\u00bfC\u00f3mo crear campa\u00f1as exitosas de Paid Media y Social Ads?<\/a><\/li>\n<\/ul>\n<p>&nbsp;<\/p>\n","protected":false},"excerpt":{"rendered":"<p>En el siglo pasado, los grandes\u00a0 medios de comunicaci\u00f3n, se concentraban en tres sectores: la televisi\u00f3n, la radio y la prensa. En la actualidad, estos medios se siguen utilizando para publicidad de pago, pero con la llegada de Internet, el Paid Media tambi\u00e9n empez\u00f3 a dirigirse a otros sectores. \u00bfQu\u00e9 es el Paid Media? Es [&hellip;]<\/p>\n","protected":false},"author":1,"featured_media":12136,"parent":0,"menu_order":0,"comment_status":"open","ping_status":"closed","template":"","meta":{"inline_featured_image":false,"footnotes":""},"class_list":["post-3329","page","type-page","status-publish","has-post-thumbnail","hentry"],"_links":{"self":[{"href":"https:\/\/www.appyweb.es\/diccionario\/wp-json\/wp\/v2\/pages\/3329","targetHints":{"allow":["GET"]}}],"collection":[{"href":"https:\/\/www.appyweb.es\/diccionario\/wp-json\/wp\/v2\/pages"}],"about":[{"href":"https:\/\/www.appyweb.es\/diccionario\/wp-json\/wp\/v2\/types\/page"}],"author":[{"embeddable":true,"href":"https:\/\/www.appyweb.es\/diccionario\/wp-json\/wp\/v2\/users\/1"}],"replies":[{"embeddable":true,"href":"https:\/\/www.appyweb.es\/diccionario\/wp-json\/wp\/v2\/comments?post=3329"}],"version-history":[{"count":5,"href":"https:\/\/www.appyweb.es\/diccionario\/wp-json\/wp\/v2\/pages\/3329\/revisions"}],"predecessor-version":[{"id":12138,"href":"https:\/\/www.appyweb.es\/diccionario\/wp-json\/wp\/v2\/pages\/3329\/revisions\/12138"}],"wp:featuredmedia":[{"embeddable":true,"href":"https:\/\/www.appyweb.es\/diccionario\/wp-json\/wp\/v2\/media\/12136"}],"wp:attachment":[{"href":"https:\/\/www.appyweb.es\/diccionario\/wp-json\/wp\/v2\/media?parent=3329"}],"curies":[{"name":"wp","href":"https:\/\/api.w.org\/{rel}","templated":true}]}}