{"id":3341,"date":"2023-06-22T15:12:13","date_gmt":"2023-06-22T15:12:13","guid":{"rendered":"https:\/\/www.appyweb.es\/diccionario\/?post_type=project&#038;p=3341"},"modified":"2024-03-21T16:07:36","modified_gmt":"2024-03-21T16:07:36","slug":"palabra-clave-middle-tail","status":"publish","type":"page","link":"https:\/\/www.appyweb.es\/diccionario\/palabra-clave-middle-tail\/","title":{"rendered":"Palabra clave middle tail"},"content":{"rendered":"<h1><img loading=\"lazy\" decoding=\"async\" class=\"alignnone  wp-image-12144\" src=\"https:\/\/www.appyweb.es\/diccionario\/wp-content\/uploads\/2024\/03\/middle-tail-300x180.jpg\" alt=\"Middle Tail\" width=\"967\" height=\"580\" srcset=\"https:\/\/www.appyweb.es\/diccionario\/wp-content\/uploads\/2024\/03\/middle-tail-300x180.jpg 300w, https:\/\/www.appyweb.es\/diccionario\/wp-content\/uploads\/2024\/03\/middle-tail-768x461.jpg 768w, https:\/\/www.appyweb.es\/diccionario\/wp-content\/uploads\/2024\/03\/middle-tail.jpg 1000w\" sizes=\"auto, (max-width: 967px) 100vw, 967px\" \/><\/h1>\n<p>Middle tail se traduce del ingl\u00e9s como \u201ccola mediana\u201d. Refiri\u00e9ndose a la curva en forma de cola que forman las palabras claves en los gr\u00e1ficos de estudio del tr\u00e1fico. Las mi<strong>ddle tail est\u00e1n ubicadas justo en el medio de estos <\/strong>y de all\u00ed que tengan este nombre.<\/p>\n<h2>\u00bfQu\u00e9 es una palabra clave middle tail?<\/h2>\n<p>Tambi\u00e9n se le conocen como <em>cola mediana<\/em>, estas keywords son m\u00e1s espec\u00edficas que las <strong>short tail<\/strong> y pueden componerse de m\u00e1s de dos palabras, hasta cuatro en promedio. Filtran la b\u00fasqueda de un usuario hacia el contenido que desean con resultados m\u00e1s concretos. Son utilizadas de forma frecuente en <a href=\"https:\/\/www.appyweb.es\/posicionamiento-web\/\">estrategias de posicionamiento web<\/a> ya que garantizan una menor competencia.<\/p>\n<p>Aunque su volumen de b\u00fasqueda es frecuente, <strong>no lo es tanto como las palabras clave short tail<\/strong>. Tampoco es tan bajo como el de las long tail, por tal motivo, se encuentran justo en el medio. Por ejemplo, la versi\u00f3n de cola mediana para la keyword gen\u00e9rica \u00abperfumes\u00bb ser\u00eda \u201cperfumes en oferta\u201d o \u201cperfumes chanel en oferta\u201d.<\/p>\n<h2>\u00bfPor qu\u00e9 usarlas?<\/h2>\n<p>Al igual que los ejemplares de cola larga, <strong>las keywords middle tail tienen la posibilidad de ajustarse a b\u00fasquedas m\u00e1s espec\u00edficas<\/strong>, para obtener un nivel de tr\u00e1fico mayor e incluso o un posicionamiento en las primeras p\u00e1ginas de resultados de Google. Algunos expertos aseguran que son la mejor opci\u00f3n de entre los 3 ejemplares, junto a las de cola larga y cola corta, ya que ofrecen lo mejor de ambos mundos.<\/p>\n<p>Igualmente, pueden utilizarse como <a href=\"https:\/\/www.appyweb.es\/embudo-ventas-e-commerce\/\">estrategias dentro del embudo de ventas<\/a> en caso de que el objetivo de las campa\u00f1as sea aumentar el nivel de tr\u00e1fico. Si la p\u00e1gina tiene un buen posicionamiento, con este tipo de keywords <strong>puede conseguirse el tr\u00e1fico de visitas deseado<\/strong>. Si por el contrario, la p\u00e1gina no tiene un buen posicionamiento SEO y quiere conseguirlo, saltar desde las middle tail a las palabras clave long tail es lo m\u00e1s conveniente.<\/p>\n<h2>\u00bfC\u00f3mo funcionan?<\/h2>\n<p>Este tipo de palabras clave generan un volumen de b\u00fasqueda alto, pero no tal alto como las de cola corta. Por tal motivo, es importante saber que el tipo de p\u00fablico que las utiliza <strong>sabe lo que quiere comprar pero no de forma concreta<\/strong>, o por lo menos aun no tiene una idea de las marcas que pueden estar disponibles para ofrecerle sus servicios.<\/p>\n<p>Este p\u00fablico es al que se proyecta al usar estas keyword. Por ejemplo, un usuario sabe que necesita \u201cperfumes en oferta\u201d, mas no tiene claro la marca de este aun o si es para damas o caballeros, o no sabe cu\u00e1les son las tiendas m\u00e1s cercanas.<\/p>\n<h2>Ejemplo de palabra clave middle tail<\/h2>\n<p>Es muy f\u00e1cil identificarlas en el gr\u00e1fico del estudio de n\u00famero de resultados para buscadores, son las que se encuentran justo en el medio de estas. Es decir, no son tan gen\u00e9ricas pero tampoco tan espec\u00edficas, en la siguiente imagen se puede ver c\u00f3mo se desglosan las palabras a partir de una gen\u00e9rica \u00abtarta\u00bb.<\/p>\n<p><script type=\"application\/ld+json\">{\"@context\":\"https:\/\/schema.org\",\"@type\":\"FAQPage\",\"mainEntity\":[ \n{\"@type\":\"Question\",\"name\":\"\ud83d\udccc \u00bfQu\u00e9 es una palabra clave middle tail?\",\"acceptedAnswer\":{\"@type\":\"Answer\",\"text\":\"<\/p>\n<p>Tambi\u00e9n se le conocen como <em>cola mediana<\/em>, estas keywords son m\u00e1s espec\u00edficas que las <strong>short tail<\/strong> y pueden componerse de m\u00e1s de dos palabras, hasta cuatro en promedio. Filtran la b\u00fasqueda de un usuario hacia el contenido que desean con resultados m\u00e1s concretos. Son utilizadas de forma frecuente en <a href='https:\/\/www.appyweb.es\/posicionamiento-web\/'>estrategias de posicionamiento web<\/a> ya que garantizan una menor competencia.<\/p>\n<p>Aunque su volumen de b\u00fasqueda es frecuente, <strong>no lo es tanto como las palabras clave short tail<\/strong>. Tampoco es tan bajo como el de las long tail, por tal motivo, se encuentran justo en el medio. Por ejemplo, la versi\u00f3n de cola mediana para la keyword gen\u00e9rica 'perfumes' ser\u00eda \u201cperfumes en oferta\u201d o \u201cperfumes chanel en oferta\u201d.<\/p>\n<p>\"}},\n{\"@type\":\"Question\",\"name\":\"\ud83d\udccc \u00bfPor qu\u00e9 usarlas?\",\"acceptedAnswer\":{\"@type\":\"Answer\",\"text\":\"<\/p>\n<p>Al igual que los ejemplares de cola larga, <strong>las keywords middle tail tienen la posibilidad de ajustarse a b\u00fasquedas m\u00e1s espec\u00edficas<\/strong>, para obtener un nivel de tr\u00e1fico mayor e incluso o un posicionamiento en las primeras p\u00e1ginas de resultados de Google. Algunos expertos aseguran que son la mejor opci\u00f3n de entre los 3 ejemplares, junto a las de cola larga y cola corta, ya que ofrecen lo mejor de ambos mundos.<\/p>\n<p>Igualmente, pueden utilizarse como <a href='https:\/\/www.appyweb.es\/embudo-ventas-e-commerce\/'>estrategias dentro del embudo de ventas<\/a> en caso de que el objetivo de las campa\u00f1as sea aumentar el nivel de tr\u00e1fico. Si la p\u00e1gina tiene un buen posicionamiento, con este tipo de keywords <strong>puede conseguirse el tr\u00e1fico de visitas deseado<\/strong>. Si por el contrario, la p\u00e1gina no tiene un buen posicionamiento SEO y quiere conseguirlo, saltar desde las middle tail a las palabras clave long tail es lo m\u00e1s conveniente.<\/p>\n<p>\"}},\n{\"@type\":\"Question\",\"name\":\"\ud83d\udccc \u00bfC\u00f3mo funcionan?\",\"acceptedAnswer\":{\"@type\":\"Answer\",\"text\":\"<\/p>\n<p>Este tipo de palabras clave generan un volumen de b\u00fasqueda alto, pero no tal alto como las de cola corta. Por tal motivo, es importante saber que el tipo de p\u00fablico que las utiliza <strong>sabe lo que quiere comprar pero no de forma concreta<\/strong>, o por lo menos aun no tiene una idea de las marcas que pueden estar disponibles para ofrecerle sus servicios.<\/p>\n<p>Este p\u00fablico es al que se proyecta al usar estas keyword. Por ejemplo, un usuario sabe que necesita \u201cperfumes en oferta\u201d, mas no tiene claro la marca de este aun o si es para damas o caballeros, o no sabe cu\u00e1les son las tiendas m\u00e1s cercanas.<\/p>\n<p>\"}},\n{\"@type\":\"Question\",\"name\":\"\ud83d\udccc Ejemplo de palabra clave middle tail\",\"acceptedAnswer\":{\"@type\":\"Answer\",\"text\":\"<\/p>\n<p>Es muy f\u00e1cil identificarlas en el gr\u00e1fico del estudio de n\u00famero de resultados para buscadores, son las que se encuentran justo en el medio de estas.  Es decir, no son tan gen\u00e9ricas pero tampoco tan espec\u00edficas, en la siguiente imagen se puede ver c\u00f3mo se desglosan las palabras a partir de una gen\u00e9rica 'tarta'.<\/p>\n<p>\"}}\n]}<\/script><\/p>\n<h2>M\u00e1s informaci\u00f3n sobre palabra clave middle tail<\/h2>\n<p>Actualmente, existen muchas herramientas que te pueden ayudar a mejorar tu estrategia de keywords, mira los siguientes enlaces para tener m\u00e1s informaci\u00f3n acerca de los ejemplares de media cola.<\/p>\n<ul>\n<li><a href=\"https:\/\/www.appyweb.es\/diccionario\/midtail-seo\/\">\u00bfQu\u00e9 es Midtail SEO y para qu\u00e9 sirve?<\/a><\/li>\n<li><a href=\"https:\/\/tiempodenegocios.com\/herramientas-para-buscar-palabras-clave-o-keywords\/\" rel=\"nofollow noopener\" target=\"_blank\">6 Herramientas gratuitas para buscar keywords<\/a><\/li>\n<\/ul>\n<p>&nbsp;<\/p>\n","protected":false},"excerpt":{"rendered":"<p>Middle tail se traduce del ingl\u00e9s como \u201ccola mediana\u201d. Refiri\u00e9ndose a la curva en forma de cola que forman las palabras claves en los gr\u00e1ficos de estudio del tr\u00e1fico. Las middle tail est\u00e1n ubicadas justo en el medio de estos y de all\u00ed que tengan este nombre. \u00bfQu\u00e9 es una palabra clave middle tail? Tambi\u00e9n [&hellip;]<\/p>\n","protected":false},"author":1,"featured_media":12144,"parent":0,"menu_order":0,"comment_status":"open","ping_status":"closed","template":"","meta":{"inline_featured_image":false,"footnotes":""},"class_list":["post-3341","page","type-page","status-publish","has-post-thumbnail","hentry"],"_links":{"self":[{"href":"https:\/\/www.appyweb.es\/diccionario\/wp-json\/wp\/v2\/pages\/3341","targetHints":{"allow":["GET"]}}],"collection":[{"href":"https:\/\/www.appyweb.es\/diccionario\/wp-json\/wp\/v2\/pages"}],"about":[{"href":"https:\/\/www.appyweb.es\/diccionario\/wp-json\/wp\/v2\/types\/page"}],"author":[{"embeddable":true,"href":"https:\/\/www.appyweb.es\/diccionario\/wp-json\/wp\/v2\/users\/1"}],"replies":[{"embeddable":true,"href":"https:\/\/www.appyweb.es\/diccionario\/wp-json\/wp\/v2\/comments?post=3341"}],"version-history":[{"count":5,"href":"https:\/\/www.appyweb.es\/diccionario\/wp-json\/wp\/v2\/pages\/3341\/revisions"}],"predecessor-version":[{"id":12147,"href":"https:\/\/www.appyweb.es\/diccionario\/wp-json\/wp\/v2\/pages\/3341\/revisions\/12147"}],"wp:featuredmedia":[{"embeddable":true,"href":"https:\/\/www.appyweb.es\/diccionario\/wp-json\/wp\/v2\/media\/12144"}],"wp:attachment":[{"href":"https:\/\/www.appyweb.es\/diccionario\/wp-json\/wp\/v2\/media?parent=3341"}],"curies":[{"name":"wp","href":"https:\/\/api.w.org\/{rel}","templated":true}]}}