{"id":3350,"date":"2023-06-22T15:14:16","date_gmt":"2023-06-22T15:14:16","guid":{"rendered":"https:\/\/www.appyweb.es\/diccionario\/?post_type=project&#038;p=3350"},"modified":"2024-03-21T16:26:43","modified_gmt":"2024-03-21T16:26:43","slug":"palabras-clave-semi-genericas","status":"publish","type":"page","link":"https:\/\/www.appyweb.es\/diccionario\/palabras-clave-semi-genericas\/","title":{"rendered":"Palabras clave semi gen\u00e9ricas"},"content":{"rendered":"<h1><img loading=\"lazy\" decoding=\"async\" class=\"alignnone  wp-image-12166\" src=\"https:\/\/www.appyweb.es\/diccionario\/wp-content\/uploads\/2024\/03\/palabras-clave-semigenericas-300x180.jpg\" alt=\"Palabras clave semigen\u00e9ricas\" width=\"967\" height=\"580\" srcset=\"https:\/\/www.appyweb.es\/diccionario\/wp-content\/uploads\/2024\/03\/palabras-clave-semigenericas-300x180.jpg 300w, https:\/\/www.appyweb.es\/diccionario\/wp-content\/uploads\/2024\/03\/palabras-clave-semigenericas-768x461.jpg 768w, https:\/\/www.appyweb.es\/diccionario\/wp-content\/uploads\/2024\/03\/palabras-clave-semigenericas.jpg 1000w\" sizes=\"auto, (max-width: 967px) 100vw, 967px\" \/><\/h1>\n<p>Son keywords que tienen un Rango de b\u00fasqueda un poco menor que una keyword de cola corta, tambi\u00e9n conocidas como gen\u00e9ricas. De esta forma, <strong>las palabras clave semi-gen\u00e9ricas pueden ser de mucha ayuda para fortalecer las estrategias<\/strong> de posicionamiento.<\/p>\n<h2>\u00bfQu\u00e9 son las palabras clave semi-gen\u00e9ricas?<\/h2>\n<p>La palabras claves semi gen\u00e9ricas son aquellas que <strong>tienen un volumen de frecuencia de uso medio<\/strong>, pueden compararse con las middle tail keywords. Sin embargo, \u00e9stas se basan m\u00e1s bien en el estudio de las categor\u00edas de b\u00fasqueda. Es por eso que se utilizan con frecuencia en la <a href=\"https:\/\/www.appyweb.es\/diccionario\/keyword\/\">optimizaci\u00f3n para el posicionamiento web<\/a>, para fortalecer estrategias de cola corta y cola larga.<\/p>\n<p>Por ejemplo, si la p\u00e1gina es de perfumes, las palabras claves semi gen\u00e9ricas ser\u00edan todas las frases que salgan de la combinaci\u00f3n de hasta tres categor\u00edas. Por ejemplo \u201cperfumes+oferta+marca \u201c, \u201cperfumes en oferta\u201d, \u201cofertas de perfume\u201d, \u201cperfumes chanel en oferta\u201d y \u201cperfumes en oferta Dior\u201d.<\/p>\n<h2>\u00bfPara qu\u00e9 sirven?<\/h2>\n<p>Estas son dirigidas a los usuarios que saben lo que necesitan, m\u00e1s no tienen mucha claridad en los detalles de su b\u00fasqueda, por ejemplo, saben que necesitan un perfume, pero no conocen cu\u00e1les son las mejores marcas a los mejores precios en el mercado. Por tal motivo, este tipo de composici\u00f3n de keywords <strong>ayudar\u00e1 a que una p\u00e1gina sea m\u00e1s visible dentro de los resultados<\/strong> de b\u00fasqueda.<\/p>\n<p>Existen muchas <a href=\"https:\/\/www.appyweb.es\/auditoria-seo\/\">herramientas para realizar auditor\u00edas SEO<\/a> que permiten conocer cu\u00e1les son las mejores opciones para keywords semi-gen\u00e9ricas. Por ejemplo, Google Keyword Planner suele indicar este tipo de categor\u00edas seleccionando las keywords m\u00e1s utilizadas dentro de un sitio web.<\/p>\n<h2>\u00bfPor qu\u00e9 es importante utilizarlas?<\/h2>\n<p>Son importantes porque existen muchas variantes de las palabras claves gen\u00e9ricas, los usuarios no solo utilizan \u00abperfumes ofertas\u00bb para conocer cu\u00e1les son las mejores ofertas de perfumes en Internet, tambi\u00e9n pueden utilizar variantes como \u00abperfumes en oferta\u00bb, \u00abofertas de perfumes\u00bb, etc. Con estos elementos es m\u00e1s f\u00e1cil estar posicionado en cualquiera de esas opciones.<\/p>\n<p>Asimismo, son <strong>excelentes para variar las representaciones en los contenidos<\/strong> sin tener que repetir constantemente las mismas keywords, esta diversidad permite darle a entender a los algoritmos de los buscadores que se trata de una p\u00e1gina con contenido de calidad, que utiliza un lenguaje variado y optimizado.<\/p>\n<h2>\u00bfD\u00f3nde utilizarlas?<\/h2>\n<ul>\n<li>Es conveniente que se utilicen en los cat\u00e1logos de productos de un e-commerce.<\/li>\n<li>Para las categor\u00edas del men\u00fa de un sitio o blog.<\/li>\n<li>En la clasificaci\u00f3n de los distintos servicios o productos que ofrece una marca digital.<\/li>\n<li>Estrategias de contenidos para difundir y posicionar en buscadores.<\/li>\n<li>En anuncios para buscadores o SEM.<\/li>\n<\/ul>\n<p><script type=\"application\/ld+json\">{\"@context\":\"https:\/\/schema.org\",\"@type\":\"FAQPage\",\"mainEntity\":[ \n{\"@type\":\"Question\",\"name\":\"\ud83d\udccc \u00bfQu\u00e9 son las palabras clave semi-gen\u00e9ricas?\",\"acceptedAnswer\":{\"@type\":\"Answer\",\"text\":\"<\/p>\n<p>La palabras claves semi gen\u00e9ricas son aquellas que <strong>tienen un volumen de frecuencia de uso medio<\/strong>, pueden compararse con las middle tail keywords. Sin embargo, \u00e9stas se basan m\u00e1s bien en el estudio de las categor\u00edas de b\u00fasqueda. Es por eso que se utilizan con frecuencia en la <a href='https:\/\/www.appyweb.es\/diccionario\/keyword\/'>optimizaci\u00f3n para el posicionamiento web<\/a>, para fortalecer estrategias de cola corta y cola larga.<\/p>\n<p>Por ejemplo, si la p\u00e1gina es de perfumes, las palabras claves semi gen\u00e9ricas ser\u00edan todas las frases que salgan de la combinaci\u00f3n de hasta tres categor\u00edas. Por ejemplo \u201cperfumes+oferta+marca \u201c, \u201cperfumes en oferta\u201d, \u201cofertas de perfume\u201d, \u201cperfumes chanel en oferta\u201d y \u201cperfumes en oferta Dior\u201d.<\/p>\n<p>\"}},\n{\"@type\":\"Question\",\"name\":\"\ud83d\udccc \u00bfPara qu\u00e9 sirven?\",\"acceptedAnswer\":{\"@type\":\"Answer\",\"text\":\"<\/p>\n<p>Estas son dirigidas a los usuarios que saben lo que necesitan, m\u00e1s no tienen mucha claridad en los detalles de su b\u00fasqueda, por ejemplo, saben que necesitan un perfume, pero no conocen cu\u00e1les son las mejores marcas a los mejores precios en el mercado. Por tal motivo, este tipo de composici\u00f3n de keywords <strong>ayudar\u00e1 a que una p\u00e1gina sea m\u00e1s visible dentro de los resultados<\/strong> de b\u00fasqueda.<\/p>\n<p>Existen muchas <a href='https:\/\/www.appyweb.es\/auditoria-seo\/'>herramientas para realizar auditor\u00edas SEO<\/a> que permiten conocer cu\u00e1les son las mejores opciones para keywords semi-gen\u00e9ricas. Por ejemplo, Google Keyword Planner suele indicar este tipo de categor\u00edas seleccionando las keywords m\u00e1s utilizadas dentro de un sitio web.<\/p>\n<p>\"}},\n{\"@type\":\"Question\",\"name\":\"\ud83d\udccc \u00bfPor qu\u00e9 es importante utilizarlas?\",\"acceptedAnswer\":{\"@type\":\"Answer\",\"text\":\"<\/p>\n<p>Son importantes porque existen muchas variantes de las palabras claves gen\u00e9ricas, los usuarios no solo utilizan 'perfumes ofertas' para conocer cu\u00e1les son las mejores ofertas de perfumes en Internet, tambi\u00e9n pueden utilizar variantes como 'perfumes en oferta', 'ofertas de perfumes', etc. Con estos elementos es m\u00e1s f\u00e1cil estar posicionado en cualquiera de esas opciones.<\/p>\n<p>Asimismo, son <strong>excelentes para variar las representaciones en los contenidos<\/strong> sin tener que repetir constantemente las mismas keywords, esta diversidad permite darle a entender a los algoritmos de los buscadores que se trata de una p\u00e1gina con contenido de calidad, que utiliza un lenguaje variado y optimizado.<\/p>\n<p>\"}},\n{\"@type\":\"Question\",\"name\":\"\ud83d\udccc \u00bfD\u00f3nde utilizarlas?\",\"acceptedAnswer\":{\"@type\":\"Answer\",\"text\":\"<\/p>\n<\/p>\n<ul>\n<\/p>\n<li>Es conveniente que se utilicen en los cat\u00e1logos de productos de un e-commerce.<\/li>\n<\/p>\n<\/p>\n<\/p>\n<li>Para las categor\u00edas del men\u00fa de un sitio o blog.<\/li>\n<\/p>\n<\/p>\n<\/p>\n<li>En la clasificaci\u00f3n de los distintos servicios o productos que ofrece una  marca digital.<\/li>\n<\/p>\n<\/p>\n<\/p>\n<li>Estrategias de contenidos para difundir y posicionar en buscadores.<\/li>\n<\/p>\n<\/p>\n<\/p>\n<li>En anuncios para buscadores o SEM.<\/li>\n<\/p>\n<\/p>\n<\/ul>\n<\/p>\n<\/p>\n<p>\"}}\n]}<\/script><\/p>\n<h2>M\u00e1s informaci\u00f3n sobre palabras clave semi-gen\u00e9ricas<\/h2>\n<p>\u00bfCrees que necesitas perfeccionar tu estrategia de palabras clave? mira los siguientes enlaces para tener m\u00e1s informaci\u00f3n.<\/p>\n<ul>\n<li><a href=\"https:\/\/www.appyweb.es\/diccionario\/palabra-clave-short-tail\/\">\u00bfQu\u00e9 es la palabra clave short tail y para qu\u00e9 sirve?<\/a><\/li>\n<li><a href=\"https:\/\/rockcontent.com\/es\/blog\/tipos-de-palabras-clave\/\" rel=\"nofollow noopener\" target=\"_blank\">Tipos de palabras clave: cu\u00e1ntos existen y c\u00f3mo usarlos<\/a><\/li>\n<\/ul>\n<p>&nbsp;<\/p>\n","protected":false},"excerpt":{"rendered":"<p>Son keywords que tienen un Rango de b\u00fasqueda un poco menor que una keyword de cola corta, tambi\u00e9n conocidas como gen\u00e9ricas. De esta forma, las palabras clave semi-gen\u00e9ricas pueden ser de mucha ayuda para fortalecer las estrategias de posicionamiento. \u00bfQu\u00e9 son las palabras clave semi-gen\u00e9ricas? La palabras claves semi gen\u00e9ricas son aquellas que tienen un [&hellip;]<\/p>\n","protected":false},"author":1,"featured_media":12166,"parent":0,"menu_order":0,"comment_status":"open","ping_status":"closed","template":"","meta":{"inline_featured_image":false,"footnotes":""},"class_list":["post-3350","page","type-page","status-publish","has-post-thumbnail","hentry"],"_links":{"self":[{"href":"https:\/\/www.appyweb.es\/diccionario\/wp-json\/wp\/v2\/pages\/3350","targetHints":{"allow":["GET"]}}],"collection":[{"href":"https:\/\/www.appyweb.es\/diccionario\/wp-json\/wp\/v2\/pages"}],"about":[{"href":"https:\/\/www.appyweb.es\/diccionario\/wp-json\/wp\/v2\/types\/page"}],"author":[{"embeddable":true,"href":"https:\/\/www.appyweb.es\/diccionario\/wp-json\/wp\/v2\/users\/1"}],"replies":[{"embeddable":true,"href":"https:\/\/www.appyweb.es\/diccionario\/wp-json\/wp\/v2\/comments?post=3350"}],"version-history":[{"count":5,"href":"https:\/\/www.appyweb.es\/diccionario\/wp-json\/wp\/v2\/pages\/3350\/revisions"}],"predecessor-version":[{"id":12169,"href":"https:\/\/www.appyweb.es\/diccionario\/wp-json\/wp\/v2\/pages\/3350\/revisions\/12169"}],"wp:featuredmedia":[{"embeddable":true,"href":"https:\/\/www.appyweb.es\/diccionario\/wp-json\/wp\/v2\/media\/12166"}],"wp:attachment":[{"href":"https:\/\/www.appyweb.es\/diccionario\/wp-json\/wp\/v2\/media?parent=3350"}],"curies":[{"name":"wp","href":"https:\/\/api.w.org\/{rel}","templated":true}]}}