{"id":339,"date":"2023-06-19T14:46:31","date_gmt":"2023-06-19T14:46:31","guid":{"rendered":"https:\/\/www.appyweb.es\/diccionario\/?page_id=339"},"modified":"2024-03-17T19:21:35","modified_gmt":"2024-03-17T19:21:35","slug":"breadcrumb","status":"publish","type":"page","link":"https:\/\/www.appyweb.es\/diccionario\/breadcrumb\/","title":{"rendered":"Breadcrumb"},"content":{"rendered":"<h1 class=\"entry-title main_title\"><img loading=\"lazy\" decoding=\"async\" class=\" wp-image-10449 aligncenter\" src=\"https:\/\/www.appyweb.es\/diccionario\/wp-content\/uploads\/2023\/09\/Breadcrumb-significado-300x300.jpg\" alt=\"\" width=\"711\" height=\"711\" srcset=\"https:\/\/www.appyweb.es\/diccionario\/wp-content\/uploads\/2023\/09\/Breadcrumb-significado-300x300.jpg 300w, https:\/\/www.appyweb.es\/diccionario\/wp-content\/uploads\/2023\/09\/Breadcrumb-significado-1024x1024.jpg 1024w, https:\/\/www.appyweb.es\/diccionario\/wp-content\/uploads\/2023\/09\/Breadcrumb-significado-150x150.jpg 150w, https:\/\/www.appyweb.es\/diccionario\/wp-content\/uploads\/2023\/09\/Breadcrumb-significado-768x768.jpg 768w, https:\/\/www.appyweb.es\/diccionario\/wp-content\/uploads\/2023\/09\/Breadcrumb-significado.jpg 1080w\" sizes=\"auto, (max-width: 711px) 100vw, 711px\" \/><\/h1>\n<p>&nbsp;<\/p>\n<p>Es una forma secundaria para navegar en Internet a trav\u00e9s de enlaces de diferentes p\u00e1ginas en el sitio.<br \/>\nLos\u00a0<strong>breadcrumbs marcan la ruta de navegaci\u00f3n del usuario dentro del sitio<\/strong>, lo que le permite regresar al punto de partida en el cu\u00e1l inici\u00f3 su b\u00fasqueda.<\/p>\n<h2>\u00bfQu\u00e9 es Breadcrumb?<\/h2>\n<p>Breadcrumb se traduce del ingl\u00e9s como \u201cmigas de pan\u201d, haciendo referencia al cuento de \u201cHansel y Gretel\u201d de los hermanos Grimm.<br \/>\nLa idea del t\u00e9rmino es asociarlo con <strong>la ruta de p\u00e1ginas por las cu\u00e1l el usuario lleg\u00f3 a la p\u00e1gina donde est\u00e1<\/strong>, de forma que pueda decidir volver sobre sus pasos cuando lo necesite.<br \/>\nSuele ser muy utilizado durante el <a href=\"https:\/\/diseno20.appyweb.es\/diseno-tienda-online\/\" rel=\"nofollow noopener\" target=\"_blank\">dise\u00f1o web de tiendas online<\/a>.<\/p>\n<p>La verdad es que esto permite <strong>perfeccionar la experiencia de navegaci\u00f3n del usuario,<\/strong> ya que no solo tendr\u00e1 la opci\u00f3n de retroceder un paso, sino incluso hasta la p\u00e1gina principal haciendo un solo clic.<\/p>\n<h2>\u00bfPara qu\u00e9 sirve Breadcrumb?<\/h2>\n<p>Como consecuencia de lo anterior, el sitio web tambi\u00e9n puede <a href=\"https:\/\/diseno20.appyweb.es\/auditoria-seo\/\" rel=\"nofollow noopener\" target=\"_blank\">mejorar su posicionamiento web<\/a> en la p\u00e1gina de resultados de buscadores, ya que la experiencia de usuario es uno de los factores m\u00e1s importantes para la indexaci\u00f3n.<\/p>\n<p>Igualmente, le a\u00f1ade estructura y jerarquizaci\u00f3n a la navegaci\u00f3n, haciendo <strong>una l\u00ednea l\u00f3gica en la navegaci\u00f3n del usuario<\/strong> que le muestra el recorrido de su ruta.<br \/>\nAsimismo, el breadcrumb usa signos de escritura para la separaci\u00f3n de sus categor\u00edas, generalmente un signo mayor que (&gt;).<\/p>\n<p>Es muy \u00fatil en blogs, ya que estos suelen tener muchos <a href=\"https:\/\/diseno20.appyweb.es\/link-building\/\" rel=\"nofollow noopener\" target=\"_blank\">enlaces de contenidos diferentes<\/a>, categor\u00edas, etiquetas y otros tipos de archivos.<br \/>\nDe esta forma, el usuario puede recorrer todas las p\u00e1ginas que quiera sin perderse del tema principal.<\/p>\n<h2>Tipos de breadcrumbs<\/h2>\n<p>Las migas de pan se clasifican seg\u00fan la estructura del sitio web y se diferencian de la siguiente forma.<\/p>\n<ul>\n<li><strong>Basados en directorios<\/strong>: En este caso, cada miga se encuentra dentro de un directorio en el sistema de ficheros. Por ejemplo en el caso de <a href=\"https:\/\/wordpress.com\/es\/\" rel=\"nofollow noopener\" target=\"_blank\">WordPress<\/a> estos ficheros ser\u00edan las categor\u00edas de las entradas del blog, suele ser el m\u00e9todo m\u00e1s utilizado.<\/li>\n<li><strong>Basados en el historial de navegaci\u00f3n<\/strong>: En lugar de mostrar una estructura detallada, hace algunas referencias asociadas a las visitas anteriores de ese usuario, que se encuentran almacenadas en el cach\u00e9 de su historial de navegaci\u00f3n.<\/li>\n<li><strong>Atributos del contenido<\/strong>: Se clasifican seg\u00fan las caracter\u00edsticas de los productos, es m\u00e1s utilizado dentro de las tiendas online. Con ellas se puede jerarquizar el tipo de producto, categor\u00eda, marca, modelo, funci\u00f3n, colores, entre otros.<\/li>\n<\/ul>\n<h2>Ejemplo de breadcrumb<\/h2>\n<p>Como ya sabes, las migas de pan suele separarse entre s\u00ed utilizando un signo de mayor qu\u00e9, normalmente, <strong>esta estructura suele estar posicionada en la cabecera de la p\u00e1gina<\/strong>, justo debajo del men\u00fa principal.<br \/>\nEn esta imagen puedes observar c\u00f3mo funciona dentro del sitio web de Nestl\u00e9, para la secci\u00f3n de <em>Cooking With Kids<\/em> o \u201ccocinando con los ni\u00f1os\u201d ver\u00e1s una ruta marcada como la siguiente, desde la p\u00e1gina principal pasando por <em>Nuestras Historias<\/em>.<\/p>\n<p><strong><img decoding=\"async\" src=\"https:\/\/www.appyweb.es\/wp-content\/uploads\/2020\/08\/breadcrumb-ejemplo.png\" \/><\/strong><\/p>\n<p><script type=\"application\/ld+json\">{\"@context\":\"https:\/\/schema.org\",\"@type\":\"FAQPage\",\"mainEntity\":[ \n{\"@type\":\"Question\",\"name\":\"\u00bfQu\u00e9 es Breadcrumb?\",\"acceptedAnswer\":{\"@type\":\"Answer\",\"text\":\"<\/p>\n<\/p>\n<\/p>\n<\/p>\n<\/p>\n<\/p>\n<\/p>\n<\/p>\n<\/p>\n<\/p>\n<\/p>\n<\/p>\n<\/p>\n<\/p>\n<\/p>\n<\/p>\n<\/p>\n<p>Breadcrumb se traduce del ingl\u00e9s como \u201cmigas de pan\u201d, haciendo referencia al cuento de \u201cHansel y Gretel\u201d de los hermanos Grimm. <br \/>La idea del t\u00e9rmino es asociarlo con <strong>la ruta de p\u00e1ginas por las cu\u00e1l el usuario lleg\u00f3 a la p\u00e1gina donde est\u00e1<\/strong>, de forma que pueda decidir volver sobre sus pasos cuando lo necesite. <br \/>Suele ser muy utilizado durante el <a href='https:\/\/diseno20.appyweb.es\/desarrollo-de-marketplaces\/'>dise\u00f1o web de tiendas online<\/a>.<\/p>\n<\/p>\n<\/p>\n<\/p>\n<\/p>\n<\/p>\n<\/p>\n<\/p>\n<\/p>\n<\/p>\n<\/p>\n<\/p>\n<\/p>\n<\/p>\n<\/p>\n<\/p>\n<\/p>\n<\/p>\n<\/p>\n<\/p>\n<\/p>\n<\/p>\n<\/p>\n<\/p>\n<\/p>\n<\/p>\n<\/p>\n<\/p>\n<\/p>\n<\/p>\n<\/p>\n<\/p>\n<\/p>\n<p>La verdad es que esto permite <strong>perfeccionar la experiencia de navegaci\u00f3n del usuario,<\/strong> ya que no solo tendr\u00e1 la opci\u00f3n de retroceder un paso, sino incluso hasta la p\u00e1gina principal haciendo un solo clic.<\/p>\n<\/p>\n<\/p>\n<\/p>\n<\/p>\n<\/p>\n<\/p>\n<\/p>\n<\/p>\n<\/p>\n<\/p>\n<\/p>\n<\/p>\n<\/p>\n<\/p>\n<\/p>\n<\/p>\n<p>\"}},\n{\"@type\":\"Question\",\"name\":\"\u00bfPara qu\u00e9 sirve Breadcrumb?\",\"acceptedAnswer\":{\"@type\":\"Answer\",\"text\":\"<\/p>\n<\/p>\n<\/p>\n<\/p>\n<\/p>\n<\/p>\n<\/p>\n<\/p>\n<\/p>\n<\/p>\n<\/p>\n<\/p>\n<\/p>\n<\/p>\n<\/p>\n<\/p>\n<\/p>\n<p>Como consecuencia de lo anterior, el sitio web tambi\u00e9n puede <a href='https:\/\/diseno20.appyweb.es\/auditoria-seo\/'>mejorar su posicionamiento web<\/a> en la p\u00e1gina de resultados de buscadores, ya que la experiencia de usuario es uno de los factores m\u00e1s importantes para la indexaci\u00f3n.<\/p>\n<\/p>\n<\/p>\n<\/p>\n<\/p>\n<\/p>\n<\/p>\n<\/p>\n<\/p>\n<\/p>\n<\/p>\n<\/p>\n<\/p>\n<\/p>\n<\/p>\n<\/p>\n<\/p>\n<\/p>\n<\/p>\n<\/p>\n<\/p>\n<\/p>\n<\/p>\n<\/p>\n<\/p>\n<\/p>\n<\/p>\n<\/p>\n<\/p>\n<\/p>\n<\/p>\n<\/p>\n<\/p>\n<p>Igualmente, le a\u00f1ade estructura y jerarquizaci\u00f3n a la navegaci\u00f3n, haciendo <strong>una l\u00ednea l\u00f3gica en la navegaci\u00f3n del usuario<\/strong> que le muestra el recorrido de su ruta. <br \/>Asimismo, el breadcrumb usa signos de escritura para la separaci\u00f3n de sus categor\u00edas, generalmente un signo mayor que (>).<\/p>\n<\/p>\n<\/p>\n<\/p>\n<\/p>\n<\/p>\n<\/p>\n<\/p>\n<\/p>\n<\/p>\n<\/p>\n<\/p>\n<\/p>\n<\/p>\n<\/p>\n<\/p>\n<\/p>\n<\/p>\n<\/p>\n<\/p>\n<\/p>\n<\/p>\n<\/p>\n<\/p>\n<\/p>\n<\/p>\n<\/p>\n<\/p>\n<\/p>\n<\/p>\n<\/p>\n<\/p>\n<\/p>\n<p>Es muy \u00fatil en blogs, ya que estos suelen tener muchos <a href='https:\/\/diseno20.appyweb.es\/link-building\/'>enlaces de contenidos diferentes<\/a>, categor\u00edas, etiquetas y otros tipos de archivos. <br \/>De esta forma, el usuario puede recorrer todas las p\u00e1ginas que quiera sin perderse del tema principal.<\/p>\n<\/p>\n<\/p>\n<\/p>\n<\/p>\n<\/p>\n<\/p>\n<\/p>\n<\/p>\n<\/p>\n<\/p>\n<\/p>\n<\/p>\n<\/p>\n<\/p>\n<\/p>\n<\/p>\n<p>\"}},\n{\"@type\":\"Question\",\"name\":\"Tipos de breadcrumbs\",\"acceptedAnswer\":{\"@type\":\"Answer\",\"text\":\"<\/p>\n<\/p>\n<\/p>\n<\/p>\n<\/p>\n<\/p>\n<\/p>\n<\/p>\n<\/p>\n<\/p>\n<\/p>\n<\/p>\n<\/p>\n<\/p>\n<\/p>\n<\/p>\n<\/p>\n<p>Las migas de pan se clasifican seg\u00fan la estructura del sitio web y se diferencian de la siguiente forma.<\/p>\n<\/p>\n<\/p>\n<\/p>\n<\/p>\n<\/p>\n<\/p>\n<\/p>\n<\/p>\n<\/p>\n<\/p>\n<\/p>\n<\/p>\n<\/p>\n<\/p>\n<\/p>\n<\/p>\n<\/p>\n<\/p>\n<\/p>\n<\/p>\n<\/p>\n<\/p>\n<\/p>\n<\/p>\n<\/p>\n<\/p>\n<\/p>\n<\/p>\n<\/p>\n<\/p>\n<\/p>\n<\/p>\n<ul>\n<\/p>\n<\/p>\n<\/p>\n<\/p>\n<\/p>\n<\/p>\n<\/p>\n<\/p>\n<\/p>\n<\/p>\n<\/p>\n<\/p>\n<\/p>\n<\/p>\n<\/p>\n<\/p>\n<li><strong>Basados en directorios<\/strong>: En este caso, cada miga se encuentra dentro de un directorio en el sistema de ficheros. Por ejemplo en el caso de <a href='https:\/\/wordpress.com\/es\/'>WordPress<\/a> estos ficheros ser\u00edan las categor\u00edas de las entradas del blog, suele ser el m\u00e9todo m\u00e1s utilizado.<\/li>\n<\/p>\n<\/p>\n<\/p>\n<\/p>\n<\/p>\n<\/p>\n<\/p>\n<\/p>\n<\/p>\n<\/p>\n<\/p>\n<\/p>\n<\/p>\n<\/p>\n<\/p>\n<\/p>\n<\/p>\n<\/p>\n<\/p>\n<\/p>\n<\/p>\n<\/p>\n<\/p>\n<\/p>\n<\/p>\n<\/p>\n<\/p>\n<\/p>\n<\/p>\n<\/p>\n<\/p>\n<li><strong>Basados en el historial de navegaci\u00f3n<\/strong>: En lugar de mostrar una estructura detallada, hace algunas referencias asociadas a las visitas anteriores de ese usuario, que se encuentran almacenadas en el cach\u00e9 de su historial de navegaci\u00f3n.<\/li>\n<\/p>\n<\/p>\n<\/p>\n<\/p>\n<\/p>\n<\/p>\n<\/p>\n<\/p>\n<\/p>\n<\/p>\n<\/p>\n<\/p>\n<\/p>\n<\/p>\n<\/p>\n<\/p>\n<\/p>\n<\/p>\n<\/p>\n<\/p>\n<\/p>\n<\/p>\n<\/p>\n<\/p>\n<\/p>\n<\/p>\n<\/p>\n<\/p>\n<\/p>\n<\/p>\n<\/p>\n<li><strong>Atributos del contenido<\/strong>: Se clasifican seg\u00fan las caracter\u00edsticas de los productos, es m\u00e1s utilizado dentro de las tiendas online. Con ellas se puede jerarquizar el tipo de producto, categor\u00eda, marca, modelo, funci\u00f3n, colores, entre otros.<\/li>\n<\/p>\n<\/p>\n<\/p>\n<\/p>\n<\/p>\n<\/p>\n<\/p>\n<\/p>\n<\/p>\n<\/p>\n<\/p>\n<\/p>\n<\/p>\n<\/p>\n<\/p>\n<\/ul>\n<\/p>\n<\/p>\n<\/p>\n<\/p>\n<\/p>\n<\/p>\n<\/p>\n<\/p>\n<\/p>\n<\/p>\n<\/p>\n<\/p>\n<\/p>\n<\/p>\n<\/p>\n<p>\"}},\n{\"@type\":\"Question\",\"name\":\"Ejemplo de breadcrumb\",\"acceptedAnswer\":{\"@type\":\"Answer\",\"text\":\"<\/p>\n<\/p>\n<\/p>\n<\/p>\n<\/p>\n<\/p>\n<\/p>\n<\/p>\n<\/p>\n<\/p>\n<\/p>\n<\/p>\n<\/p>\n<\/p>\n<\/p>\n<\/p>\n<\/p>\n<p>Como ya sabes, las migas de pan suele separarse entre s\u00ed utilizando un signo de mayor qu\u00e9, normalmente, <strong>esta estructura suele estar posicionada en la cabecera de la p\u00e1gina<\/strong>, justo debajo del men\u00fa principal. <br \/>En esta imagen puedes observar c\u00f3mo funciona dentro del sitio web de Nestl\u00e9, para la secci\u00f3n de <em>Cooking With Kids<\/em> o \u201ccocinando con los ni\u00f1os\u201d ver\u00e1s una ruta marcada como la siguiente, desde la p\u00e1gina principal pasando por <em>Nuestras Historias<\/em>.<\/p>\n<\/p>\n<\/p>\n<\/p>\n<\/p>\n<\/p>\n<\/p>\n<\/p>\n<\/p>\n<\/p>\n<\/p>\n<\/p>\n<\/p>\n<\/p>\n<\/p>\n<\/p>\n<\/p>\n<\/p>\n<\/p>\n<\/p>\n<\/p>\n<\/p>\n<\/p>\n<\/p>\n<\/p>\n<\/p>\n<\/p>\n<\/p>\n<\/p>\n<\/p>\n<\/p>\n<\/p>\n<\/p>\n<p><strong><img src='https:\/\/www.appyweb.es\/wp-content\/uploads\/2020\/08\/breadcrumb-ejemplo.png' \/><\/strong><\/p>\n<\/p>\n<\/p>\n<\/p>\n<\/p>\n<\/p>\n<\/p>\n<\/p>\n<\/p>\n<\/p>\n<\/p>\n<\/p>\n<\/p>\n<\/p>\n<\/p>\n<\/p>\n<\/p>\n<p>\"}}\n]}<\/script><\/p>\n<h2><span id=\"%F0%9F%93%8C_Mas_informacion_sobre_breadcrumb\" class=\"ez-toc-section\"><\/span>M\u00e1s informaci\u00f3n sobre breadcrumb<\/h2>\n<ul>\n<li><a href=\"https:\/\/www.appyweb.es\/diccionario\/wp-admin\/post.php?post=1487&amp;action=edit\">\u00bfQu\u00e9 es la experiencia de usuario y para qu\u00e9 sirve?<\/a><\/li>\n<li><a href=\"https:\/\/alvaroarrarte.com\/migas-de-pan-en-wordpress\/\" rel=\"nofollow noopener\" target=\"_blank\">Migas de pan en WordPress: 2 formas de colocarlas en tu WEB<\/a>.<\/li>\n<\/ul>\n<p>&nbsp;<\/p>\n","protected":false},"excerpt":{"rendered":"<p>&nbsp; Es una forma secundaria para navegar en Internet a trav\u00e9s de enlaces de diferentes p\u00e1ginas en el sitio. Los\u00a0breadcrumbs marcan la ruta de navegaci\u00f3n del usuario dentro del sitio, lo que le permite regresar al punto de partida en el cu\u00e1l inici\u00f3 su b\u00fasqueda. \u00bfQu\u00e9 es Breadcrumb? Breadcrumb se traduce del ingl\u00e9s como \u201cmigas [&hellip;]<\/p>\n","protected":false},"author":1,"featured_media":10449,"parent":0,"menu_order":0,"comment_status":"closed","ping_status":"closed","template":"","meta":{"inline_featured_image":false,"footnotes":""},"class_list":["post-339","page","type-page","status-publish","has-post-thumbnail","hentry"],"_links":{"self":[{"href":"https:\/\/www.appyweb.es\/diccionario\/wp-json\/wp\/v2\/pages\/339","targetHints":{"allow":["GET"]}}],"collection":[{"href":"https:\/\/www.appyweb.es\/diccionario\/wp-json\/wp\/v2\/pages"}],"about":[{"href":"https:\/\/www.appyweb.es\/diccionario\/wp-json\/wp\/v2\/types\/page"}],"author":[{"embeddable":true,"href":"https:\/\/www.appyweb.es\/diccionario\/wp-json\/wp\/v2\/users\/1"}],"replies":[{"embeddable":true,"href":"https:\/\/www.appyweb.es\/diccionario\/wp-json\/wp\/v2\/comments?post=339"}],"version-history":[{"count":12,"href":"https:\/\/www.appyweb.es\/diccionario\/wp-json\/wp\/v2\/pages\/339\/revisions"}],"predecessor-version":[{"id":11436,"href":"https:\/\/www.appyweb.es\/diccionario\/wp-json\/wp\/v2\/pages\/339\/revisions\/11436"}],"wp:featuredmedia":[{"embeddable":true,"href":"https:\/\/www.appyweb.es\/diccionario\/wp-json\/wp\/v2\/media\/10449"}],"wp:attachment":[{"href":"https:\/\/www.appyweb.es\/diccionario\/wp-json\/wp\/v2\/media?parent=339"}],"curies":[{"name":"wp","href":"https:\/\/api.w.org\/{rel}","templated":true}]}}