{"id":3397,"date":"2023-06-22T15:26:13","date_gmt":"2023-06-22T15:26:13","guid":{"rendered":"https:\/\/www.appyweb.es\/diccionario\/?post_type=project&#038;p=3397"},"modified":"2024-03-22T09:37:17","modified_gmt":"2024-03-22T09:37:17","slug":"pixel-de-facebook","status":"publish","type":"page","link":"https:\/\/www.appyweb.es\/diccionario\/pixel-de-facebook\/","title":{"rendered":"P\u00edxel de Facebook"},"content":{"rendered":"<h2><img loading=\"lazy\" decoding=\"async\" class=\"alignnone  wp-image-12248\" src=\"https:\/\/www.appyweb.es\/diccionario\/wp-content\/uploads\/2024\/03\/pixel-de-facebook-300x180.jpg\" alt=\"Pixel de facebook\" width=\"968\" height=\"581\" srcset=\"https:\/\/www.appyweb.es\/diccionario\/wp-content\/uploads\/2024\/03\/pixel-de-facebook-300x180.jpg 300w, https:\/\/www.appyweb.es\/diccionario\/wp-content\/uploads\/2024\/03\/pixel-de-facebook-768x461.jpg 768w, https:\/\/www.appyweb.es\/diccionario\/wp-content\/uploads\/2024\/03\/pixel-de-facebook.jpg 1000w\" sizes=\"auto, (max-width: 968px) 100vw, 968px\" \/><\/h2>\n<p>Se trata de una herramienta o c\u00f3digo que permite realizar seguimiento a las conversiones que se producen a partir de los anuncios en esta red social. B\u00e1sicamente, el <strong>pixel de Facebook funciona como las cookies<\/strong>, ya que registra la informaci\u00f3n de los usuarios para medir la efectividad de las campa\u00f1as.<\/p>\n<h2>\u00bfQu\u00e9 es el pixel de Facebook?<\/h2>\n<p>Es un c\u00f3digo invisible que facilita el rastreo de las <a href=\"https:\/\/www.appyweb.es\/conversion-web\/\">conversiones de un sitio<\/a>, a partir de los anuncios de esta red social. Con ayuda de esta herramienta, las empresas son capaces de determinar cu\u00e1ntas personas han utilizado una campa\u00f1a de la red social para acceder al sitio web. Al mismo tiempo, tambi\u00e9n <strong>registra la informaci\u00f3n de cu\u00e1ntos de ellos compraron<\/strong> o siguieron las condiciones de la campa\u00f1a.<\/p>\n<p>Igualmente, tambi\u00e9n existen otros eventos en las que es muy \u00fatil utilizarlo, como las personas que han visitado la p\u00e1gina web desde el perfil de empresa o los que a\u00f1adieron algo del carrito de compras o los que completaron el formulario de registro.<\/p>\n<h2>C\u00f3mo funciona el p\u00edxel de Facebook<\/h2>\n<p>Anteriormente, cuando <a href=\"https:\/\/www.appyweb.es\/campanas-facebook-ads\/\">empez\u00f3 a funcionar el sistema de Facebook Ads<\/a>, los anunciantes ten\u00edan la posibilidad de utilizar un c\u00f3digo para cada campa\u00f1a. La forma en la que trabajaba era individualmente y registraba la informaci\u00f3n que se obten\u00eda a partir de un solo anuncio o grupo de anuncios.<\/p>\n<p>Sin embargo, con las actualizaciones de la herramienta ahora se utiliza un solo c\u00f3digo por cuenta, es decir, cada anunciante tendr\u00e1 la oportunidad de utilizar <strong>un solo c\u00f3digo para registrar los datos de todas las campa\u00f1as<\/strong> y se adjunta en el c\u00f3digo HTML del sitio web. Sin embargo, es muy efectivo y organizado, lo importante es utilizar un nombre que lo relaciona la marca y no necesariamente a una campa\u00f1a espec\u00edfico.<\/p>\n<h2>\u00bfPara qu\u00e9 sirve el p\u00edxel de Facebook?<\/h2>\n<p>Una de las principales funcionalidades del pixel de Facebook entender el comportamiento y las caracter\u00edsticas de la audiencia en una red social. Muchas empresas han utilizado informaci\u00f3n que se registra en esta herramienta <strong>para crear estrategias de segmentaci\u00f3n m\u00e1s efectivas<\/strong>. Incluso cuenta con una funcionalidad en la que se pueden medir conversiones personalizadas.<\/p>\n<p>Tambi\u00e9n es utilizado con frecuencia en las estrategias del funnel de ventas, por ejemplo, para registrar todos los movimientos desde la red social, en el landing page, env\u00edo de emails, etc.<\/p>\n<h2>C\u00f3mo saber que el pixel de Facebook funciona<\/h2>\n<p>Una vez instalado el c\u00f3digo dentro del sitio web (algo que pueden configurar los expertos en an\u00e1lisis y dise\u00f1o web de tu empresa), debe verificar que el rastreador est\u00e1 funcionando correctamente. Esto se hace utilizando una <strong>extensi\u00f3n en Chrome conocida como Facebook Pixel Helper<\/strong>.<\/p>\n<p>Una vez instalada, se hace clic en el icono en la barra de herramientas y se pueden visualizar todos los eventos que est\u00e1 registrando el rastreador, estos tienen que visualizarse en un color verde.<\/p>\n<p><script type=\"application\/ld+json\">{\"@context\":\"https:\/\/schema.org\",\"@type\":\"FAQPage\",\"mainEntity\":[ \n{\"@type\":\"Question\",\"name\":\"\ud83d\udccc \u00bfQu\u00e9 es el pixel de Facebook?\",\"acceptedAnswer\":{\"@type\":\"Answer\",\"text\":\"<\/p>\n<p>Es un c\u00f3digo invisible que facilita el rastreo de las <a href='https:\/\/www.appyweb.es\/conversion-web\/'>conversiones de un sitio<\/a>, a partir de los anuncios de esta red social. Con ayuda de esta herramienta, las empresas son capaces de determinar cu\u00e1ntas personas han utilizado una campa\u00f1a de la red social para acceder al sitio web. Al mismo tiempo, tambi\u00e9n <strong>registra la informaci\u00f3n de cu\u00e1ntos de ellos compraron<\/strong> o siguieron las condiciones de la campa\u00f1a.<\/p>\n<p>Igualmente, tambi\u00e9n existen otros eventos en las que es muy \u00fatil utilizarlo, como las personas que han visitado la p\u00e1gina web desde el perfil de empresa o los que a\u00f1adieron algo del carrito de compras o los que completaron el formulario de registro.<\/p>\n<p>\"}},\n{\"@type\":\"Question\",\"name\":\"\ud83d\udccc C\u00f3mo funciona el p\u00edxel de Facebook\",\"acceptedAnswer\":{\"@type\":\"Answer\",\"text\":\"<\/p>\n<p>Anteriormente, cuando <a href='https:\/\/www.appyweb.es\/campanas-facebook-ads\/'>empez\u00f3 a funcionar el sistema de Facebook Ads<\/a>, los anunciantes ten\u00edan la posibilidad de utilizar un c\u00f3digo para cada campa\u00f1a. La forma en la que trabajaba era individualmente y registraba la informaci\u00f3n que se obten\u00eda a partir de un solo anuncio o grupo de anuncios.<\/p>\n<p>Sin embargo, con las actualizaciones de la herramienta ahora se utiliza un solo c\u00f3digo por cuenta, es decir, cada anunciante tendr\u00e1 la oportunidad de utilizar <strong>un solo c\u00f3digo para registrar los datos de todas las campa\u00f1as<\/strong> y se adjunta en el c\u00f3digo HTML del sitio web. Sin embargo, es muy efectivo y organizado, lo importante es utilizar un nombre que lo relaciona la marca y no necesariamente a una campa\u00f1a espec\u00edfico.<\/p>\n<p>\"}},\n{\"@type\":\"Question\",\"name\":\"\ud83d\udccc \u00bfPara qu\u00e9 sirve el p\u00edxel de Facebook?\",\"acceptedAnswer\":{\"@type\":\"Answer\",\"text\":\"<\/p>\n<p>Una de las principales funcionalidades del pixel de Facebook entender el comportamiento y las caracter\u00edsticas de la audiencia en una red social. Muchas empresas han utilizado informaci\u00f3n que se registra en esta herramienta <strong>para crear estrategias de segmentaci\u00f3n m\u00e1s efectivas<\/strong>. Incluso cuenta con una funcionalidad en la que se pueden medir conversiones personalizadas.<\/p>\n<p>Tambi\u00e9n es utilizado con frecuencia en las estrategias del funnel de ventas, por ejemplo, para registrar todos los movimientos desde la red social, en el landing page, env\u00edo de emails, etc.<\/p>\n<p>\"}},\n{\"@type\":\"Question\",\"name\":\"\ud83d\udccc C\u00f3mo saber que el pixel de Facebook funciona\",\"acceptedAnswer\":{\"@type\":\"Answer\",\"text\":\"<\/p>\n<p>Una vez instalado el c\u00f3digo dentro del sitio web (algo que pueden configurar los expertos en an\u00e1lisis y dise\u00f1o web de tu empresa), debe verificar que el rastreador est\u00e1 funcionando correctamente. Esto se hace utilizando una <strong>extensi\u00f3n en Chrome conocida como Facebook Pixel Helper<\/strong>.<\/p>\n<p>Una vez instalada, se hace clic en el icono en la barra de herramientas y se pueden visualizar todos los eventos que est\u00e1 registrando el rastreador, estos tienen que visualizarse en un color verde.<\/p>\n<p>\"}}\n]}<\/script><\/p>\n<h2>M\u00e1s informaci\u00f3n sobre el pixel de Facebook<\/h2>\n<p>Son muchas las empresas que obtienen <strong>conversiones y ganancias a trav\u00e9s de sus anuncios de Facebook<\/strong>, si eres parte de este grupo puedes visualizar los siguientes enlace para tener m\u00e1s informaci\u00f3n.<\/p>\n<ul>\n<li><a href=\"https:\/\/www.appyweb.es\/errores-utilizar-facebook-ads\/\">3 Errores que no debemos cometer al utilizar Facebook Ads<\/a><\/li>\n<li><a href=\"https:\/\/es-la.facebook.com\/business\/learn\/facebook-ads-pixel\" rel=\"nofollow noopener\" target=\"_blank\">P\u00edxel de Facebook: medir, optimizar y hacer retargeting<\/a><\/li>\n<\/ul>\n<p>&nbsp;<\/p>\n","protected":false},"excerpt":{"rendered":"<p>Se trata de una herramienta o c\u00f3digo que permite realizar seguimiento a las conversiones que se producen a partir de los anuncios en esta red social. B\u00e1sicamente, el pixel de Facebook funciona como las cookies, ya que registra la informaci\u00f3n de los usuarios para medir la efectividad de las campa\u00f1as. \u00bfQu\u00e9 es el pixel de [&hellip;]<\/p>\n","protected":false},"author":1,"featured_media":12248,"parent":0,"menu_order":0,"comment_status":"open","ping_status":"closed","template":"","meta":{"inline_featured_image":false,"footnotes":""},"class_list":["post-3397","page","type-page","status-publish","has-post-thumbnail","hentry"],"_links":{"self":[{"href":"https:\/\/www.appyweb.es\/diccionario\/wp-json\/wp\/v2\/pages\/3397","targetHints":{"allow":["GET"]}}],"collection":[{"href":"https:\/\/www.appyweb.es\/diccionario\/wp-json\/wp\/v2\/pages"}],"about":[{"href":"https:\/\/www.appyweb.es\/diccionario\/wp-json\/wp\/v2\/types\/page"}],"author":[{"embeddable":true,"href":"https:\/\/www.appyweb.es\/diccionario\/wp-json\/wp\/v2\/users\/1"}],"replies":[{"embeddable":true,"href":"https:\/\/www.appyweb.es\/diccionario\/wp-json\/wp\/v2\/comments?post=3397"}],"version-history":[{"count":5,"href":"https:\/\/www.appyweb.es\/diccionario\/wp-json\/wp\/v2\/pages\/3397\/revisions"}],"predecessor-version":[{"id":12250,"href":"https:\/\/www.appyweb.es\/diccionario\/wp-json\/wp\/v2\/pages\/3397\/revisions\/12250"}],"wp:featuredmedia":[{"embeddable":true,"href":"https:\/\/www.appyweb.es\/diccionario\/wp-json\/wp\/v2\/media\/12248"}],"wp:attachment":[{"href":"https:\/\/www.appyweb.es\/diccionario\/wp-json\/wp\/v2\/media?parent=3397"}],"curies":[{"name":"wp","href":"https:\/\/api.w.org\/{rel}","templated":true}]}}