{"id":3406,"date":"2023-06-22T15:28:46","date_gmt":"2023-06-22T15:28:46","guid":{"rendered":"https:\/\/www.appyweb.es\/diccionario\/?post_type=project&#038;p=3406"},"modified":"2024-03-22T09:54:11","modified_gmt":"2024-03-22T09:54:11","slug":"planificador-palabras-claves","status":"publish","type":"page","link":"https:\/\/www.appyweb.es\/diccionario\/planificador-palabras-claves\/","title":{"rendered":"Planificador de palabras claves"},"content":{"rendered":"<h1><img loading=\"lazy\" decoding=\"async\" class=\"alignnone  wp-image-12264\" src=\"https:\/\/www.appyweb.es\/diccionario\/wp-content\/uploads\/2024\/03\/planificador-de-palabras-clave-300x180.jpg\" alt=\"Planificador de palabras clave\" width=\"972\" height=\"583\" srcset=\"https:\/\/www.appyweb.es\/diccionario\/wp-content\/uploads\/2024\/03\/planificador-de-palabras-clave-300x180.jpg 300w, https:\/\/www.appyweb.es\/diccionario\/wp-content\/uploads\/2024\/03\/planificador-de-palabras-clave-768x461.jpg 768w, https:\/\/www.appyweb.es\/diccionario\/wp-content\/uploads\/2024\/03\/planificador-de-palabras-clave.jpg 1000w\" sizes=\"auto, (max-width: 972px) 100vw, 972px\" \/><\/h1>\n<p>Tambi\u00e9n conocido como que Keyword Planner, es una herramienta de Google que se utiliza para descubrir patrones y tendencias de keywords, para llevar a cabo campa\u00f1as de posicionamiento m\u00e1s efectivas. El <strong>planificador de palabras clave se actualiza diariamente<\/strong> y ofrece resultados de hasta los \u00faltimos 10 d\u00edas en tendencias.<\/p>\n<h2>\u00bfQu\u00e9 es el planificador de palabras clave?<\/h2>\n<p>Es una herramienta desarrollada por Google que permite <strong>visualizar cu\u00e1les son las keywords que est\u00e1n teniendo mayor impacto<\/strong> en un nicho de mercado espec\u00edfico. Anteriormente, el planificador de palabras clave ofrec\u00eda informaci\u00f3n muy detallada acerca de cu\u00e1ntas personas utilizaban esas que keywords para hacer b\u00fasquedas, pero actualmente Google dej\u00f3 de mostrar esas caracter\u00edsticas.<\/p>\n<p>La herramienta tambi\u00e9n <a href=\"https:\/\/www.appyweb.es\/auditoria-seo\/\">ofrece una funci\u00f3n de auditor\u00eda SEO<\/a> que permite a los propietarios de un sitio web conocer <strong>cu\u00e1les son las keywords con las que m\u00e1s se identifica la plataforma<\/strong>. De esta forma, es posible determinar si cumplen con las expectativas de la marca, as\u00ed como con el nicho de mercado al que se dirigen.<\/p>\n<h2>Ventajas del Planificador de palabras claves<\/h2>\n<ul>\n<li>Es totalmente gratuita y funciona para establecer estrategias de ads y llevar a cabo pujas m\u00e1s rentables.<\/li>\n<\/ul>\n<ul>\n<li>Sirve para conseguir el historial de estad\u00edsticas y las precauciones de tr\u00e1fico. Con esta \u00faltima se puede determinar el rendimiento que puede lograr un listado de keywords.<\/li>\n<li>Tambi\u00e9n permite seleccionar el presupuesto que se utilizar\u00e1 en una campa\u00f1a como ejemplo, antes de <a href=\"https:\/\/www.appyweb.es\/campanas-google-adwords\/\">llevar a cabo los anuncios en Google Ads<\/a>.<\/li>\n<li>Se pueden <strong>organizar las palabras clave seg\u00fan diferentes categor\u00edas<\/strong> que se relacionan con un sitio web o marca.<\/li>\n<\/ul>\n<h2>\u00bfPara qu\u00e9 sirve el Planificador de palabras claves?<\/h2>\n<p>Su funci\u00f3n principal se encuentra en ofrecer un estimado del <strong>nivel de tr\u00e1fico que genera cada keyword en el buscador de Google<\/strong>. Esto quiere decir que se pueden conocer cu\u00e1ntas personas en promedio suelen hacer la b\u00fasqueda de una keyword de forma mensual. Esto permite canalizar ganancias por tr\u00e1fico, visualizaciones, conversiones y ventas.<\/p>\n<p>Utilizar esta funcionalidad en la herramienta de anuncios de Google permite crear un plan de keywords d\u00f3nde se puede conocer el nivel de b\u00fasqueda y las previsiones de \u00e9xito para las campa\u00f1as. Las previsiones muestran cu\u00e1ntas impresiones, clics y conversiones obtendr\u00e1 un anunciante a partir de su inversi\u00f3n.<\/p>\n<h2>\u00bfC\u00f3mo acceder al Planificador de palabras clave?<\/h2>\n<ol>\n<li>Lo importante es tener una cuenta verificada en Google Ads, para luego iniciar sesi\u00f3n dentro de la plataforma.<\/li>\n<li>A continuaci\u00f3n, se debe seleccionar la secci\u00f3n <em>Planificaci\u00f3n<\/em> dentro del men\u00fa.<\/li>\n<li>En este caso, se ver\u00e1n algunas opciones entre las cuales est\u00e1 el <em>Planificador de palabras clave<\/em>.<\/li>\n<li>Para empezar a utilizarlo solo hace falta seleccionar la opci\u00f3n <em>Descubre nuevas keywords<\/em>.<\/li>\n<li>A partir de all\u00ed se pueden ingresar diferentes keywords de ejemplo, para conocer el nivel de tr\u00e1fico de algunas URL\\&#8217;s propias o de la competencia.<\/li>\n<\/ol>\n<p><script type=\"application\/ld+json\">{\"@context\":\"https:\/\/schema.org\",\"@type\":\"FAQPage\",\"mainEntity\":[ \n{\"@type\":\"Question\",\"name\":\"\ud83d\udccc \u00bfQu\u00e9 es el planificador de palabras clave?\",\"acceptedAnswer\":{\"@type\":\"Answer\",\"text\":\"<\/p>\n<p>Es una herramienta desarrollada por Google que permite <strong>visualizar cu\u00e1les son las keywords que est\u00e1n teniendo mayor impacto<\/strong> en un nicho de mercado espec\u00edfico. Anteriormente, el planificador de palabras clave ofrec\u00eda informaci\u00f3n muy detallada acerca de cu\u00e1ntas personas utilizaban esas que keywords para hacer b\u00fasquedas, pero actualmente Google dej\u00f3 de mostrar esas caracter\u00edsticas.<\/p>\n<p>La herramienta tambi\u00e9n <a href='https:\/\/www.appyweb.es\/auditoria-seo\/'>ofrece una funci\u00f3n de auditor\u00eda SEO<\/a> que permite a los propietarios de un sitio web conocer <strong>cu\u00e1les son las keywords con las que m\u00e1s se identifica la plataforma<\/strong>. De esta forma, es posible determinar si cumplen con las expectativas de la marca, as\u00ed como con el nicho de mercado al que se dirigen.<\/p>\n<p>\"}},\n{\"@type\":\"Question\",\"name\":\"\ud83d\udccc Ventajas del Planificador de palabras claves\",\"acceptedAnswer\":{\"@type\":\"Answer\",\"text\":\"<\/p>\n<\/p>\n<ul>\n<\/p>\n<li>Es totalmente gratuita y funciona para establecer estrategias de ads y llevar a cabo pujas m\u00e1s rentables.<\/li>\n<\/p>\n<\/p>\n<\/ul>\n<\/p>\n<\/p>\n<\/p>\n<ul>\n<\/p>\n<li>Sirve para conseguir el historial de estad\u00edsticas y las precauciones de tr\u00e1fico. Con esta \u00faltima se puede determinar el rendimiento que puede lograr un listado de keywords.<\/li>\n<\/p>\n<\/p>\n<\/p>\n<li>Tambi\u00e9n permite seleccionar el presupuesto que se utilizar\u00e1 en una campa\u00f1a como ejemplo, antes de <a href='https:\/\/www.appyweb.es\/campanas-google-adwords\/'>llevar a cabo los anuncios en Google Ads<\/a>.<\/li>\n<\/p>\n<\/p>\n<\/p>\n<li>Se pueden <strong>organizar las palabras clave seg\u00fan diferentes categor\u00edas<\/strong> que se relacionan con un sitio web o marca.<\/li>\n<\/p>\n<\/p>\n<\/ul>\n<\/p>\n<\/p>\n<p>\"}},\n{\"@type\":\"Question\",\"name\":\"\ud83d\udccc \u00bfPara qu\u00e9 sirve el Planificador de palabras claves?\",\"acceptedAnswer\":{\"@type\":\"Answer\",\"text\":\"<\/p>\n<p>Su funci\u00f3n principal se encuentra en ofrecer un estimado del <strong>nivel de tr\u00e1fico que genera cada keyword en el buscador de Google<\/strong>. Esto quiere decir que se pueden conocer cu\u00e1ntas personas en promedio suelen hacer la b\u00fasqueda de una keyword de forma mensual. Esto permite canalizar ganancias por tr\u00e1fico, visualizaciones, conversiones y ventas.<\/p>\n<p>Utilizar esta funcionalidad en la herramienta de anuncios de Google permite crear un plan de keywords d\u00f3nde se puede conocer el nivel de b\u00fasqueda y las previsiones de \u00e9xito para las campa\u00f1as. Las previsiones muestran cu\u00e1ntas impresiones, clics y conversiones obtendr\u00e1 un anunciante a partir de su inversi\u00f3n.<\/p>\n<p>\"}},\n{\"@type\":\"Question\",\"name\":\"\ud83d\udccc \u00bfC\u00f3mo acceder al Planificador de palabras clave?\",\"acceptedAnswer\":{\"@type\":\"Answer\",\"text\":\"<\/p>\n<\/p>\n<ol>\n<\/p>\n<li>Lo importante es tener una cuenta verificada en Google Ads, para luego iniciar sesi\u00f3n dentro de la plataforma.<\/li>\n<\/p>\n<\/p>\n<\/p>\n<li>A continuaci\u00f3n, se debe seleccionar la secci\u00f3n <em>Planificaci\u00f3n<\/em> dentro del men\u00fa.<\/li>\n<\/p>\n<\/p>\n<\/p>\n<li>En este caso, se ver\u00e1n algunas opciones entre las cuales est\u00e1 el <em>Planificador de palabras clave<\/em>.<\/li>\n<\/p>\n<\/p>\n<\/p>\n<li>Para empezar a utilizarlo solo hace falta seleccionar la opci\u00f3n <em>Descubre nuevas keywords<\/em>.<\/li>\n<\/p>\n<\/p>\n<\/p>\n<li>A partir de all\u00ed se pueden ingresar diferentes keywords de ejemplo, para conocer el nivel de tr\u00e1fico de algunas URL\\'s propias o de la competencia.<\/li>\n<\/p>\n<\/p>\n<\/ol>\n<\/p>\n<\/p>\n<p>\"}}\n]}<\/script><\/p>\n<h2>M\u00e1s informaci\u00f3n sobre Planificador de palabras clave<\/h2>\n<p>Sin duda esta <strong>herramienta es un recurso necesario para los expertos en posicionamiento SEO y SEM<\/strong>, \u00bfya sabes c\u00f3mo utilizarla? mira los siguientes enlaces para tener m\u00e1s informaci\u00f3n al respecto.<\/p>\n<ul>\n<li><a href=\"https:\/\/www.appyweb.es\/diccionario\/keyword-research\/\">\u00bfQu\u00e9 es el Keyword research y para qu\u00e9 sirve?<\/a><\/li>\n<li><a href=\"https:\/\/support.google.com\/google-ads\/answer\/9247190\" rel=\"nofollow noopener\" target=\"_blank\">Pr\u00e1cticas recomendadas para encontrar palabras clave nuevas<\/a><\/li>\n<\/ul>\n<p>&nbsp;<\/p>\n","protected":false},"excerpt":{"rendered":"<p>Tambi\u00e9n conocido como que Keyword Planner, es una herramienta de Google que se utiliza para descubrir patrones y tendencias de keywords, para llevar a cabo campa\u00f1as de posicionamiento m\u00e1s efectivas. El planificador de palabras clave se actualiza diariamente y ofrece resultados de hasta los \u00faltimos 10 d\u00edas en tendencias. \u00bfQu\u00e9 es el planificador de palabras [&hellip;]<\/p>\n","protected":false},"author":1,"featured_media":12264,"parent":0,"menu_order":0,"comment_status":"open","ping_status":"closed","template":"","meta":{"inline_featured_image":false,"footnotes":""},"class_list":["post-3406","page","type-page","status-publish","has-post-thumbnail","hentry"],"_links":{"self":[{"href":"https:\/\/www.appyweb.es\/diccionario\/wp-json\/wp\/v2\/pages\/3406","targetHints":{"allow":["GET"]}}],"collection":[{"href":"https:\/\/www.appyweb.es\/diccionario\/wp-json\/wp\/v2\/pages"}],"about":[{"href":"https:\/\/www.appyweb.es\/diccionario\/wp-json\/wp\/v2\/types\/page"}],"author":[{"embeddable":true,"href":"https:\/\/www.appyweb.es\/diccionario\/wp-json\/wp\/v2\/users\/1"}],"replies":[{"embeddable":true,"href":"https:\/\/www.appyweb.es\/diccionario\/wp-json\/wp\/v2\/comments?post=3406"}],"version-history":[{"count":5,"href":"https:\/\/www.appyweb.es\/diccionario\/wp-json\/wp\/v2\/pages\/3406\/revisions"}],"predecessor-version":[{"id":12268,"href":"https:\/\/www.appyweb.es\/diccionario\/wp-json\/wp\/v2\/pages\/3406\/revisions\/12268"}],"wp:featuredmedia":[{"embeddable":true,"href":"https:\/\/www.appyweb.es\/diccionario\/wp-json\/wp\/v2\/media\/12264"}],"wp:attachment":[{"href":"https:\/\/www.appyweb.es\/diccionario\/wp-json\/wp\/v2\/media?parent=3406"}],"curies":[{"name":"wp","href":"https:\/\/api.w.org\/{rel}","templated":true}]}}